{"id":7,"date":"2023-10-03T19:07:00","date_gmt":"2023-10-03T22:07:00","guid":{"rendered":"https:\/\/wp.ufpel.edu.br\/bdescolaspelotas\/?page_id=7"},"modified":"2024-02-15T11:49:21","modified_gmt":"2024-02-15T14:49:21","slug":"emeis","status":"publish","type":"page","link":"https:\/\/wp.ufpel.edu.br\/bdescolaspelotas\/escolasmunicipais\/emeis\/","title":{"rendered":"EMEIs"},"content":{"rendered":"<div>\n<p><strong>Escola Municipal de Educa\u00e7\u00e3o Infantil &#8211; EMEIs<\/strong><br \/>\nA educa\u00e7\u00e3o infantil, primeira etapa da educa\u00e7\u00e3o b\u00e1sica, \u00e9 gratuita e tem como finalidade o desenvolvimento integral da crian\u00e7a at\u00e9 seis anos de idade, em seus aspectos f\u00edsico, psicol\u00f3gico, intelectual e social, complementando a a\u00e7\u00e3o da fam\u00edlia e da comunidade. Atende a faixa et\u00e1ria de 4 a 5 anos.<br \/>\n<strong>Programa de alimenta\u00e7\u00e3o:<\/strong><br \/>\n\u2022 Lanche e Refei\u00e7\u00e3o para unidades com turnos de 6 horas<br \/>\n\u2022 Lanche ou Refei\u00e7\u00e3o para unidades com turnos de 4 horas<br \/>\n\u2022 Dois lanches e uma refei\u00e7\u00e3o para unidades com turno de 8 horas<br \/>\n\u2022 Merenda seca\/merenda inicial para casos espec\u00edficos<\/p>\n<\/div>\n<div><b>Escola Municipal de Educa\u00e7\u00e3o Infantil Pelotas:<\/b><\/div>\n<div><\/div>\n<p><a href=\"https:\/\/wp.ufpel.edu.br\/bdescolaspelotas\/escolasmunicipais\/emeis\/e-m-e-i-adayl-bento-costa\/\">1- E.M.E.I. Adayl Bento Costa<\/a><br \/>\n<a href=\"https:\/\/wp.ufpel.edu.br\/bdescolaspelotas\/escolasmunicipais\/emeis\/e-m-e-i-albina-peres\/\">2- E.M.E.I. Albina Peres<\/a><br \/>\n<a href=\"https:\/\/wp.ufpel.edu.br\/bdescolaspelotas\/escolasmunicipais\/emeis\/e-m-e-i-anita-malfatti\/\">3- E.M.E.I. Anita Malfatti<\/a><br \/>\n<a href=\"https:\/\/wp.ufpel.edu.br\/bdescolaspelotas\/escolasmunicipais\/emeis\/e-m-e-i-antonio-caringi\/\">4- E.M.E.I. Antonio Caringi<\/a><br \/>\n<a href=\"https:\/\/wp.ufpel.edu.br\/bdescolaspelotas\/escolasmunicipais\/emeis\/e-m-e-i-bernardo-de-souza\/\">5- E.M.E.I. Bernardo de Souza<\/a><br \/>\n<a href=\"https:\/\/wp.ufpel.edu.br\/bdescolaspelotas\/escolasmunicipais\/emeis\/e-m-e-i-cassiano-ricardo\/\">6- E.M.E.I. Cassiano Ricardo<\/a><br \/>\n<a href=\"https:\/\/wp.ufpel.edu.br\/bdescolaspelotas\/escolasmunicipais\/emeis\/e-m-e-i-darcy-ribeiro\/\">7- E.M.E.I. Darcy Ribeiro<\/a><br \/>\n<a href=\"https:\/\/wp.ufpel.edu.br\/bdescolaspelotas\/escolasmunicipais\/emeis\/e-m-e-i-dyrio-gorgot\/\">8- E.M.E.I. Dyrio Gorgot<\/a><br \/>\n<a href=\"https:\/\/wp.ufpel.edu.br\/bdescolaspelotas\/escolasmunicipais\/emeis\/e-m-e-i-graciliano-ramos\/\">9- E.M.E.I. Graciliano Ramos<\/a><br \/>\n<a href=\"https:\/\/wp.ufpel.edu.br\/bdescolaspelotas\/escolasmunicipais\/emeis\/e-m-e-i-ivanir-dias\/\">10- E.M.E.I. Ivanir Dias<\/a><br \/>\n<a href=\"https:\/\/wp.ufpel.edu.br\/bdescolaspelotas\/escolasmunicipais\/emeis\/e-m-e-i-jacema-rodrigues-prestes\/\">11- E.M.E.I. Jacema Rodrigues Prestes<\/a><br \/>\n<a href=\"https:\/\/wp.ufpel.edu.br\/bdescolaspelotas\/escolasmunicipais\/emeis\/e-m-e-i-joao-guimaraes-rosa\/\">12- E.M.E.I. Jo\u00e3o Guimar\u00e3es Rosa<\/a><br \/>\n<a href=\"https:\/\/wp.ufpel.edu.br\/bdescolaspelotas\/escolasmunicipais\/emeis\/e-m-e-i-jose-lins-do-rego\/\">13- E.M.E.I. Jos\u00e9 Lins do Rego<\/a><br \/>\n<a href=\"https:\/\/wp.ufpel.edu.br\/bdescolaspelotas\/escolasmunicipais\/emeis\/e-m-e-i-lobo-da-costa\/\">14- E.M.E.I. Lobo da Costa<\/a><br \/>\n<a href=\"https:\/\/wp.ufpel.edu.br\/bdescolaspelotas\/escolasmunicipais\/emeis\/e-m-e-i-lory-huber\/\">15- E.M.E.I Lory Huber<\/a><br \/>\n<a href=\"https:\/\/wp.ufpel.edu.br\/bdescolaspelotas\/escolasmunicipais\/emeis\/e-m-e-i-manuel-bandeira\/\">16- E.M.E.I. Manuel Bandeira<\/a><br \/>\n<a href=\"https:\/\/wp.ufpel.edu.br\/bdescolaspelotas\/escolasmunicipais\/emeis\/e-m-e-i-marechal-ignacio-de-freitas-rolim\/\">17- E.M.E.I. Marechal Ign\u00e1cio de Freitas Rolim<\/a><br \/>\n<a href=\"https:\/\/wp.ufpel.edu.br\/bdescolaspelotas\/escolasmunicipais\/emeis\/e-m-e-i-maria-lidia-magliani\/\">18- E.M.E.I Maria L\u00eddia Magliani<\/a><br \/>\n<a href=\"https:\/\/wp.ufpel.edu.br\/bdescolaspelotas\/escolasmunicipais\/emeis\/e-m-e-i-marilia-poliesti\/\">19- E.M.E.I. Mar\u00edlia Poliesti<\/a><br \/>\n<a href=\"https:\/\/wp.ufpel.edu.br\/bdescolaspelotas\/escolasmunicipais\/emeis\/e-m-e-i-monteiro-lobato\/\">20- E.M.E.I. Monteiro Lobato<\/a><br \/>\n<a href=\"https:\/\/wp.ufpel.edu.br\/bdescolaspelotas\/escolasmunicipais\/emeis\/e-m-e-i-mario-osorio-magalhaes\/\">21- E.M.E.I M\u00e1rio Os\u00f3rio Magalh\u00e3es<\/a><br \/>\n<a href=\"https:\/\/wp.ufpel.edu.br\/bdescolaspelotas\/escolasmunicipais\/emeis\/e-m-e-i-mario-quintana\/\">22- E.M.E.I. M\u00e1rio Quintana<\/a><br \/>\n<a href=\"https:\/\/wp.ufpel.edu.br\/bdescolaspelotas\/escolasmunicipais\/emeis\/e-m-e-i-nelson-abott-de-freitas\/\">23- E.M.E.I. Nelson Abott de Freitas<\/a><br \/>\n<a href=\"https:\/\/wp.ufpel.edu.br\/bdescolaspelotas\/escolasmunicipais\/emeis\/e-m-e-i-nestor-rodrigues\/\">24- E.M.E.I. Nestor Rodrigues<\/a><br \/>\n<a href=\"https:\/\/wp.ufpel.edu.br\/bdescolaspelotas\/escolasmunicipais\/emeis\/e-m-e-i-oswald-de-andrade\/\">25- E.M.E.I. Oswald de Andrade<\/a><br \/>\n<a href=\"https:\/\/wp.ufpel.edu.br\/bdescolaspelotas\/escolasmunicipais\/emeis\/e-m-e-i-paulo-freire\/\">26- E.M.E.I. Paulo Freire<\/a><br \/>\n<a href=\"https:\/\/wp.ufpel.edu.br\/bdescolaspelotas\/escolasmunicipais\/emeis\/e-m-e-i-erico-verissimo\/\">27- E.M.E.I. \u00c9rico Ver\u00edssimo<\/a><br \/>\n<a href=\"https:\/\/wp.ufpel.edu.br\/bdescolaspelotas\/escolasmunicipais\/emeis\/e-m-e-i-ruth-blank\/\">28- E.M.E.I. Ruth Blank<\/a><br \/>\n<a href=\"https:\/\/wp.ufpel.edu.br\/bdescolaspelotas\/escolasmunicipais\/emeis\/e-m-e-i-vinicius-de-moraes\/\">29- E.M.E.I. Vinicius de Moraes<\/a><br \/>\n<a href=\"https:\/\/wp.ufpel.edu.br\/bdescolaspelotas\/escolasmunicipais\/emeis\/e-m-e-i-zola-amaro\/\">30- E.M.E.I. Zola Amaro<\/a><br \/>\n<a href=\"https:\/\/wp.ufpel.edu.br\/bdescolaspelotas\/escolasmunicipais\/emeis\/prefeito-ary-alcantara\/\">31- Prefeito Ary Alc\u00e2ntara<\/a><br \/>\n<a href=\"https:\/\/wp.ufpel.edu.br\/bdescolaspelotas\/escolasmunicipais\/emeis\/professor-luis-artur-borges-pereira\/\">32- Professor Luis Artur Borges Pereira<\/a><\/p>\n<div><\/div>\n<div><\/div>\n<div style=\"text-align: left;\">\u00a0 \u00a0 \u00a0 \u00a0 \u00a0 \u00a0 \u00a0 \u00a0 \u00a0 \u00a0 <strong>LOCALIZA\u00c7\u00c3O DE TODAS EMEI&#8217;s DO MUNIC\u00cdPIO DE PELOTAS\/RS.<\/strong><\/div>\n<p><iframe loading=\"lazy\" src=\"https:\/\/www.google.com\/maps\/d\/u\/0\/embed?mid=1_11zolYl2j-nxNBF993DWhIWi-Pbh5s&#038;ehbc=2E312F&#038;noprof=1\" width=\"640\" height=\"480\"><\/iframe><\/p>\n","protected":false},"excerpt":{"rendered":"<p>Escola Municipal de Educa\u00e7\u00e3o Infantil &#8211; EMEIs A educa\u00e7\u00e3o infantil, primeira etapa da educa\u00e7\u00e3o b\u00e1sica, \u00e9 gratuita e tem como finalidade o desenvolvimento integral da crian\u00e7a at\u00e9 seis anos de idade, em seus aspectos f\u00edsico, psicol\u00f3gico, intelectual e social, complementando&#8230; <a class=\"more-link\" href=\"https:\/\/wp.ufpel.edu.br\/bdescolaspelotas\/escolasmunicipais\/emeis\/\">Continue lendo &rarr;<\/a><\/p>\n","protected":false},"author":1334,"featured_media":0,"parent":4,"menu_order":0,"comment_status":"closed","ping_status":"closed","template":"","meta":{"footnotes":""},"class_list":["post-7","page","type-page","status-publish","hentry"],"jetpack_sharing_enabled":true,"_links":{"self":[{"href":"https:\/\/wp.ufpel.edu.br\/bdescolaspelotas\/wp-json\/wp\/v2\/pages\/7","targetHints":{"allow":["GET"]}}],"collection":[{"href":"https:\/\/wp.ufpel.edu.br\/bdescolaspelotas\/wp-json\/wp\/v2\/pages"}],"about":[{"href":"https:\/\/wp.ufpel.edu.br\/bdescolaspelotas\/wp-json\/wp\/v2\/types\/page"}],"author":[{"embeddable":true,"href":"https:\/\/wp.ufpel.edu.br\/bdescolaspelotas\/wp-json\/wp\/v2\/users\/1334"}],"replies":[{"embeddable":true,"href":"https:\/\/wp.ufpel.edu.br\/bdescolaspelotas\/wp-json\/wp\/v2\/comments?post=7"}],"version-history":[{"count":17,"href":"https:\/\/wp.ufpel.edu.br\/bdescolaspelotas\/wp-json\/wp\/v2\/pages\/7\/revisions"}],"predecessor-version":[{"id":401,"href":"https:\/\/wp.ufpel.edu.br\/bdescolaspelotas\/wp-json\/wp\/v2\/pages\/7\/revisions\/401"}],"up":[{"embeddable":true,"href":"https:\/\/wp.ufpel.edu.br\/bdescolaspelotas\/wp-json\/wp\/v2\/pages\/4"}],"wp:attachment":[{"href":"https:\/\/wp.ufpel.edu.br\/bdescolaspelotas\/wp-json\/wp\/v2\/media?parent=7"}],"curies":[{"name":"wp","href":"https:\/\/api.w.org\/{rel}","templated":true}]}}

<div>
<p><strong>Escola Municipal de Educação Infantil &#8211; EMEIs</strong><br />
A educação infantil, primeira etapa da educação básica, é gratuita e tem como finalidade o desenvolvimento integral da criança até seis anos de idade, em seus aspectos físico, psicológico, intelectual e social, complementando a ação da família e da comunidade. Atende a faixa etária de 4 a 5 anos.<br />
<strong>Programa de alimentação:</strong><br />
• Lanche e Refeição para unidades com turnos de 6 horas<br />
• Lanche ou Refeição para unidades com turnos de 4 horas<br />
• Dois lanches e uma refeição para unidades com turno de 8 horas<br />
• Merenda seca/merenda inicial para casos específicos</p>
</div>
<div><b>Escola Municipal de Educação Infantil Pelotas:</b></div>
<div></div>
<p><a href="https://wp.ufpel.edu.br/bdescolaspelotas/escolasmunicipais/emeis/e-m-e-i-adayl-bento-costa/">1- E.M.E.I. Adayl Bento Costa</a><br />
<a href="https://wp.ufpel.edu.br/bdescolaspelotas/escolasmunicipais/emeis/e-m-e-i-albina-peres/">2- E.M.E.I. Albina Peres</a><br />
<a href="https://wp.ufpel.edu.br/bdescolaspelotas/escolasmunicipais/emeis/e-m-e-i-anita-malfatti/">3- E.M.E.I. Anita Malfatti</a><br />
<a href="https://wp.ufpel.edu.br/bdescolaspelotas/escolasmunicipais/emeis/e-m-e-i-antonio-caringi/">4- E.M.E.I. Antonio Caringi</a><br />
<a href="https://wp.ufpel.edu.br/bdescolaspelotas/escolasmunicipais/emeis/e-m-e-i-bernardo-de-souza/">5- E.M.E.I. Bernardo de Souza</a><br />
<a href="https://wp.ufpel.edu.br/bdescolaspelotas/escolasmunicipais/emeis/e-m-e-i-cassiano-ricardo/">6- E.M.E.I. Cassiano Ricardo</a><br />
<a href="https://wp.ufpel.edu.br/bdescolaspelotas/escolasmunicipais/emeis/e-m-e-i-darcy-ribeiro/">7- E.M.E.I. Darcy Ribeiro</a><br />
<a href="https://wp.ufpel.edu.br/bdescolaspelotas/escolasmunicipais/emeis/e-m-e-i-dyrio-gorgot/">8- E.M.E.I. Dyrio Gorgot</a><br />
<a href="https://wp.ufpel.edu.br/bdescolaspelotas/escolasmunicipais/emeis/e-m-e-i-graciliano-ramos/">9- E.M.E.I. Graciliano Ramos</a><br />
<a href="https://wp.ufpel.edu.br/bdescolaspelotas/escolasmunicipais/emeis/e-m-e-i-ivanir-dias/">10- E.M.E.I. Ivanir Dias</a><br />
<a href="https://wp.ufpel.edu.br/bdescolaspelotas/escolasmunicipais/emeis/e-m-e-i-jacema-rodrigues-prestes/">11- E.M.E.I. Jacema Rodrigues Prestes</a><br />
<a href="https://wp.ufpel.edu.br/bdescolaspelotas/escolasmunicipais/emeis/e-m-e-i-joao-guimaraes-rosa/">12- E.M.E.I. João Guimarães Rosa</a><br />
<a href="https://wp.ufpel.edu.br/bdescolaspelotas/escolasmunicipais/emeis/e-m-e-i-jose-lins-do-rego/">13- E.M.E.I. José Lins do Rego</a><br />
<a href="https://wp.ufpel.edu.br/bdescolaspelotas/escolasmunicipais/emeis/e-m-e-i-lobo-da-costa/">14- E.M.E.I. Lobo da Costa</a><br />
<a href="https://wp.ufpel.edu.br/bdescolaspelotas/escolasmunicipais/emeis/e-m-e-i-lory-huber/">15- E.M.E.I Lory Huber</a><br />
<a href="https://wp.ufpel.edu.br/bdescolaspelotas/escolasmunicipais/emeis/e-m-e-i-manuel-bandeira/">16- E.M.E.I. Manuel Bandeira</a><br />
<a href="https://wp.ufpel.edu.br/bdescolaspelotas/escolasmunicipais/emeis/e-m-e-i-marechal-ignacio-de-freitas-rolim/">17- E.M.E.I. Marechal Ignácio de Freitas Rolim</a><br />
<a href="https://wp.ufpel.edu.br/bdescolaspelotas/escolasmunicipais/emeis/e-m-e-i-maria-lidia-magliani/">18- E.M.E.I Maria Lídia Magliani</a><br />
<a href="https://wp.ufpel.edu.br/bdescolaspelotas/escolasmunicipais/emeis/e-m-e-i-marilia-poliesti/">19- E.M.E.I. Marília Poliesti</a><br />
<a href="https://wp.ufpel.edu.br/bdescolaspelotas/escolasmunicipais/emeis/e-m-e-i-monteiro-lobato/">20- E.M.E.I. Monteiro Lobato</a><br />
<a href="https://wp.ufpel.edu.br/bdescolaspelotas/escolasmunicipais/emeis/e-m-e-i-mario-osorio-magalhaes/">21- E.M.E.I Mário Osório Magalhães</a><br />
<a href="https://wp.ufpel.edu.br/bdescolaspelotas/escolasmunicipais/emeis/e-m-e-i-mario-quintana/">22- E.M.E.I. Mário Quintana</a><br />
<a href="https://wp.ufpel.edu.br/bdescolaspelotas/escolasmunicipais/emeis/e-m-e-i-nelson-abott-de-freitas/">23- E.M.E.I. Nelson Abott de Freitas</a><br />
<a href="https://wp.ufpel.edu.br/bdescolaspelotas/escolasmunicipais/emeis/e-m-e-i-nestor-rodrigues/">24- E.M.E.I. Nestor Rodrigues</a><br />
<a href="https://wp.ufpel.edu.br/bdescolaspelotas/escolasmunicipais/emeis/e-m-e-i-oswald-de-andrade/">25- E.M.E.I. Oswald de Andrade</a><br />
<a href="https://wp.ufpel.edu.br/bdescolaspelotas/escolasmunicipais/emeis/e-m-e-i-paulo-freire/">26- E.M.E.I. Paulo Freire</a><br />
<a href="https://wp.ufpel.edu.br/bdescolaspelotas/escolasmunicipais/emeis/e-m-e-i-erico-verissimo/">27- E.M.E.I. Érico Veríssimo</a><br />
<a href="https://wp.ufpel.edu.br/bdescolaspelotas/escolasmunicipais/emeis/e-m-e-i-ruth-blank/">28- E.M.E.I. Ruth Blank</a><br />
<a href="https://wp.ufpel.edu.br/bdescolaspelotas/escolasmunicipais/emeis/e-m-e-i-vinicius-de-moraes/">29- E.M.E.I. Vinicius de Moraes</a><br />
<a href="https://wp.ufpel.edu.br/bdescolaspelotas/escolasmunicipais/emeis/e-m-e-i-zola-amaro/">30- E.M.E.I. Zola Amaro</a><br />
<a href="https://wp.ufpel.edu.br/bdescolaspelotas/escolasmunicipais/emeis/prefeito-ary-alcantara/">31- Prefeito Ary Alcântara</a><br />
<a href="https://wp.ufpel.edu.br/bdescolaspelotas/escolasmunicipais/emeis/professor-luis-artur-borges-pereira/">32- Professor Luis Artur Borges Pereira</a></p>
<div></div>
<div></div>
<div style="text-align: left;">                    <strong>LOCALIZAÇÃO DE TODAS EMEI&#8217;s DO MUNICÍPIO DE PELOTAS/RS.</strong></div>
<p><iframe loading="lazy" src="https://www.google.com/maps/d/u/0/embed?mid=1_11zolYl2j-nxNBF993DWhIWi-Pbh5s&#038;ehbc=2E312F&#038;noprof=1" width="640" height="480"></iframe></p>

<p>Escola Municipal de Educação Infantil &#8211; EMEIs A educação infantil, primeira etapa da educação básica, é gratuita e tem como finalidade o desenvolvimento integral da criança até seis anos de idade, em seus aspectos físico, psicológico, intelectual e social, complementando&#8230; <a class="more-link" href="https://wp.ufpel.edu.br/bdescolaspelotas/escolasmunicipais/emeis/">Continue lendo &rarr;</a></p>
