{"id":340,"date":"2024-02-15T11:22:16","date_gmt":"2024-02-15T14:22:16","guid":{"rendered":"https:\/\/wp.ufpel.edu.br\/bdescolaspelotas\/?page_id=340"},"modified":"2024-02-15T11:22:16","modified_gmt":"2024-02-15T14:22:16","slug":"e-m-e-f-nucleo-habitacional-dunas","status":"publish","type":"page","link":"https:\/\/wp.ufpel.edu.br\/bdescolaspelotas\/escolasmunicipais\/emefs\/e-m-e-f-nucleo-habitacional-dunas\/","title":{"rendered":"E.M.E.F. N\u00facleo Habitacional Dunas"},"content":{"rendered":"<p><strong>Nome: <\/strong>E.M.E.F. N\u00facleo Habitacional Dunas<\/p>\n<p><span style=\"font-weight: 400;\"><strong>Diretor(a):<\/strong> Simone da Silva Rosado<\/span><\/p>\n<p><span style=\"font-weight: 400;\"><strong>Endere\u00e7o:<\/strong> Tr\u00eas &#8211; Lotm Dunas , 470 , Bairro: Dunas<\/span><\/p>\n<p><span style=\"font-weight: 400;\"><strong>Telefone:<\/strong> 32741247<\/span><\/p>\n<p><strong>E-mail: <\/strong><a href=\"mailto:escoladunas18@yahoo.com.br\"><span style=\"font-weight: 400;\">escoladunas18@yahoo.com.br<\/span><\/a><\/p>\n<p><span style=\"font-weight: 400;\"><strong>Servi\u00e7os:<\/strong> Atendimento a alunos de Educa\u00e7\u00e3o Infantil ( pr\u00e9 1 e 2), Ensino Fundamental (1\u00ba ao 6\u00ba ano) . Total de 469 alunos em out\/2022 Ed Infantil- 74 Ens Fundamental- 395<\/span><\/p>\n","protected":false},"excerpt":{"rendered":"<p>Nome: E.M.E.F. N\u00facleo Habitacional Dunas Diretor(a): Simone da Silva Rosado Endere\u00e7o: Tr\u00eas &#8211; Lotm Dunas , 470 , Bairro: Dunas Telefone: 32741247 E-mail: escoladunas18@yahoo.com.br Servi\u00e7os: Atendimento a alunos de Educa\u00e7\u00e3o Infantil ( pr\u00e9 1 e 2), Ensino Fundamental (1\u00ba ao&#8230; <a class=\"more-link\" href=\"https:\/\/wp.ufpel.edu.br\/bdescolaspelotas\/escolasmunicipais\/emefs\/e-m-e-f-nucleo-habitacional-dunas\/\">Continue lendo &rarr;<\/a><\/p>\n","protected":false},"author":1334,"featured_media":0,"parent":46,"menu_order":0,"comment_status":"closed","ping_status":"closed","template":"","meta":{"footnotes":""},"class_list":["post-340","page","type-page","status-publish","hentry"],"jetpack_sharing_enabled":true,"_links":{"self":[{"href":"https:\/\/wp.ufpel.edu.br\/bdescolaspelotas\/wp-json\/wp\/v2\/pages\/340","targetHints":{"allow":["GET"]}}],"collection":[{"href":"https:\/\/wp.ufpel.edu.br\/bdescolaspelotas\/wp-json\/wp\/v2\/pages"}],"about":[{"href":"https:\/\/wp.ufpel.edu.br\/bdescolaspelotas\/wp-json\/wp\/v2\/types\/page"}],"author":[{"embeddable":true,"href":"https:\/\/wp.ufpel.edu.br\/bdescolaspelotas\/wp-json\/wp\/v2\/users\/1334"}],"replies":[{"embeddable":true,"href":"https:\/\/wp.ufpel.edu.br\/bdescolaspelotas\/wp-json\/wp\/v2\/comments?post=340"}],"version-history":[{"count":1,"href":"https:\/\/wp.ufpel.edu.br\/bdescolaspelotas\/wp-json\/wp\/v2\/pages\/340\/revisions"}],"predecessor-version":[{"id":342,"href":"https:\/\/wp.ufpel.edu.br\/bdescolaspelotas\/wp-json\/wp\/v2\/pages\/340\/revisions\/342"}],"up":[{"embeddable":true,"href":"https:\/\/wp.ufpel.edu.br\/bdescolaspelotas\/wp-json\/wp\/v2\/pages\/46"}],"wp:attachment":[{"href":"https:\/\/wp.ufpel.edu.br\/bdescolaspelotas\/wp-json\/wp\/v2\/media?parent=340"}],"curies":[{"name":"wp","href":"https:\/\/api.w.org\/{rel}","templated":true}]}}