{"id":330,"date":"2024-02-15T11:19:45","date_gmt":"2024-02-15T14:19:45","guid":{"rendered":"https:\/\/wp.ufpel.edu.br\/bdescolaspelotas\/?page_id=330"},"modified":"2024-02-15T11:19:45","modified_gmt":"2024-02-15T14:19:45","slug":"e-m-e-f-ministro-arthur-de-souza-costa","status":"publish","type":"page","link":"https:\/\/wp.ufpel.edu.br\/bdescolaspelotas\/escolasmunicipais\/emefs\/e-m-e-f-ministro-arthur-de-souza-costa\/","title":{"rendered":"E.M.E.F. Ministro Arthur de Souza Costa"},"content":{"rendered":"<p><strong>Nome:<\/strong> E.M.E.F. Ministro Arthur de Souza Costa<\/p>\n<p><span style=\"font-weight: 400;\"><strong>Diretor(a):<\/strong> Marcia Elaine Bender<\/span><\/p>\n<p><span style=\"font-weight: 400;\">E<strong>ndere\u00e7o:<\/strong> Cascata &#8211; Col , Bairro: Quinto distrito<\/span><\/p>\n<p><span style=\"font-weight: 400;\"><strong>Telefone<\/strong>: 053-32775365<\/span><\/p>\n<p><strong>E-mail: <\/strong><a href=\"mailto:masc_cascata@yahoo.com.br\"><span style=\"font-weight: 400;\">masc_cascata@yahoo.com.br<\/span><\/a><\/p>\n<p><span style=\"font-weight: 400;\"><strong>Servi\u00e7os:<\/strong> Atendimento a alunos de Educa\u00e7\u00e3o Infantil( pr\u00e9 1 e 2) e Ensino Fundamental (1\u00ba ao 9\u00ba ano) Total de 247alunos em out\/2022 Ed Infantil-38 Ens Fundamental 209<\/span><\/p>\n","protected":false},"excerpt":{"rendered":"<p>Nome: E.M.E.F. Ministro Arthur de Souza Costa Diretor(a): Marcia Elaine Bender Endere\u00e7o: Cascata &#8211; Col , Bairro: Quinto distrito Telefone: 053-32775365 E-mail: masc_cascata@yahoo.com.br Servi\u00e7os: Atendimento a alunos de Educa\u00e7\u00e3o Infantil( pr\u00e9 1 e 2) e Ensino Fundamental (1\u00ba ao 9\u00ba&#8230; <a class=\"more-link\" href=\"https:\/\/wp.ufpel.edu.br\/bdescolaspelotas\/escolasmunicipais\/emefs\/e-m-e-f-ministro-arthur-de-souza-costa\/\">Continue lendo &rarr;<\/a><\/p>\n","protected":false},"author":1334,"featured_media":0,"parent":46,"menu_order":0,"comment_status":"closed","ping_status":"closed","template":"","meta":{"footnotes":""},"class_list":["post-330","page","type-page","status-publish","hentry"],"jetpack_sharing_enabled":true,"_links":{"self":[{"href":"https:\/\/wp.ufpel.edu.br\/bdescolaspelotas\/wp-json\/wp\/v2\/pages\/330","targetHints":{"allow":["GET"]}}],"collection":[{"href":"https:\/\/wp.ufpel.edu.br\/bdescolaspelotas\/wp-json\/wp\/v2\/pages"}],"about":[{"href":"https:\/\/wp.ufpel.edu.br\/bdescolaspelotas\/wp-json\/wp\/v2\/types\/page"}],"author":[{"embeddable":true,"href":"https:\/\/wp.ufpel.edu.br\/bdescolaspelotas\/wp-json\/wp\/v2\/users\/1334"}],"replies":[{"embeddable":true,"href":"https:\/\/wp.ufpel.edu.br\/bdescolaspelotas\/wp-json\/wp\/v2\/comments?post=330"}],"version-history":[{"count":1,"href":"https:\/\/wp.ufpel.edu.br\/bdescolaspelotas\/wp-json\/wp\/v2\/pages\/330\/revisions"}],"predecessor-version":[{"id":332,"href":"https:\/\/wp.ufpel.edu.br\/bdescolaspelotas\/wp-json\/wp\/v2\/pages\/330\/revisions\/332"}],"up":[{"embeddable":true,"href":"https:\/\/wp.ufpel.edu.br\/bdescolaspelotas\/wp-json\/wp\/v2\/pages\/46"}],"wp:attachment":[{"href":"https:\/\/wp.ufpel.edu.br\/bdescolaspelotas\/wp-json\/wp\/v2\/media?parent=330"}],"curies":[{"name":"wp","href":"https:\/\/api.w.org\/{rel}","templated":true}]}}