{"id":297,"date":"2024-02-15T11:09:15","date_gmt":"2024-02-15T14:09:15","guid":{"rendered":"https:\/\/wp.ufpel.edu.br\/bdescolaspelotas\/?page_id=297"},"modified":"2024-02-15T11:09:27","modified_gmt":"2024-02-15T14:09:27","slug":"e-m-e-f-jacob-brod","status":"publish","type":"page","link":"https:\/\/wp.ufpel.edu.br\/bdescolaspelotas\/escolasmunicipais\/emefs\/e-m-e-f-jacob-brod\/","title":{"rendered":"E.M.E.F. Jacob Brod"},"content":{"rendered":"<p><strong>Nome:<\/strong> E.M.E.F. Jacob Brod<\/p>\n<p><span style=\"font-weight: 400;\"><strong>Diretor(a):<\/strong> Valquiria Santos Bohm<\/span><\/p>\n<p><span style=\"font-weight: 400;\"><strong>Endere\u00e7o:<\/strong> Fernando Osorio , 5.413 , Bairro: Tr\u00eas Vendas<\/span><\/p>\n<p><span style=\"font-weight: 400;\"><strong>Telefone:<\/strong> 053-3273-9700<\/span><\/p>\n<p><strong>E-mail: <\/strong><a href=\"mailto:brodjaco@gmail.com\"><span style=\"font-weight: 400;\">brodjaco@gmail.com<\/span><\/a><\/p>\n<p><span style=\"font-weight: 400;\"><strong>Servi\u00e7os:<\/strong> Atendimento a alunos da educa\u00e7\u00e3o Infantil ( pr\u00e9 1 e pr\u00e9 2) Ensino Fundamental (1\u00ba ao 9\u00ba ano) Total de 545 alunos em out\/2022, Ed Infantil- 110 Ens Fund. 435<\/span><\/p>\n","protected":false},"excerpt":{"rendered":"<p>Nome: E.M.E.F. Jacob Brod Diretor(a): Valquiria Santos Bohm Endere\u00e7o: Fernando Osorio , 5.413 , Bairro: Tr\u00eas Vendas Telefone: 053-3273-9700 E-mail: brodjaco@gmail.com Servi\u00e7os: Atendimento a alunos da educa\u00e7\u00e3o Infantil ( pr\u00e9 1 e pr\u00e9 2) Ensino Fundamental (1\u00ba ao 9\u00ba ano)&#8230; <a class=\"more-link\" href=\"https:\/\/wp.ufpel.edu.br\/bdescolaspelotas\/escolasmunicipais\/emefs\/e-m-e-f-jacob-brod\/\">Continue lendo &rarr;<\/a><\/p>\n","protected":false},"author":1334,"featured_media":0,"parent":46,"menu_order":0,"comment_status":"closed","ping_status":"closed","template":"","meta":{"footnotes":""},"class_list":["post-297","page","type-page","status-publish","hentry"],"jetpack_sharing_enabled":true,"_links":{"self":[{"href":"https:\/\/wp.ufpel.edu.br\/bdescolaspelotas\/wp-json\/wp\/v2\/pages\/297","targetHints":{"allow":["GET"]}}],"collection":[{"href":"https:\/\/wp.ufpel.edu.br\/bdescolaspelotas\/wp-json\/wp\/v2\/pages"}],"about":[{"href":"https:\/\/wp.ufpel.edu.br\/bdescolaspelotas\/wp-json\/wp\/v2\/types\/page"}],"author":[{"embeddable":true,"href":"https:\/\/wp.ufpel.edu.br\/bdescolaspelotas\/wp-json\/wp\/v2\/users\/1334"}],"replies":[{"embeddable":true,"href":"https:\/\/wp.ufpel.edu.br\/bdescolaspelotas\/wp-json\/wp\/v2\/comments?post=297"}],"version-history":[{"count":1,"href":"https:\/\/wp.ufpel.edu.br\/bdescolaspelotas\/wp-json\/wp\/v2\/pages\/297\/revisions"}],"predecessor-version":[{"id":299,"href":"https:\/\/wp.ufpel.edu.br\/bdescolaspelotas\/wp-json\/wp\/v2\/pages\/297\/revisions\/299"}],"up":[{"embeddable":true,"href":"https:\/\/wp.ufpel.edu.br\/bdescolaspelotas\/wp-json\/wp\/v2\/pages\/46"}],"wp:attachment":[{"href":"https:\/\/wp.ufpel.edu.br\/bdescolaspelotas\/wp-json\/wp\/v2\/media?parent=297"}],"curies":[{"name":"wp","href":"https:\/\/api.w.org\/{rel}","templated":true}]}}