{"id":2,"date":"2019-03-17T11:06:07","date_gmt":"2019-03-17T14:06:07","guid":{"rendered":"https:\/\/wp.ufpel.edu.br\/barrosws\/?page_id=2"},"modified":"2019-03-18T09:35:17","modified_gmt":"2019-03-18T12:35:17","slug":"inicial","status":"publish","type":"page","link":"https:\/\/wp.ufpel.edu.br\/barrosws\/inicial\/","title":{"rendered":"Informa\u00e7\u00f5es Profissionais"},"content":{"rendered":"<p><strong><a href=\"https:\/\/institucional.ufpel.edu.br\/servidores\/id\/19713\">Prof. Willian Silva Barros<\/a><br \/>\n<em><a href=\"http:\/\/lattes.cnpq.br\/3248624160410975\" target=\"_blank\" rel=\"noopener noreferrer\">Lattes<\/a><br \/>\n<a href=\"https:\/\/scholar.google.com\/citations?user=LZKKoL0AAAAJ&amp;hl=en\">Google Scholar<\/a><\/em><br \/>\n<\/strong><\/p>\n<p><strong>Email:\u00a0<\/strong>willian.barros@ufpel.edu.br\u00a0<strong><br \/>\n<\/strong><strong>Telefone:\u00a0<\/strong>(53) 3275-7343<\/p>\n<p>Forma\u00e7\u00e3o:<br \/>\nAgronomia, 2002, Universidade Federal de Vi\u00e7osa;<br \/>\nFilosofia, 2018, Universidade Federal de Pelotas;<br \/>\nM.S. Gen\u00e9tica e Melhoramento, 2004, Universidade Federal de Vi\u00e7osa;<br \/>\nD.S. Gen\u00e9tica e Melhoramento, 2007, Universidade Federal de Vi\u00e7osa.<br \/>\n<strong><br \/>\nLinhas de Pesquisa:\u00a0<\/strong>Biometria e Estat\u00edstica Computacional<\/p>\n<p>&nbsp;<\/p>\n<p><strong>Disciplinas no em 2019-I:<\/strong><\/p>\n<ul>\n<li>Experimenta\u00e7\u00e3o Vegetal (P\u00f3s-Gradua\u00e7\u00e3o em Fisiologia Vegetal)<\/li>\n<li>T\u00f3picos em Modelagem Matem\u00e1tica (P\u00f3s-Gradua\u00e7\u00e3o em Modelagem Matem\u00e1tica)<\/li>\n<li>M\u00e9todos Estat\u00edsticos (P\u00f3s-Gradua\u00e7\u00e3o em Medicina Veterin\u00e1ria)<\/li>\n<\/ul>\n<p>&nbsp;<\/p>\n<p>&nbsp;<\/p>\n","protected":false},"excerpt":{"rendered":"<p>Prof. Willian Silva Barros Lattes Google Scholar Email:\u00a0willian.barros@ufpel.edu.br\u00a0 Telefone:\u00a0(53) 3275-7343 Forma\u00e7\u00e3o: Agronomia, 2002, Universidade Federal de Vi\u00e7osa; Filosofia, 2018, Universidade Federal de Pelotas; M.S. Gen\u00e9tica e Melhoramento, 2004, Universidade Federal de Vi\u00e7osa; D.S. Gen\u00e9tica e Melhoramento, 2007, Universidade Federal de Vi\u00e7osa. Linhas de Pesquisa:\u00a0Biometria e Estat\u00edstica Computacional &nbsp; Disciplinas no em 2019-I: Experimenta\u00e7\u00e3o Vegetal (P\u00f3s-Gradua\u00e7\u00e3o [&hellip;]<\/p>\n","protected":false},"author":760,"featured_media":0,"parent":0,"menu_order":0,"comment_status":"closed","ping_status":"closed","template":"","meta":{"footnotes":""},"class_list":["post-2","page","type-page","status-publish","hentry"],"_links":{"self":[{"href":"https:\/\/wp.ufpel.edu.br\/barrosws\/wp-json\/wp\/v2\/pages\/2","targetHints":{"allow":["GET"]}}],"collection":[{"href":"https:\/\/wp.ufpel.edu.br\/barrosws\/wp-json\/wp\/v2\/pages"}],"about":[{"href":"https:\/\/wp.ufpel.edu.br\/barrosws\/wp-json\/wp\/v2\/types\/page"}],"author":[{"embeddable":true,"href":"https:\/\/wp.ufpel.edu.br\/barrosws\/wp-json\/wp\/v2\/users\/760"}],"replies":[{"embeddable":true,"href":"https:\/\/wp.ufpel.edu.br\/barrosws\/wp-json\/wp\/v2\/comments?post=2"}],"version-history":[{"count":11,"href":"https:\/\/wp.ufpel.edu.br\/barrosws\/wp-json\/wp\/v2\/pages\/2\/revisions"}],"predecessor-version":[{"id":77,"href":"https:\/\/wp.ufpel.edu.br\/barrosws\/wp-json\/wp\/v2\/pages\/2\/revisions\/77"}],"wp:attachment":[{"href":"https:\/\/wp.ufpel.edu.br\/barrosws\/wp-json\/wp\/v2\/media?parent=2"}],"curies":[{"name":"wp","href":"https:\/\/api.w.org\/{rel}","templated":true}]}}