{"id":2,"date":"2017-11-28T13:46:44","date_gmt":"2017-11-28T15:46:44","guid":{"rendered":"https:\/\/wp.ufpel.edu.br\/bailar\/?page_id=2"},"modified":"2018-12-18T13:02:26","modified_gmt":"2018-12-18T15:02:26","slug":"sobre","status":"publish","type":"page","link":"https:\/\/wp.ufpel.edu.br\/bailar\/sobre\/","title":{"rendered":"SOBRE O PROJETO"},"content":{"rendered":"<p style=\"text-align: justify\">Nome do projeto: Bailar: N\u00facleo de Dan\u00e7a na Maturidade<\/p>\n<p style=\"text-align: justify\">C\u00f3digo: 51907022<\/p>\n<p style=\"text-align: justify\">O projeto realiza a montagem de espet\u00e1culos de dan\u00e7a com grupos de maturidade. \u2013 Oportunizar aulas de dan\u00e7a livre para um grupo de maturidade. \u2013 Permitir \u00e0 comunidade da maturidade, o acesso \u00e0s informa\u00e7\u00f5es difundidas no meio acad\u00eamico em rela\u00e7\u00e3o \u00e0 composi\u00e7\u00e3o coreogr\u00e1fica e montagem de espet\u00e1culos, atrav\u00e9s da contribui\u00e7\u00e3o dos alunos como participantes desses processos. \u2013 Proporcionar aos alunos de gradua\u00e7\u00e3o em artes c\u00eanicas, a viv\u00eancia em processos de composi\u00e7\u00e3o coreogr\u00e1fica e montagem de espet\u00e1culos, difundindo a arte da Dan\u00e7a na Maturidade. \u2013 Contribuir com a forma\u00e7\u00e3o docente dos alunos de gradua\u00e7\u00e3o, atrav\u00e9s do planejamento e atua\u00e7\u00e3o em aulas de dan\u00e7a voltadas para um p\u00fablico maduro com experi\u00eancia na \u00e1rea. \u2013 Proporcionar o interc\u00e2mbio de informa\u00e7\u00f5es sobre o processo criativo entre participantes de um grupo semi-profissional de dan\u00e7a na maturidade (comunidade) e alunos de gradua\u00e7\u00e3o em artes c\u00eanicas (universidade). \u2013 Refor\u00e7ar a forma\u00e7\u00e3o acad\u00eamica dos alunos de gradua\u00e7\u00e3o, interligando a\u00e7\u00f5es de ensino e pesquisa atrav\u00e9s da extens\u00e3o. \u2013 Realizar um espet\u00e1culo de dan\u00e7a na UFPel ao final de sua montagem, aberto \u00e0 comunidade pelotense, como contrapartida do grupo participante. \u2013 Ampliar o projeto, buscando a cria\u00e7\u00e3o de um grupo de dan\u00e7a na maturidade em Pelotas que realize o mesmo processo de montagem.<\/p>\n<p style=\"text-align: justify\">Professor respons\u00e1vel: Carmen Anita Hoffmann<\/p>\n","protected":false},"excerpt":{"rendered":"<p>Nome do projeto: Bailar: N\u00facleo de Dan\u00e7a na Maturidade C\u00f3digo: 51907022 O projeto realiza a montagem de espet\u00e1culos de dan\u00e7a com grupos de maturidade. \u2013 Oportunizar aulas de dan\u00e7a livre para um grupo de maturidade. \u2013 Permitir \u00e0 comunidade da maturidade, o acesso \u00e0s informa\u00e7\u00f5es difundidas no meio acad\u00eamico em rela\u00e7\u00e3o \u00e0 composi\u00e7\u00e3o coreogr\u00e1fica e [&hellip;]<\/p>\n","protected":false},"author":816,"featured_media":0,"parent":0,"menu_order":0,"comment_status":"closed","ping_status":"closed","template":"","meta":{"footnotes":""},"class_list":["post-2","page","type-page","status-publish","hentry"],"_links":{"self":[{"href":"https:\/\/wp.ufpel.edu.br\/bailar\/wp-json\/wp\/v2\/pages\/2","targetHints":{"allow":["GET"]}}],"collection":[{"href":"https:\/\/wp.ufpel.edu.br\/bailar\/wp-json\/wp\/v2\/pages"}],"about":[{"href":"https:\/\/wp.ufpel.edu.br\/bailar\/wp-json\/wp\/v2\/types\/page"}],"author":[{"embeddable":true,"href":"https:\/\/wp.ufpel.edu.br\/bailar\/wp-json\/wp\/v2\/users\/816"}],"replies":[{"embeddable":true,"href":"https:\/\/wp.ufpel.edu.br\/bailar\/wp-json\/wp\/v2\/comments?post=2"}],"version-history":[{"count":3,"href":"https:\/\/wp.ufpel.edu.br\/bailar\/wp-json\/wp\/v2\/pages\/2\/revisions"}],"predecessor-version":[{"id":15,"href":"https:\/\/wp.ufpel.edu.br\/bailar\/wp-json\/wp\/v2\/pages\/2\/revisions\/15"}],"wp:attachment":[{"href":"https:\/\/wp.ufpel.edu.br\/bailar\/wp-json\/wp\/v2\/media?parent=2"}],"curies":[{"name":"wp","href":"https:\/\/api.w.org\/{rel}","templated":true}]}}