{"id":183,"date":"2017-09-04T16:55:24","date_gmt":"2017-09-04T19:55:24","guid":{"rendered":"https:\/\/wp.ufpel.edu.br\/bachpopmus\/?page_id=183"},"modified":"2019-04-05T16:26:02","modified_gmt":"2019-04-05T19:26:02","slug":"rede-de-monitoria-solidaria","status":"publish","type":"page","link":"https:\/\/wp.ufpel.edu.br\/bachpopmus\/acoes\/rede-de-monitoria-solidaria\/","title":{"rendered":"Escambo Musical"},"content":{"rendered":"<p style=\"text-align: justify\">Escambo Musical<\/p>\n<div style=\"text-align: justify\">O projeto busca proporcionar uma possibilidade de refor\u00e7o do conte\u00fado ao estudante que sinta a necessidade, visando viabilizar uma trajet\u00f3ria acad\u00eamica mais satisfat\u00f3ria e evitar reprova\u00e7\u00f5es. Alunos de qualquer curso de M\u00fasica da UFPel se voluntariam para ajudar os colegas nas disciplinas que se sentem confort\u00e1veis e seus dados s\u00e3o arquivados num banco de informa\u00e7\u00f5es, assim quando um aluno que deseja a <span class=\"il\">ajuda<\/span> procura a coordena\u00e7\u00e3o e\u00a0 \u00e9 encaminhado a algum aluno que o auxiliar\u00e1. A princ\u00edpio a ideia \u00e9 que todo aluno ligado ao projeto possa colaborar e usufruir da proposta, de forma que ocorra uma troca de conhecimentos entre o conte\u00fado que tiver mais e menos dificuldade, da\u00ed o nome &#8220;Escambo Musical&#8221;.<\/div>\n<div><\/div>\n<div><img data-recalc-dims=\"1\" loading=\"lazy\" decoding=\"async\" data-attachment-id=\"208\" data-permalink=\"https:\/\/wp.ufpel.edu.br\/bachpopmus\/acoes\/rede-de-monitoria-solidaria\/capapapapapa\/\" data-orig-file=\"https:\/\/i0.wp.com\/wp.ufpel.edu.br\/bachpopmus\/files\/2017\/09\/capapapapapa.jpg?fit=4288%2C2848&amp;ssl=1\" data-orig-size=\"4288,2848\" data-comments-opened=\"0\" data-image-meta=\"{&quot;aperture&quot;:&quot;5.6&quot;,&quot;credit&quot;:&quot;&quot;,&quot;camera&quot;:&quot;NIKON D90&quot;,&quot;caption&quot;:&quot;&quot;,&quot;created_timestamp&quot;:&quot;1450121562&quot;,&quot;copyright&quot;:&quot;&quot;,&quot;focal_length&quot;:&quot;105&quot;,&quot;iso&quot;:&quot;1250&quot;,&quot;shutter_speed&quot;:&quot;0.125&quot;,&quot;title&quot;:&quot;&quot;,&quot;orientation&quot;:&quot;1&quot;}\" data-image-title=\"Escambo Musical\" data-image-description=\"\" data-image-caption=\"&lt;p&gt;Escambo Musical&lt;\/p&gt;\n\" data-medium-file=\"https:\/\/i0.wp.com\/wp.ufpel.edu.br\/bachpopmus\/files\/2017\/09\/capapapapapa.jpg?fit=400%2C266&amp;ssl=1\" data-large-file=\"https:\/\/i0.wp.com\/wp.ufpel.edu.br\/bachpopmus\/files\/2017\/09\/capapapapapa.jpg?fit=750%2C498&amp;ssl=1\" class=\"alignnone size-medium wp-image-208 aligncenter\" src=\"https:\/\/i0.wp.com\/wp.ufpel.edu.br\/bachpopmus\/files\/2017\/09\/capapapapapa.jpg?resize=400%2C266&#038;ssl=1\" alt=\"\" width=\"400\" height=\"266\" srcset=\"https:\/\/i0.wp.com\/wp.ufpel.edu.br\/bachpopmus\/files\/2017\/09\/capapapapapa.jpg?resize=400%2C266&amp;ssl=1 400w, https:\/\/i0.wp.com\/wp.ufpel.edu.br\/bachpopmus\/files\/2017\/09\/capapapapapa.jpg?resize=768%2C510&amp;ssl=1 768w, https:\/\/i0.wp.com\/wp.ufpel.edu.br\/bachpopmus\/files\/2017\/09\/capapapapapa.jpg?resize=1024%2C680&amp;ssl=1 1024w, https:\/\/i0.wp.com\/wp.ufpel.edu.br\/bachpopmus\/files\/2017\/09\/capapapapapa.jpg?resize=452%2C300&amp;ssl=1 452w, https:\/\/i0.wp.com\/wp.ufpel.edu.br\/bachpopmus\/files\/2017\/09\/capapapapapa.jpg?w=1500&amp;ssl=1 1500w, https:\/\/i0.wp.com\/wp.ufpel.edu.br\/bachpopmus\/files\/2017\/09\/capapapapapa.jpg?w=2250&amp;ssl=1 2250w\" sizes=\"auto, (max-width: 400px) 100vw, 400px\" \/><\/div>\n","protected":false},"excerpt":{"rendered":"<p>Escambo Musical O projeto busca proporcionar uma possibilidade de refor\u00e7o do conte\u00fado ao estudante que sinta a necessidade, visando viabilizar uma trajet\u00f3ria acad\u00eamica mais satisfat\u00f3ria e evitar reprova\u00e7\u00f5es. Alunos de qualquer curso de M\u00fasica da UFPel se voluntariam para ajudar os colegas nas disciplinas que se sentem confort\u00e1veis e seus dados s\u00e3o arquivados num banco &hellip; <\/p>\n<p><a class=\"more-link btn\" href=\"https:\/\/wp.ufpel.edu.br\/bachpopmus\/acoes\/rede-de-monitoria-solidaria\/\">Continue lendo<\/a><\/p>\n","protected":false},"author":651,"featured_media":208,"parent":154,"menu_order":0,"comment_status":"closed","ping_status":"closed","template":"","meta":{"jetpack_post_was_ever_published":false,"footnotes":""},"class_list":["post-183","page","type-page","status-publish","has-post-thumbnail","hentry","nodate","item-wrap"],"jetpack_sharing_enabled":true,"jetpack_shortlink":"https:\/\/wp.me\/P9oCR6-2X","jetpack_likes_enabled":true,"jetpack-related-posts":[],"_links":{"self":[{"href":"https:\/\/wp.ufpel.edu.br\/bachpopmus\/wp-json\/wp\/v2\/pages\/183","targetHints":{"allow":["GET"]}}],"collection":[{"href":"https:\/\/wp.ufpel.edu.br\/bachpopmus\/wp-json\/wp\/v2\/pages"}],"about":[{"href":"https:\/\/wp.ufpel.edu.br\/bachpopmus\/wp-json\/wp\/v2\/types\/page"}],"author":[{"embeddable":true,"href":"https:\/\/wp.ufpel.edu.br\/bachpopmus\/wp-json\/wp\/v2\/users\/651"}],"replies":[{"embeddable":true,"href":"https:\/\/wp.ufpel.edu.br\/bachpopmus\/wp-json\/wp\/v2\/comments?post=183"}],"version-history":[{"count":4,"href":"https:\/\/wp.ufpel.edu.br\/bachpopmus\/wp-json\/wp\/v2\/pages\/183\/revisions"}],"predecessor-version":[{"id":432,"href":"https:\/\/wp.ufpel.edu.br\/bachpopmus\/wp-json\/wp\/v2\/pages\/183\/revisions\/432"}],"up":[{"embeddable":true,"href":"https:\/\/wp.ufpel.edu.br\/bachpopmus\/wp-json\/wp\/v2\/pages\/154"}],"wp:featuredmedia":[{"embeddable":true,"href":"https:\/\/wp.ufpel.edu.br\/bachpopmus\/wp-json\/wp\/v2\/media\/208"}],"wp:attachment":[{"href":"https:\/\/wp.ufpel.edu.br\/bachpopmus\/wp-json\/wp\/v2\/media?parent=183"}],"curies":[{"name":"wp","href":"https:\/\/api.w.org\/{rel}","templated":true}]}}