{"id":13,"date":"2016-08-23T11:41:31","date_gmt":"2016-08-23T14:41:31","guid":{"rendered":"https:\/\/wp.ufpel.edu.br\/bachareladoemquimica\/?page_id=13"},"modified":"2025-06-30T10:44:12","modified_gmt":"2025-06-30T13:44:12","slug":"docentes","status":"publish","type":"page","link":"https:\/\/wp.ufpel.edu.br\/bachareladoemquimica\/docentes\/","title":{"rendered":"DOCENTES"},"content":{"rendered":"<p><strong>Professores atuantes do CCQFA \u2013 Curso de Bacharelado\u00a0em Qu\u00edmica e a \u00c1rea de Atua\u00e7\u00e3o<\/strong><\/p>\n<p>Adriana Castro Pinheiro &#8211; Qu\u00edmica Inorg\u00e2nica e Bio-inorg\u00e2nica<\/p>\n<p>Curr\u00edculo: <a href=\"https:\/\/buscatextual.cnpq.br\/buscatextual\/visualizacv.do?metodo=apresentar&amp;id=K4139614T4\">buscatextual.cnpq.br\/buscatextual\/visualizacv.do?metodo=apresentar&amp;id=K4139614T4<\/a><\/p>\n<p>Adriane Medeiros Nunes \u2013 Qu\u00edmica Anal\u00edtica e Qu\u00edmica Geral<br \/>\nCurr\u00edculo: <a href=\"http:\/\/buscatextual.cnpq.br\/buscatextual\/visualizacv.do?id=K4735597D6\" target=\"_blank\" rel=\"noopener\">http:\/\/buscatextual.cnpq.br\/buscatextual\/visualizacv.do?id=K4735597D6<\/a><\/p>\n<p>Aline Joana R. W. A. dos Santos \u2013 Qu\u00edmica Inorg\u00e2nica<br \/>\nCurr\u00edculo: <a href=\"http:\/\/buscatextual.cnpq.br\/buscatextual\/visualizacv.do?id=K4718916U5\" target=\"_blank\" rel=\"noopener\">http:\/\/buscatextual.cnpq.br\/buscatextual\/visualizacv.do?id=K4718916U5<\/a><\/p>\n<p>Ana L\u00facia Soares Chaves \u2013 Bioqu\u00edmica<br \/>\nCurr\u00edculo: <a href=\"http:\/\/buscatextual.cnpq.br\/buscatextual\/visualizacv.do?id=K4704357Y3\" target=\"_blank\" rel=\"noopener\">http:\/\/buscatextual.cnpq.br\/buscatextual\/visualizacv.do?id=K4704357Y3<\/a><\/p>\n<p>Anderson Schwingel Ribeiro \u2013 Qu\u00edmica Anal\u00edtica<br \/>\nCurr\u00edculo: <a href=\"http:\/\/buscatextual.cnpq.br\/buscatextual\/visualizacv.do?id=K4795119H1\" target=\"_blank\" rel=\"noopener\">http:\/\/buscatextual.cnpq.br\/buscatextual\/visualizacv.do?id=K4795119H1<\/a><\/p>\n<p>Andr\u00e9 Francisco Pivato Biajoli &#8211; Qu\u00edmica Geral<\/p>\n<p>Curr\u00edculo: <a href=\"https:\/\/buscatextual.cnpq.br\/buscatextual\/visualizacv.do?metodo=apresentar&amp;id=K4718687J0\">buscatextual.cnpq.br\/buscatextual\/visualizacv.do?metodo=apresentar&amp;id=K4718687J0<\/a><\/p>\n<p>Andr\u00e9 Ricardo Fajardo \u2013 F\u00edsico-Qu\u00edmica<br \/>\nCurr\u00edculo: <a href=\"http:\/\/buscatextual.cnpq.br\/buscatextual\/visualizacv.do?id=K4533957T8\" target=\"_blank\" rel=\"noopener\">http:\/\/buscatextual.cnpq.br\/buscatextual\/visualizacv.do?id=K4533957T8<\/a><\/p>\n<p>Daniela Bianchini \u2013 Qu\u00edmica Inorg\u00e2nica<br \/>\nCurr\u00edculo: <a href=\"http:\/\/buscatextual.cnpq.br\/buscatextual\/visualizacv.do?id=K4768090U8\" target=\"_blank\" rel=\"noopener\">http:\/\/buscatextual.cnpq.br\/buscatextual\/visualizacv.do?id=K4768090U8<\/a><\/p>\n<p>Daniela Hartwig de Oliveira &#8211; Ind\u00fastria Qu\u00edmica e Qu\u00edmica Ambiental<\/p>\n<p>Curr\u00edculo: <a href=\"https:\/\/buscatextual.cnpq.br\/buscatextual\/visualizacv.do?metodo=apresentar&amp;id=K4257065D7\">buscatextual.cnpq.br\/buscatextual\/visualizacv.do?metodo=apresentar&amp;id=K4257065D7<\/a><\/p>\n<p>Diego da Silva Alves \u2013 Qu\u00edmica Org\u00e2nica<br \/>\nCurr\u00edculo:<a href=\"http:\/\/buscatextual.cnpq.br\/buscatextual\/visualizacv.do?id=K4765192T5\" target=\"_blank\" rel=\"noopener\"> http:\/\/buscatextual.cnpq.br\/buscatextual\/visualizacv.do?id=K4765192T5<\/a><\/p>\n<p>Diogo La Rosa Novo &#8211; Qu\u00edmica Anal\u00edtica e Qu\u00edmica Geral<\/p>\n<p>Curr\u00edculo: <a href=\"https:\/\/buscatextual.cnpq.br\/buscatextual\/visualizacv.do?metodo=apresentar&amp;id=K4665180Z4\">buscatextual.cnpq.br\/buscatextual\/visualizacv.do?metodo=apresentar&amp;id=K4665180Z4<\/a><\/p>\n<p>Eder Jo\u00e3o Lenard\u00e3o \u2013 Qu\u00edmica Org\u00e2nica e Qu\u00edmica Geral.<br \/>\nCurr\u00edculo: <a href=\"http:\/\/buscatextual.cnpq.br\/buscatextual\/visualizacv.do?id=K4723709P2\" target=\"_blank\" rel=\"noopener\">http:\/\/buscatextual.cnpq.br\/buscatextual\/visualizacv.do?id=K4723709P2<\/a><\/p>\n<p>Gelson Perin \u2013 Qu\u00edmica Org\u00e3nica<br \/>\nCurr\u00edculo: <a href=\"http:\/\/buscatextual.cnpq.br\/buscatextual\/visualizacv.do?id=K4797983H8\" target=\"_blank\" rel=\"noopener\">http:\/\/buscatextual.cnpq.br\/buscatextual\/visualizacv.do?id=K4797983H8<\/a><\/p>\n<p>Gracelie Aparecida Serpa Schulz \u2013 F\u00edsico-Qu\u00edmica<br \/>\nCurr\u00edculo: <a href=\"http:\/\/buscatextual.cnpq.br\/buscatextual\/visualizacv.do?id=K4762417P6\" target=\"_blank\" rel=\"noopener\">http:\/\/buscatextual.cnpq.br\/buscatextual\/visualizacv.do?id=K4762417P6<\/a><\/p>\n<p>Mariana Antunes Vieira \u2013 Qu\u00edmica Anal\u00edtica<br \/>\nCurr\u00edculo: <a href=\"http:\/\/buscatextual.cnpq.br\/buscatextual\/visualizacv.do?id=K4702892J7\" target=\"_blank\" rel=\"noopener\">http:\/\/buscatextual.cnpq.br\/buscatextual\/visualizacv.do?id=K4702892J7<\/a><\/p>\n<p>M\u00e1rcio Santos da Silva &#8211; Ind\u00fastria Qu\u00edmica e Qu\u00edmica Geral<\/p>\n<p>Curr\u00edculo: <a href=\"https:\/\/buscatextual.cnpq.br\/buscatextual\/visualizacv.do?metodo=apresentar&amp;id=K4138628Z6\">buscatextual.cnpq.br\/buscatextual\/visualizacv.do?metodo=apresentar&amp;id=K4138628Z6<\/a><\/p>\n<p>Raquel Guimar\u00e3es Jacob \u2013 Qu\u00edmica Org\u00e2nica e Recursos Renov\u00e1veis<br \/>\nCurr\u00edculo: <a href=\"http:\/\/buscatextual.cnpq.br\/buscatextual\/visualizacv.do?id=K4782720H2\" target=\"_blank\" rel=\"noopener\">http:\/\/buscatextual.cnpq.br\/buscatextual\/visualizacv.do?id=K4782720H2<\/a><\/p>\n<p>Robson da Silva Oliboni &#8211; F\u00edsico-Qu\u00edmica<\/p>\n<p>Curr\u00edculo: <a href=\"https:\/\/buscatextual.cnpq.br\/buscatextual\/visualizacv.do?metodo=apresentar&amp;id=K4263943P4\">buscatextual.cnpq.br\/buscatextual\/visualizacv.do?metodo=apresentar&amp;id=K4263943P4<\/a><\/p>\n<p>Wiliam Boschetti &#8211; Qu\u00edmica Anal\u00edtica<\/p>\n<p>Curr\u00edculo: <a href=\"https:\/\/buscatextual.cnpq.br\/buscatextual\/visualizacv.do?metodo=apresentar&amp;id=K4408817D2\">buscatextual.cnpq.br\/buscatextual\/visualizacv.do?metodo=apresentar&amp;id=K4408817D2<\/a><\/p>\n<p>Wilson Jo\u00e3o Cunico Filho \u2013 Qu\u00edmica Org\u00e2nica<br \/>\nCurr\u00edculo: <a href=\"http:\/\/buscatextual.cnpq.br\/buscatextual\/visualizacv.do?id=K4760083P2\" target=\"_blank\" rel=\"noopener\">http:\/\/buscatextual.cnpq.br\/buscatextual\/visualizacv.do?id=K4760083P2<\/a><\/p>\n<p><a href=\"https:\/\/wp.ufpel.edu.br\/bachareladoemquimica\/files\/2016\/08\/Docentes-forma\u00e7\u00e3o-titula\u00e7\u00e3o-e-regime-de-trabalho-BACHARELADO.docx\">Docentes-forma\u00e7\u00e3o, titula\u00e7\u00e3o e regime de trabalho BACHARELADO<\/a><\/p>\n","protected":false},"excerpt":{"rendered":"<p>Professores atuantes do CCQFA \u2013 Curso de Bacharelado\u00a0em Qu\u00edmica e a \u00c1rea de Atua\u00e7\u00e3o Adriana Castro Pinheiro &#8211; Qu\u00edmica Inorg\u00e2nica e Bio-inorg\u00e2nica Curr\u00edculo: buscatextual.cnpq.br\/buscatextual\/visualizacv.do?metodo=apresentar&amp;id=K4139614T4 Adriane Medeiros Nunes \u2013 Qu\u00edmica Anal\u00edtica e Qu\u00edmica Geral Curr\u00edculo: http:\/\/buscatextual.cnpq.br\/buscatextual\/visualizacv.do?id=K4735597D6 Aline Joana R. W. A. dos Santos \u2013 Qu\u00edmica Inorg\u00e2nica Curr\u00edculo: http:\/\/buscatextual.cnpq.br\/buscatextual\/visualizacv.do?id=K4718916U5 Ana L\u00facia Soares Chaves \u2013 Bioqu\u00edmica Curr\u00edculo: http:\/\/buscatextual.cnpq.br\/buscatextual\/visualizacv.do?id=K4704357Y3 [&hellip;]<\/p>\n","protected":false},"author":688,"featured_media":0,"parent":0,"menu_order":0,"comment_status":"closed","ping_status":"closed","template":"","meta":{"footnotes":""},"class_list":["post-13","page","type-page","status-publish","hentry"],"_links":{"self":[{"href":"https:\/\/wp.ufpel.edu.br\/bachareladoemquimica\/wp-json\/wp\/v2\/pages\/13","targetHints":{"allow":["GET"]}}],"collection":[{"href":"https:\/\/wp.ufpel.edu.br\/bachareladoemquimica\/wp-json\/wp\/v2\/pages"}],"about":[{"href":"https:\/\/wp.ufpel.edu.br\/bachareladoemquimica\/wp-json\/wp\/v2\/types\/page"}],"author":[{"embeddable":true,"href":"https:\/\/wp.ufpel.edu.br\/bachareladoemquimica\/wp-json\/wp\/v2\/users\/688"}],"replies":[{"embeddable":true,"href":"https:\/\/wp.ufpel.edu.br\/bachareladoemquimica\/wp-json\/wp\/v2\/comments?post=13"}],"version-history":[{"count":17,"href":"https:\/\/wp.ufpel.edu.br\/bachareladoemquimica\/wp-json\/wp\/v2\/pages\/13\/revisions"}],"predecessor-version":[{"id":1652,"href":"https:\/\/wp.ufpel.edu.br\/bachareladoemquimica\/wp-json\/wp\/v2\/pages\/13\/revisions\/1652"}],"wp:attachment":[{"href":"https:\/\/wp.ufpel.edu.br\/bachareladoemquimica\/wp-json\/wp\/v2\/media?parent=13"}],"curies":[{"name":"wp","href":"https:\/\/api.w.org\/{rel}","templated":true}]}}