{"id":10,"date":"2017-09-20T13:27:43","date_gmt":"2017-09-20T16:27:43","guid":{"rendered":"https:\/\/wp.ufpel.edu.br\/ayala\/?page_id=10"},"modified":"2017-09-20T13:27:43","modified_gmt":"2017-09-20T16:27:43","slug":"teoria-socio-historica","status":"publish","type":"page","link":"https:\/\/wp.ufpel.edu.br\/ayala\/teoria-socio-historica\/","title":{"rendered":"Teoria S\u00f3cio-hist\u00f3rica"},"content":{"rendered":"<p>Encontre material autoral sobre Teoria Socio-Hist\u00f3rica, \u00a0al\u00e9m de textos consagrados e links dispon\u00edveis sobre o tema.<\/p>\n","protected":false},"excerpt":{"rendered":"<p>Encontre material autoral sobre Teoria Socio-Hist\u00f3rica, \u00a0al\u00e9m de textos consagrados e links dispon\u00edveis sobre o tema.<\/p>\n","protected":false},"author":754,"featured_media":0,"parent":0,"menu_order":0,"comment_status":"closed","ping_status":"closed","template":"","meta":{"footnotes":""},"class_list":["post-10","page","type-page","status-publish","hentry"],"_links":{"self":[{"href":"https:\/\/wp.ufpel.edu.br\/ayala\/wp-json\/wp\/v2\/pages\/10","targetHints":{"allow":["GET"]}}],"collection":[{"href":"https:\/\/wp.ufpel.edu.br\/ayala\/wp-json\/wp\/v2\/pages"}],"about":[{"href":"https:\/\/wp.ufpel.edu.br\/ayala\/wp-json\/wp\/v2\/types\/page"}],"author":[{"embeddable":true,"href":"https:\/\/wp.ufpel.edu.br\/ayala\/wp-json\/wp\/v2\/users\/754"}],"replies":[{"embeddable":true,"href":"https:\/\/wp.ufpel.edu.br\/ayala\/wp-json\/wp\/v2\/comments?post=10"}],"version-history":[{"count":1,"href":"https:\/\/wp.ufpel.edu.br\/ayala\/wp-json\/wp\/v2\/pages\/10\/revisions"}],"predecessor-version":[{"id":12,"href":"https:\/\/wp.ufpel.edu.br\/ayala\/wp-json\/wp\/v2\/pages\/10\/revisions\/12"}],"wp:attachment":[{"href":"https:\/\/wp.ufpel.edu.br\/ayala\/wp-json\/wp\/v2\/media?parent=10"}],"curies":[{"name":"wp","href":"https:\/\/api.w.org\/{rel}","templated":true}]}}