{"id":2,"date":"2023-11-14T08:38:15","date_gmt":"2023-11-14T11:38:15","guid":{"rendered":"https:\/\/wp.ufpel.edu.br\/avozdoporto\/?page_id=2"},"modified":"2023-12-18T18:48:48","modified_gmt":"2023-12-18T21:48:48","slug":"quem-somos","status":"publish","type":"page","link":"https:\/\/wp.ufpel.edu.br\/avozdoporto\/quem-somos\/","title":{"rendered":"Quem somos"},"content":{"rendered":"<p style=\"text-align: center;\"><img loading=\"lazy\" decoding=\"async\" class=\"wp-image-127 aligncenter\" src=\"https:\/\/wp.ufpel.edu.br\/avozdoporto\/files\/2023\/12\/WhatsApp-Image-2023-11-30-at-09.43.48-1-1024x1024.jpeg\" alt=\"\" width=\"219\" height=\"219\" srcset=\"https:\/\/wp.ufpel.edu.br\/avozdoporto\/files\/2023\/12\/WhatsApp-Image-2023-11-30-at-09.43.48-1-1024x1024.jpeg 1024w, https:\/\/wp.ufpel.edu.br\/avozdoporto\/files\/2023\/12\/WhatsApp-Image-2023-11-30-at-09.43.48-1-400x400.jpeg 400w, https:\/\/wp.ufpel.edu.br\/avozdoporto\/files\/2023\/12\/WhatsApp-Image-2023-11-30-at-09.43.48-1-200x200.jpeg 200w, https:\/\/wp.ufpel.edu.br\/avozdoporto\/files\/2023\/12\/WhatsApp-Image-2023-11-30-at-09.43.48-1-768x768.jpeg 768w, https:\/\/wp.ufpel.edu.br\/avozdoporto\/files\/2023\/12\/WhatsApp-Image-2023-11-30-at-09.43.48-1-50x50.jpeg 50w, https:\/\/wp.ufpel.edu.br\/avozdoporto\/files\/2023\/12\/WhatsApp-Image-2023-11-30-at-09.43.48-1.jpeg 1080w\" sizes=\"auto, (max-width: 219px) 100vw, 219px\" \/><\/p>\n<p style=\"text-align: justify;\">Projeto da turma de jornalismo comunit\u00e1rio, 2023\/2, do Curso de Jornalismo da Universidade Federal de Pelotas, localizado no Campus Anglo, localizado no Porto da cidade. Objetivamos resgatar a hist\u00f3ria e a cultura da comunidade, bem como dar visibilidade \u00e0s demandas e viv\u00eancias contempor\u00e2neas das pessoas que habitam e circulam nesta localidade.<\/p>\n","protected":false},"excerpt":{"rendered":"<p>Projeto da turma de jornalismo comunit\u00e1rio, 2023\/2, do Curso de Jornalismo da Universidade Federal de Pelotas, localizado no Campus Anglo, localizado no Porto da cidade. Objetivamos resgatar a hist\u00f3ria e a cultura da comunidade, bem como dar visibilidade \u00e0s demandas e viv\u00eancias contempor\u00e2neas das pessoas que habitam e circulam nesta localidade.<\/p>\n","protected":false},"author":1346,"featured_media":0,"parent":0,"menu_order":0,"comment_status":"closed","ping_status":"closed","template":"","meta":{"footnotes":""},"class_list":["post-2","page","type-page","status-publish","hentry"],"_links":{"self":[{"href":"https:\/\/wp.ufpel.edu.br\/avozdoporto\/wp-json\/wp\/v2\/pages\/2","targetHints":{"allow":["GET"]}}],"collection":[{"href":"https:\/\/wp.ufpel.edu.br\/avozdoporto\/wp-json\/wp\/v2\/pages"}],"about":[{"href":"https:\/\/wp.ufpel.edu.br\/avozdoporto\/wp-json\/wp\/v2\/types\/page"}],"author":[{"embeddable":true,"href":"https:\/\/wp.ufpel.edu.br\/avozdoporto\/wp-json\/wp\/v2\/users\/1346"}],"replies":[{"embeddable":true,"href":"https:\/\/wp.ufpel.edu.br\/avozdoporto\/wp-json\/wp\/v2\/comments?post=2"}],"version-history":[{"count":6,"href":"https:\/\/wp.ufpel.edu.br\/avozdoporto\/wp-json\/wp\/v2\/pages\/2\/revisions"}],"predecessor-version":[{"id":135,"href":"https:\/\/wp.ufpel.edu.br\/avozdoporto\/wp-json\/wp\/v2\/pages\/2\/revisions\/135"}],"wp:attachment":[{"href":"https:\/\/wp.ufpel.edu.br\/avozdoporto\/wp-json\/wp\/v2\/media?parent=2"}],"curies":[{"name":"wp","href":"https:\/\/api.w.org\/{rel}","templated":true}]}}

<p style="text-align: center;"><img loading="lazy" decoding="async" class="wp-image-127 aligncenter" src="https://wp.ufpel.edu.br/avozdoporto/files/2023/12/WhatsApp-Image-2023-11-30-at-09.43.48-1-1024x1024.jpeg" alt="" width="219" height="219" srcset="https://wp.ufpel.edu.br/avozdoporto/files/2023/12/WhatsApp-Image-2023-11-30-at-09.43.48-1-1024x1024.jpeg 1024w, https://wp.ufpel.edu.br/avozdoporto/files/2023/12/WhatsApp-Image-2023-11-30-at-09.43.48-1-400x400.jpeg 400w, https://wp.ufpel.edu.br/avozdoporto/files/2023/12/WhatsApp-Image-2023-11-30-at-09.43.48-1-200x200.jpeg 200w, https://wp.ufpel.edu.br/avozdoporto/files/2023/12/WhatsApp-Image-2023-11-30-at-09.43.48-1-768x768.jpeg 768w, https://wp.ufpel.edu.br/avozdoporto/files/2023/12/WhatsApp-Image-2023-11-30-at-09.43.48-1-50x50.jpeg 50w, https://wp.ufpel.edu.br/avozdoporto/files/2023/12/WhatsApp-Image-2023-11-30-at-09.43.48-1.jpeg 1080w" sizes="auto, (max-width: 219px) 100vw, 219px" /></p>
<p style="text-align: justify;">Projeto da turma de jornalismo comunitário, 2023/2, do Curso de Jornalismo da Universidade Federal de Pelotas, localizado no Campus Anglo, localizado no Porto da cidade. Objetivamos resgatar a história e a cultura da comunidade, bem como dar visibilidade às demandas e vivências contemporâneas das pessoas que habitam e circulam nesta localidade.</p>

<p>Projeto da turma de jornalismo comunitário, 2023/2, do Curso de Jornalismo da Universidade Federal de Pelotas, localizado no Campus Anglo, localizado no Porto da cidade. Objetivamos resgatar a história e a cultura da comunidade, bem como dar visibilidade às demandas e vivências contemporâneas das pessoas que habitam e circulam nesta localidade.</p>
