{"id":2,"date":"2012-02-06T15:47:33","date_gmt":"2012-02-06T15:47:33","guid":{"rendered":"https:\/\/wp.ufpel.edu.br\/avicultura\/?page_id=2"},"modified":"2012-05-16T13:38:17","modified_gmt":"2012-05-16T16:38:17","slug":"sobre","status":"publish","type":"page","link":"https:\/\/wp.ufpel.edu.br\/avicultura\/sobre\/","title":{"rendered":"Sobre"},"content":{"rendered":"<p>Esta p\u00e1gina foi elaborada para dar continuidade ao processo ensino-aprendizagem, n\u00e3o restringindo-se somente \u00e0 sala de aula e fazendo uso de uma ferramenta \u00e1gil e moderna.<\/p>\n<p>Qualquer d\u00favida na consulta do material disponibilizado, fa\u00e7a contato.<\/p>\n<p>Bom estudo!<\/p>\n<p>Prof. Jerri T. Zanusso<\/p>\n","protected":false},"excerpt":{"rendered":"<p>Esta p\u00e1gina foi elaborada para dar continuidade ao processo ensino-aprendizagem, n\u00e3o restringindo-se somente \u00e0 sala de aula e fazendo uso de uma ferramenta \u00e1gil e moderna. Qualquer d\u00favida na consulta do material disponibilizado, fa\u00e7a contato. Bom estudo! Prof. Jerri T. Zanusso<\/p>\n","protected":false},"author":59,"featured_media":0,"parent":0,"menu_order":0,"comment_status":"closed","ping_status":"open","template":"","meta":{"footnotes":""},"class_list":["post-2","page","type-page","status-publish","hentry"],"_links":{"self":[{"href":"https:\/\/wp.ufpel.edu.br\/avicultura\/wp-json\/wp\/v2\/pages\/2","targetHints":{"allow":["GET"]}}],"collection":[{"href":"https:\/\/wp.ufpel.edu.br\/avicultura\/wp-json\/wp\/v2\/pages"}],"about":[{"href":"https:\/\/wp.ufpel.edu.br\/avicultura\/wp-json\/wp\/v2\/types\/page"}],"author":[{"embeddable":true,"href":"https:\/\/wp.ufpel.edu.br\/avicultura\/wp-json\/wp\/v2\/users\/59"}],"replies":[{"embeddable":true,"href":"https:\/\/wp.ufpel.edu.br\/avicultura\/wp-json\/wp\/v2\/comments?post=2"}],"version-history":[{"count":4,"href":"https:\/\/wp.ufpel.edu.br\/avicultura\/wp-json\/wp\/v2\/pages\/2\/revisions"}],"predecessor-version":[{"id":26,"href":"https:\/\/wp.ufpel.edu.br\/avicultura\/wp-json\/wp\/v2\/pages\/2\/revisions\/26"}],"wp:attachment":[{"href":"https:\/\/wp.ufpel.edu.br\/avicultura\/wp-json\/wp\/v2\/media?parent=2"}],"curies":[{"name":"wp","href":"https:\/\/api.w.org\/{rel}","templated":true}]}}