{"id":285,"date":"2012-06-06T17:10:24","date_gmt":"2012-06-06T20:10:24","guid":{"rendered":"https:\/\/wp.ufpel.edu.br\/audin\/?page_id=285"},"modified":"2026-03-23T16:48:00","modified_gmt":"2026-03-23T19:48:00","slug":"equipe","status":"publish","type":"page","link":"https:\/\/wp.ufpel.edu.br\/audin\/auditoria-interna\/equipe\/","title":{"rendered":"Equipe T\u00e9cnica"},"content":{"rendered":"<p><span style=\"font-family: verdana, geneva, sans-serif; font-size: 12pt;\"><strong>CHEFE DA UNIDADE DE AUDITORIA INTERNA:<\/strong><\/span><\/p>\n<p><span style=\"font-family: verdana, geneva, sans-serif; font-size: 12pt;\"><strong>Gerson Luiz Cardoso da Silva (Auditor-Chefe)<\/strong><\/span><br \/>\n<span style=\"font-family: verdana, geneva, sans-serif; font-size: 12pt;\">Experi\u00eancia no setor p\u00fablico desde 1991, com ingresso no cargo de contador no mesmo ano. Graduado em Ci\u00eancias Cont\u00e1beis e em Direito, especialista em Controladoria e Finan\u00e7as e em Administra\u00e7\u00e3o P\u00fablica e mestre em Sociologia.<\/span><\/p>\n<p>&nbsp;<\/p>\n<p><span style=\"font-family: verdana, geneva, sans-serif; font-size: 12pt;\"><strong>EQUIPE T\u00c9CNICA:<\/strong><\/span><\/p>\n<p><span style=\"font-family: verdana, geneva, sans-serif; font-size: 12pt;\"><strong>Ana Let\u00edcia Pald\u00eas da Costa<\/strong><\/span><br \/>\n<span style=\"font-family: verdana, geneva, sans-serif; font-size: 12pt;\">Experi\u00eancia no setor p\u00fablico desde 2018, com ingresso no cargo de auditor em 2024. Graduada em Economia, especialista em Gest\u00e3o Tribut\u00e1ria, p\u00f3s-graduanda em Contabilidade P\u00fablica e Auditoria e mestranda em Administra\u00e7\u00e3o P\u00fablica.<\/span><\/p>\n<p><span style=\"font-family: verdana, geneva, sans-serif; font-size: 12pt;\"><strong>Carlos Arthur Saldanha Dias<\/strong><\/span><br \/>\n<span style=\"font-family: verdana, geneva, sans-serif; font-size: 12pt;\">Experi\u00eancia no setor p\u00fablico desde 1989, com ingresso no cargo de auditor em 2011. Graduado em Direito e especialista em Direito Ambiental.<\/span><\/p>\n<p><span style=\"font-family: verdana, geneva, sans-serif; font-size: 12pt;\"><strong>Helen Let\u00edcia Grala Jacobsen Duarte Romero<\/strong><\/span><br \/>\n<span style=\"font-family: verdana, geneva, sans-serif; font-size: 12pt;\">Experi\u00eancia no setor p\u00fablico desde 2001, com ingresso no cargo de auditor em 2011. Graduada em Direito, especialista em Direito Ambiental e em Administra\u00e7\u00e3o P\u00fablica e Gest\u00e3o, mestra e doutora em Ci\u00eancia Pol\u00edtica.<\/span><\/p>\n<p><span style=\"font-family: verdana, geneva, sans-serif; font-size: 12pt;\"><strong>J\u00falio Augusto Jesus Lopez<\/strong><\/span><br \/>\n<span style=\"font-family: verdana, geneva, sans-serif; font-size: 12pt;\">Experi\u00eancia no setor p\u00fablico desde 2019, com ingresso no cargo de auditor em 2024. Graduado em Direito, p\u00f3s-graduando em Direito do Trabalho e Processo do Trabalho, mestre em Direito e doutorando em Antropologia Social.<\/span><\/p>\n<p><span style=\"font-family: verdana, geneva, sans-serif; font-size: 12pt;\"><strong>Let\u00edcia dos Passos Pereira Dias<\/strong><\/span><br \/>\n<span style=\"font-family: verdana, geneva, sans-serif; font-size: 12pt;\">Experi\u00eancia no setor p\u00fablico desde 2008, com ingresso no cargo de auditor em 2014. Graduada em Direito, especialista em Direito P\u00fablico, mestra em Administra\u00e7\u00e3o P\u00fablica e doutoranda em Educa\u00e7\u00e3o Ambiental.<\/span><\/p>\n<p>&nbsp;<\/p>\n","protected":false},"excerpt":{"rendered":"<p>CHEFE DA UNIDADE DE AUDITORIA INTERNA: Gerson Luiz Cardoso da Silva (Auditor-Chefe) Experi\u00eancia no setor p\u00fablico desde 1991, com ingresso no cargo de contador no mesmo ano. Graduado em Ci\u00eancias Cont\u00e1beis e em Direito, especialista em Controladoria e Finan\u00e7as e em Administra\u00e7\u00e3o P\u00fablica e mestre em Sociologia. &nbsp; EQUIPE T\u00c9CNICA: Ana Let\u00edcia Pald\u00eas da Costa [&hellip;]<\/p>\n","protected":false},"author":127,"featured_media":0,"parent":25,"menu_order":2,"comment_status":"closed","ping_status":"closed","template":"","meta":{"footnotes":""},"class_list":["post-285","page","type-page","status-publish","hentry"],"jetpack_sharing_enabled":true,"_links":{"self":[{"href":"https:\/\/wp.ufpel.edu.br\/audin\/wp-json\/wp\/v2\/pages\/285","targetHints":{"allow":["GET"]}}],"collection":[{"href":"https:\/\/wp.ufpel.edu.br\/audin\/wp-json\/wp\/v2\/pages"}],"about":[{"href":"https:\/\/wp.ufpel.edu.br\/audin\/wp-json\/wp\/v2\/types\/page"}],"author":[{"embeddable":true,"href":"https:\/\/wp.ufpel.edu.br\/audin\/wp-json\/wp\/v2\/users\/127"}],"replies":[{"embeddable":true,"href":"https:\/\/wp.ufpel.edu.br\/audin\/wp-json\/wp\/v2\/comments?post=285"}],"version-history":[{"count":4,"href":"https:\/\/wp.ufpel.edu.br\/audin\/wp-json\/wp\/v2\/pages\/285\/revisions"}],"predecessor-version":[{"id":3108,"href":"https:\/\/wp.ufpel.edu.br\/audin\/wp-json\/wp\/v2\/pages\/285\/revisions\/3108"}],"up":[{"embeddable":true,"href":"https:\/\/wp.ufpel.edu.br\/audin\/wp-json\/wp\/v2\/pages\/25"}],"wp:attachment":[{"href":"https:\/\/wp.ufpel.edu.br\/audin\/wp-json\/wp\/v2\/media?parent=285"}],"curies":[{"name":"wp","href":"https:\/\/api.w.org\/{rel}","templated":true}]}}

Equipe Técnica

<p><span style="font-family: verdana, geneva, sans-serif; font-size: 12pt;"><strong>CHEFE DA UNIDADE DE AUDITORIA INTERNA:</strong></span></p>
<p><span style="font-family: verdana, geneva, sans-serif; font-size: 12pt;"><strong>Gerson Luiz Cardoso da Silva (Auditor-Chefe)</strong></span><br />
<span style="font-family: verdana, geneva, sans-serif; font-size: 12pt;">Experiência no setor público desde 1991, com ingresso no cargo de contador no mesmo ano. Graduado em Ciências Contábeis e em Direito, especialista em Controladoria e Finanças e em Administração Pública e mestre em Sociologia.</span></p>
<p>&nbsp;</p>
<p><span style="font-family: verdana, geneva, sans-serif; font-size: 12pt;"><strong>EQUIPE TÉCNICA:</strong></span></p>
<p><span style="font-family: verdana, geneva, sans-serif; font-size: 12pt;"><strong>Ana Letícia Paldês da Costa</strong></span><br />
<span style="font-family: verdana, geneva, sans-serif; font-size: 12pt;">Experiência no setor público desde 2018, com ingresso no cargo de auditor em 2024. Graduada em Economia, especialista em Gestão Tributária, pós-graduanda em Contabilidade Pública e Auditoria e mestranda em Administração Pública.</span></p>
<p><span style="font-family: verdana, geneva, sans-serif; font-size: 12pt;"><strong>Carlos Arthur Saldanha Dias</strong></span><br />
<span style="font-family: verdana, geneva, sans-serif; font-size: 12pt;">Experiência no setor público desde 1989, com ingresso no cargo de auditor em 2011. Graduado em Direito e especialista em Direito Ambiental.</span></p>
<p><span style="font-family: verdana, geneva, sans-serif; font-size: 12pt;"><strong>Helen Letícia Grala Jacobsen Duarte Romero</strong></span><br />
<span style="font-family: verdana, geneva, sans-serif; font-size: 12pt;">Experiência no setor público desde 2001, com ingresso no cargo de auditor em 2011. Graduada em Direito, especialista em Direito Ambiental e em Administração Pública e Gestão, mestra e doutora em Ciência Política.</span></p>
<p><span style="font-family: verdana, geneva, sans-serif; font-size: 12pt;"><strong>Júlio Augusto Jesus Lopez</strong></span><br />
<span style="font-family: verdana, geneva, sans-serif; font-size: 12pt;">Experiência no setor público desde 2019, com ingresso no cargo de auditor em 2024. Graduado em Direito, pós-graduando em Direito do Trabalho e Processo do Trabalho, mestre em Direito e doutorando em Antropologia Social.</span></p>
<p><span style="font-family: verdana, geneva, sans-serif; font-size: 12pt;"><strong>Letícia dos Passos Pereira Dias</strong></span><br />
<span style="font-family: verdana, geneva, sans-serif; font-size: 12pt;">Experiência no setor público desde 2008, com ingresso no cargo de auditor em 2014. Graduada em Direito, especialista em Direito Público, mestra em Administração Pública e doutoranda em Educação Ambiental.</span></p>
<p>&nbsp;</p>

<p>CHEFE DA UNIDADE DE AUDITORIA INTERNA: Gerson Luiz Cardoso da Silva (Auditor-Chefe) Experiência no setor público desde 1991, com ingresso no cargo de contador no mesmo ano. Graduado em Ciências Contábeis e em Direito, especialista em Controladoria e Finanças e em Administração Pública e mestre em Sociologia. &nbsp; EQUIPE TÉCNICA: Ana Letícia Paldês da Costa [&hellip;]</p>
