{"id":25,"date":"2011-10-19T12:51:30","date_gmt":"2011-10-19T15:51:30","guid":{"rendered":"https:\/\/wp.ufpel.edu.br\/audin\/"},"modified":"2022-12-19T09:22:42","modified_gmt":"2022-12-19T12:22:42","slug":"auditoria-interna","status":"publish","type":"page","link":"https:\/\/wp.ufpel.edu.br\/audin\/","title":{"rendered":"Apresenta\u00e7\u00e3o"},"content":{"rendered":"<p><span style=\"font-family: verdana, geneva, sans-serif;\">A Unidade de Auditoria Interna (Audin) da Funda\u00e7\u00e3o Universidade Federal de Pelotas (UFPel) \u00e9 um \u00f3rg\u00e3o t\u00e9cnico de avalia\u00e7\u00e3o e de consultoria, que atua de forma independente e objetiva, a partir de uma abordagem sistem\u00e1tica e disciplinada, em conformidade com os padr\u00f5es e as normas nacionais e internacionais relativas \u00e0 atividade de auditoria interna e \u00e0 conduta profissional dos servidores.<\/span><\/p>\n<p><span style=\"font-family: verdana, geneva, sans-serif;\">A Audin foi criada na UFPel por interm\u00e9dio da Resolu\u00e7\u00e3o do Conselho Universit\u00e1rio n\u00ba 02\/1986. A Unidade possui vincula\u00e7\u00e3o funcional ao Conselho Diretor e administrativa \u00e0 Reitora, e sujeita-se \u00e0 supervis\u00e3o t\u00e9cnica e orienta\u00e7\u00e3o normativa da Controladoria Geral da Uni\u00e3o.<\/span><\/p>\n<p><span style=\"font-family: verdana, geneva, sans-serif;\"><strong>Prop\u00f3sito:<\/strong>\u00a0<em>Contribuir para o aprimoramento dos processos de governan\u00e7a, de gerenciamento de riscos e de controles internos da UFPel.<\/em><\/span><\/p>\n<p><span style=\"font-family: verdana, geneva, sans-serif;\"><strong>Miss\u00e3o:<\/strong>\u00a0<em>Proteger e aumentar o valor institucional, por meio de servi\u00e7os de avalia\u00e7\u00e3o e de consultoria baseados em riscos.<\/em><\/span><\/p>\n","protected":false},"excerpt":{"rendered":"<p>A Unidade de Auditoria Interna (Audin) da Funda\u00e7\u00e3o Universidade Federal de Pelotas (UFPel) \u00e9 um \u00f3rg\u00e3o t\u00e9cnico de avalia\u00e7\u00e3o e de consultoria, que atua de forma independente e objetiva, a partir de uma abordagem sistem\u00e1tica e disciplinada, em conformidade com os padr\u00f5es e as normas nacionais e internacionais relativas \u00e0 atividade de auditoria interna e [&hellip;]<\/p>\n","protected":false},"author":127,"featured_media":0,"parent":0,"menu_order":0,"comment_status":"closed","ping_status":"closed","template":"","meta":{"footnotes":""},"class_list":["post-25","page","type-page","status-publish","hentry"],"jetpack_sharing_enabled":true,"_links":{"self":[{"href":"https:\/\/wp.ufpel.edu.br\/audin\/wp-json\/wp\/v2\/pages\/25","targetHints":{"allow":["GET"]}}],"collection":[{"href":"https:\/\/wp.ufpel.edu.br\/audin\/wp-json\/wp\/v2\/pages"}],"about":[{"href":"https:\/\/wp.ufpel.edu.br\/audin\/wp-json\/wp\/v2\/types\/page"}],"author":[{"embeddable":true,"href":"https:\/\/wp.ufpel.edu.br\/audin\/wp-json\/wp\/v2\/users\/127"}],"replies":[{"embeddable":true,"href":"https:\/\/wp.ufpel.edu.br\/audin\/wp-json\/wp\/v2\/comments?post=25"}],"version-history":[{"count":61,"href":"https:\/\/wp.ufpel.edu.br\/audin\/wp-json\/wp\/v2\/pages\/25\/revisions"}],"predecessor-version":[{"id":2438,"href":"https:\/\/wp.ufpel.edu.br\/audin\/wp-json\/wp\/v2\/pages\/25\/revisions\/2438"}],"wp:attachment":[{"href":"https:\/\/wp.ufpel.edu.br\/audin\/wp-json\/wp\/v2\/media?parent=25"}],"curies":[{"name":"wp","href":"https:\/\/api.w.org\/{rel}","templated":true}]}}