{"id":1927,"date":"2020-07-29T15:27:18","date_gmt":"2020-07-29T18:27:18","guid":{"rendered":"https:\/\/wp.ufpel.edu.br\/audin\/?page_id=1927"},"modified":"2026-01-07T09:48:25","modified_gmt":"2026-01-07T12:48:25","slug":"programa-de-gestao-e-melhoria-da-qualidade-pgmq","status":"publish","type":"page","link":"https:\/\/wp.ufpel.edu.br\/audin\/documentos\/programa-de-gestao-e-melhoria-da-qualidade-pgmq\/","title":{"rendered":"Programa de Gest\u00e3o e Melhoria da Qualidade"},"content":{"rendered":"<p><span style=\"font-size: 14pt;\"><a href=\"https:\/\/wp.ufpel.edu.br\/audin\/files\/2023\/10\/Programa_de_Gestao_da_Melhoria_e_Qualidade___PGMQ.pdf\" target=\"_blank\" rel=\"noopener\"><span style=\"font-family: verdana, geneva, sans-serif;\">Programa de Gest\u00e3o e Melhoria da Qualidade &#8211; PGMQ <span style=\"font-size: 10pt;\">(documento)<\/span><\/span><\/a><\/span><\/p>\n<p>&nbsp;<\/p>\n<p><span style=\"font-family: verdana, geneva, sans-serif;\">Ano 2026:<\/span><\/p>\n<p><span style=\"font-family: verdana, geneva, sans-serif;\"><a href=\"https:\/\/wp.ufpel.edu.br\/audin\/files\/2026\/01\/Plano_de_Acao_PGMQ_2026-ParaPublicacao.pdf\" target=\"_blank\" rel=\"noopener\">Plano de A\u00e7\u00e3o PGMQ 2026<\/a><\/span><\/p>\n<p>&nbsp;<\/p>\n<p><span style=\"font-family: verdana, geneva, sans-serif;\">Ano 2025:<\/span><\/p>\n<p><span style=\"font-family: verdana, geneva, sans-serif;\"><a href=\"https:\/\/wp.ufpel.edu.br\/audin\/files\/2025\/03\/Plano_de_Acao_PGMQ_Audin_UFPel_01.2025_Publicado.pdf\" target=\"_blank\" rel=\"noopener\">Plano de A\u00e7\u00e3o PGMQ 2025<\/a><\/span><\/p>\n<p><span style=\"font-family: verdana, geneva, sans-serif;\"><a href=\"https:\/\/wp.ufpel.edu.br\/audin\/files\/2026\/01\/Informativo_Audin_2025_Final.ParaPublicacao.pdf\" target=\"_blank\" rel=\"noopener\">Informativo da Audin 2025<\/a><\/span><\/p>\n<p><span style=\"font-family: verdana, geneva, sans-serif;\"><a href=\"https:\/\/wp.ufpel.edu.br\/audin\/files\/2026\/01\/Relatorio_PGMQ_2025-ParaPublicacao.pdf\" target=\"_blank\" rel=\"noopener\">Relat\u00f3rio PGMQ 2025<\/a><\/span><\/p>\n<p>&nbsp;<\/p>\n<p><span style=\"font-family: verdana, geneva, sans-serif;\">Ano 2024:<\/span><\/p>\n<p><span style=\"font-family: verdana, geneva, sans-serif;\"><a href=\"https:\/\/wp.ufpel.edu.br\/audin\/files\/2024\/03\/Plano_de_Acao_PGMQ_Audin_UFPel_01.2024.pdf\" target=\"_blank\" rel=\"noopener\">Plano de A\u00e7\u00e3o PGMQ 2024<\/a><\/span><\/p>\n<p><a href=\"https:\/\/wp.ufpel.edu.br\/audin\/files\/2025\/03\/Informativo_da_Audin_2024_Publicado.pdf\" target=\"_blank\" rel=\"noopener\">Informativo da Audin 2024<\/a><\/p>\n<p><a href=\"https:\/\/wp.ufpel.edu.br\/audin\/files\/2025\/03\/PGMQ_Relatorio_2024_Publicado.pdf\" target=\"_blank\" rel=\"noopener\">Relat\u00f3rio PGMQ 2024<\/a><\/p>\n<p>&nbsp;<\/p>\n<p><span style=\"font-family: verdana, geneva, sans-serif;\">Ano 2023:<\/span><\/p>\n<p><span style=\"font-family: verdana, geneva, sans-serif;\"><a href=\"https:\/\/wp.ufpel.edu.br\/audin\/files\/2024\/03\/Plano_de_Acao_PGMQ_Audin_2023.pdf\" target=\"_blank\" rel=\"noopener\">Plano de A\u00e7\u00e3o PGMQ 2023<\/a><\/span><\/p>\n<p><span style=\"font-family: verdana, geneva, sans-serif;\"><a href=\"https:\/\/wp.ufpel.edu.br\/audin\/files\/2024\/03\/Informativo-da-Audin-2023-Versao-28.03.24.pdf\" target=\"_blank\" rel=\"noopener\">Informativo da Audin 2023<\/a><\/span><\/p>\n<p><span style=\"font-family: verdana, geneva, sans-serif;\"><a href=\"https:\/\/wp.ufpel.edu.br\/audin\/files\/2024\/03\/PGMQ-Relatorio-2023-para-publicacao.pdf\" target=\"_blank\" rel=\"noopener\">Relat\u00f3rio PGMQ 2023<\/a><\/span><\/p>\n","protected":false},"excerpt":{"rendered":"<p>Programa de Gest\u00e3o e Melhoria da Qualidade &#8211; PGMQ (documento) &nbsp; Ano 2026: Plano de A\u00e7\u00e3o PGMQ 2026 &nbsp; Ano 2025: Plano de A\u00e7\u00e3o PGMQ 2025 Informativo da Audin 2025 Relat\u00f3rio PGMQ 2025 &nbsp; Ano 2024: Plano de A\u00e7\u00e3o PGMQ 2024 Informativo da Audin 2024 Relat\u00f3rio PGMQ 2024 &nbsp; Ano 2023: Plano de A\u00e7\u00e3o PGMQ [&hellip;]<\/p>\n","protected":false},"author":127,"featured_media":0,"parent":51,"menu_order":0,"comment_status":"closed","ping_status":"closed","template":"","meta":{"footnotes":""},"class_list":["post-1927","page","type-page","status-publish","hentry"],"jetpack_sharing_enabled":true,"_links":{"self":[{"href":"https:\/\/wp.ufpel.edu.br\/audin\/wp-json\/wp\/v2\/pages\/1927","targetHints":{"allow":["GET"]}}],"collection":[{"href":"https:\/\/wp.ufpel.edu.br\/audin\/wp-json\/wp\/v2\/pages"}],"about":[{"href":"https:\/\/wp.ufpel.edu.br\/audin\/wp-json\/wp\/v2\/types\/page"}],"author":[{"embeddable":true,"href":"https:\/\/wp.ufpel.edu.br\/audin\/wp-json\/wp\/v2\/users\/127"}],"replies":[{"embeddable":true,"href":"https:\/\/wp.ufpel.edu.br\/audin\/wp-json\/wp\/v2\/comments?post=1927"}],"version-history":[{"count":4,"href":"https:\/\/wp.ufpel.edu.br\/audin\/wp-json\/wp\/v2\/pages\/1927\/revisions"}],"predecessor-version":[{"id":3107,"href":"https:\/\/wp.ufpel.edu.br\/audin\/wp-json\/wp\/v2\/pages\/1927\/revisions\/3107"}],"up":[{"embeddable":true,"href":"https:\/\/wp.ufpel.edu.br\/audin\/wp-json\/wp\/v2\/pages\/51"}],"wp:attachment":[{"href":"https:\/\/wp.ufpel.edu.br\/audin\/wp-json\/wp\/v2\/media?parent=1927"}],"curies":[{"name":"wp","href":"https:\/\/api.w.org\/{rel}","templated":true}]}}