{"id":2,"date":"2013-10-09T16:50:09","date_gmt":"2013-10-09T16:50:09","guid":{"rendered":"https:\/\/wp.ufpel.edu.br\/atletasdofuturo\/?page_id=2"},"modified":"2013-10-23T12:50:31","modified_gmt":"2013-10-23T14:50:31","slug":"apoio","status":"publish","type":"page","link":"https:\/\/wp.ufpel.edu.br\/atletasdofuturo\/apoio\/","title":{"rendered":"Apoio"},"content":{"rendered":"<p><a href=\"http:\/\/www.cbj.com.br\/\" target=\"_blank\"><img loading=\"lazy\" decoding=\"async\" class=\"alignnone  wp-image-20\" alt=\"judo\" src=\"https:\/\/wp.ufpel.edu.br\/atletasdofuturo\/files\/2013\/10\/judo.png\" width=\"150\" height=\"151\" srcset=\"https:\/\/wp.ufpel.edu.br\/atletasdofuturo\/files\/2013\/10\/judo.png 250w, https:\/\/wp.ufpel.edu.br\/atletasdofuturo\/files\/2013\/10\/judo-150x150.png 150w\" sizes=\"auto, (max-width: 150px) 100vw, 150px\" \/><\/a>\u00a0 \u00a0 \u00a0Confedera\u00e7\u00e3o Brasileira de Jud\u00f4<\/p>\n<p><a href=\"http:\/\/www.cbat.org.br\/\" target=\"_blank\"><img loading=\"lazy\" decoding=\"async\" class=\"alignnone  wp-image-22\" title=\"Confedera\u00e7\u00e3o Brasileira de Atletismo\" alt=\"atletismo\" src=\"https:\/\/wp.ufpel.edu.br\/atletasdofuturo\/files\/2013\/10\/atletismo.png\" width=\"150\" height=\"151\" srcset=\"https:\/\/wp.ufpel.edu.br\/atletasdofuturo\/files\/2013\/10\/atletismo.png 250w, https:\/\/wp.ufpel.edu.br\/atletasdofuturo\/files\/2013\/10\/atletismo-150x150.png 150w\" sizes=\"auto, (max-width: 150px) 100vw, 150px\" \/><\/a>\u00a0 \u00a0 \u00a0Confedera\u00e7\u00e3o Brasileira de Atletismo<\/p>\n<p><a href=\"http:\/\/www.cbbs.com.br\/\" target=\"_blank\"><img loading=\"lazy\" decoding=\"async\" class=\"alignnone  wp-image-23\" alt=\"cbbs\" src=\"https:\/\/wp.ufpel.edu.br\/atletasdofuturo\/files\/2013\/10\/cbbs.png\" width=\"150\" height=\"151\" srcset=\"https:\/\/wp.ufpel.edu.br\/atletasdofuturo\/files\/2013\/10\/cbbs.png 250w, https:\/\/wp.ufpel.edu.br\/atletasdofuturo\/files\/2013\/10\/cbbs-150x150.png 150w\" sizes=\"auto, (max-width: 150px) 100vw, 150px\" \/><\/a>\u00a0 \u00a0\u00a0Confedera\u00e7\u00e3o Brasileira de Beach Soccer<\/p>\n","protected":false},"excerpt":{"rendered":"<p>\u00a0 \u00a0 \u00a0Confedera\u00e7\u00e3o Brasileira de Jud\u00f4 \u00a0 \u00a0 \u00a0Confedera\u00e7\u00e3o Brasileira de Atletismo \u00a0 \u00a0\u00a0Confedera\u00e7\u00e3o Brasileira de Beach Soccer<\/p>\n","protected":false},"author":274,"featured_media":0,"parent":0,"menu_order":4,"comment_status":"closed","ping_status":"open","template":"","meta":{"footnotes":""},"class_list":["post-2","page","type-page","status-publish","hentry"],"_links":{"self":[{"href":"https:\/\/wp.ufpel.edu.br\/atletasdofuturo\/wp-json\/wp\/v2\/pages\/2","targetHints":{"allow":["GET"]}}],"collection":[{"href":"https:\/\/wp.ufpel.edu.br\/atletasdofuturo\/wp-json\/wp\/v2\/pages"}],"about":[{"href":"https:\/\/wp.ufpel.edu.br\/atletasdofuturo\/wp-json\/wp\/v2\/types\/page"}],"author":[{"embeddable":true,"href":"https:\/\/wp.ufpel.edu.br\/atletasdofuturo\/wp-json\/wp\/v2\/users\/274"}],"replies":[{"embeddable":true,"href":"https:\/\/wp.ufpel.edu.br\/atletasdofuturo\/wp-json\/wp\/v2\/comments?post=2"}],"version-history":[{"count":6,"href":"https:\/\/wp.ufpel.edu.br\/atletasdofuturo\/wp-json\/wp\/v2\/pages\/2\/revisions"}],"predecessor-version":[{"id":48,"href":"https:\/\/wp.ufpel.edu.br\/atletasdofuturo\/wp-json\/wp\/v2\/pages\/2\/revisions\/48"}],"wp:attachment":[{"href":"https:\/\/wp.ufpel.edu.br\/atletasdofuturo\/wp-json\/wp\/v2\/media?parent=2"}],"curies":[{"name":"wp","href":"https:\/\/api.w.org\/{rel}","templated":true}]}}

<p><a href="http://www.cbj.com.br/" target="_blank"><img loading="lazy" decoding="async" class="alignnone  wp-image-20" alt="judo" src="https://wp.ufpel.edu.br/atletasdofuturo/files/2013/10/judo.png" width="150" height="151" srcset="https://wp.ufpel.edu.br/atletasdofuturo/files/2013/10/judo.png 250w, https://wp.ufpel.edu.br/atletasdofuturo/files/2013/10/judo-150x150.png 150w" sizes="auto, (max-width: 150px) 100vw, 150px" /></a>     Confederação Brasileira de Judô</p>
<p><a href="http://www.cbat.org.br/" target="_blank"><img loading="lazy" decoding="async" class="alignnone  wp-image-22" title="Confederação Brasileira de Atletismo" alt="atletismo" src="https://wp.ufpel.edu.br/atletasdofuturo/files/2013/10/atletismo.png" width="150" height="151" srcset="https://wp.ufpel.edu.br/atletasdofuturo/files/2013/10/atletismo.png 250w, https://wp.ufpel.edu.br/atletasdofuturo/files/2013/10/atletismo-150x150.png 150w" sizes="auto, (max-width: 150px) 100vw, 150px" /></a>     Confederação Brasileira de Atletismo</p>
<p><a href="http://www.cbbs.com.br/" target="_blank"><img loading="lazy" decoding="async" class="alignnone  wp-image-23" alt="cbbs" src="https://wp.ufpel.edu.br/atletasdofuturo/files/2013/10/cbbs.png" width="150" height="151" srcset="https://wp.ufpel.edu.br/atletasdofuturo/files/2013/10/cbbs.png 250w, https://wp.ufpel.edu.br/atletasdofuturo/files/2013/10/cbbs-150x150.png 150w" sizes="auto, (max-width: 150px) 100vw, 150px" /></a>    Confederação Brasileira de Beach Soccer</p>

<p>     Confederação Brasileira de Judô      Confederação Brasileira de Atletismo     Confederação Brasileira de Beach Soccer</p>
