{"id":1152,"date":"2021-08-30T15:27:52","date_gmt":"2021-08-30T18:27:52","guid":{"rendered":"https:\/\/wp.ufpel.edu.br\/atlasdearquitetura\/?page_id=1152"},"modified":"2022-06-09T04:04:42","modified_gmt":"2022-06-09T07:04:42","slug":"turma-2020-1","status":"publish","type":"page","link":"https:\/\/wp.ufpel.edu.br\/atlasdearquitetura\/turma-2020-1\/","title":{"rendered":"turma 2020\/1"},"content":{"rendered":"<p><strong>Tema: <\/strong>COLETIVOS\u00a0CONTEMPOR\u00c2NEOS<\/p>\n<p><strong>Professores:<\/strong> EDUARDO ROCHA<\/p>\n<p><strong>Alunos:<\/strong><\/p>\n<p><a href=\"https:\/\/wp.ufpel.edu.br\/atlasdearquitetura\/?page_id=1348&amp;preview=true\">ALINE FERREIRA<\/a><\/p>\n<p><a href=\"https:\/\/wp.ufpel.edu.br\/atlasdearquitetura\/?page_id=1395&amp;preview=true\">ARTHUR SAMPAIO<\/a><\/p>\n<p><a href=\"https:\/\/wp.ufpel.edu.br\/atlasdearquitetura\/?page_id=1316&amp;preview=true\">CAETANO BAGGIO<\/a><\/p>\n<p><a href=\"https:\/\/wp.ufpel.edu.br\/atlasdearquitetura\/vazio-s-a\/\">GUILHERME ZITZKE<\/a><\/p>\n<p><a href=\"https:\/\/wp.ufpel.edu.br\/atlasdearquitetura\/semillas\/\">JAQUELINE MESQUITA<\/a><\/p>\n<p><a href=\"https:\/\/wp.ufpel.edu.br\/atlasdearquitetura\/?page_id=1332&amp;preview=true\">JONATAN MOREIRA<\/a><\/p>\n<p><a href=\"https:\/\/wp.ufpel.edu.br\/atlasdearquitetura\/estudio-modulo\/\">J\u00daLIA KADES<\/a><\/p>\n<p><a href=\"https:\/\/wp.ufpel.edu.br\/atlasdearquitetura\/semillas\/\">KAU\u00c3NA PEREIRA<\/a><\/p>\n<p><a href=\"https:\/\/wp.ufpel.edu.br\/atlasdearquitetura\/vazio-s-a\/\">LAURA FALCADE<\/a><\/p>\n<p><a href=\"https:\/\/wp.ufpel.edu.br\/atlasdearquitetura\/vazio-s-a\/\">L\u00cdVIA GOULART<\/a><\/p>\n<p><a href=\"https:\/\/wp.ufpel.edu.br\/atlasdearquitetura\/?page_id=1348&amp;preview=true\">LUAN HARTMAN<\/a><\/p>\n<p><a href=\"https:\/\/wp.ufpel.edu.br\/atlasdearquitetura\/?page_id=1395&amp;preview=true\">MARCELA DIAS<\/a><\/p>\n<p><a href=\"https:\/\/wp.ufpel.edu.br\/atlasdearquitetura\/?page_id=1316&amp;preview=true\">MARIA ANT\u00d4NIA ZANETTIN<\/a><\/p>\n<p><a href=\"https:\/\/wp.ufpel.edu.br\/atlasdearquitetura\/?page_id=1395&amp;preview=true\">MARIA FERNANDA PINTO NETO<\/a><\/p>\n<p><a href=\"https:\/\/wp.ufpel.edu.br\/atlasdearquitetura\/semillas\/\">MARIANA WARDELMANN<\/a><\/p>\n<p><a href=\"https:\/\/wp.ufpel.edu.br\/atlasdearquitetura\/?page_id=1332&amp;preview=true\">N\u00c1TALIN LOUREN\u00c7O<\/a><\/p>\n<p><a href=\"https:\/\/wp.ufpel.edu.br\/atlasdearquitetura\/estudio-modulo\/\">NATHANIELE SILVEIRA<\/a><\/p>\n<p><a href=\"https:\/\/wp.ufpel.edu.br\/atlasdearquitetura\/?page_id=1316&amp;preview=true\">OT\u00c1VIO MANTA VIELA<\/a><\/p>\n<p><a href=\"https:\/\/wp.ufpel.edu.br\/atlasdearquitetura\/?page_id=1332&amp;preview=true\">RA\u00cdSSA PEREIRA<\/a><\/p>\n<p><a href=\"https:\/\/wp.ufpel.edu.br\/atlasdearquitetura\/?page_id=1348&amp;preview=true\">TIFANY CARDOSO<\/a><\/p>\n<p><a href=\"https:\/\/wp.ufpel.edu.br\/atlasdearquitetura\/estudio-modulo\/\">VAL\u00c9RIA MENDON\u00c7A<\/a><\/p>\n<p><iframe loading=\"lazy\" src=\"https:\/\/www.google.com\/maps\/d\/embed?mid=1Fhr7nRM2bRjhgrTTmXUv3-PqVUNYbMxC&#038;ehbc=2E312F\" width=\"640\" height=\"480\"><\/iframe><\/p>\n","protected":false},"excerpt":{"rendered":"<p>Tema: COLETIVOS\u00a0CONTEMPOR\u00c2NEOS Professores: EDUARDO ROCHA Alunos: ALINE FERREIRA ARTHUR SAMPAIO CAETANO BAGGIO GUILHERME ZITZKE JAQUELINE MESQUITA JONATAN MOREIRA J\u00daLIA KADES KAU\u00c3NA PEREIRA LAURA FALCADE L\u00cdVIA GOULART LUAN HARTMAN MARCELA DIAS MARIA ANT\u00d4NIA ZANETTIN MARIA FERNANDA PINTO NETO MARIANA WARDELMANN N\u00c1TALIN LOUREN\u00c7O NATHANIELE SILVEIRA OT\u00c1VIO MANTA VIELA RA\u00cdSSA PEREIRA TIFANY CARDOSO VAL\u00c9RIA MENDON\u00c7A<\/p>\n","protected":false},"author":716,"featured_media":0,"parent":0,"menu_order":0,"comment_status":"closed","ping_status":"closed","template":"","meta":{"footnotes":""},"class_list":["post-1152","page","type-page","status-publish","hentry"],"_links":{"self":[{"href":"https:\/\/wp.ufpel.edu.br\/atlasdearquitetura\/wp-json\/wp\/v2\/pages\/1152","targetHints":{"allow":["GET"]}}],"collection":[{"href":"https:\/\/wp.ufpel.edu.br\/atlasdearquitetura\/wp-json\/wp\/v2\/pages"}],"about":[{"href":"https:\/\/wp.ufpel.edu.br\/atlasdearquitetura\/wp-json\/wp\/v2\/types\/page"}],"author":[{"embeddable":true,"href":"https:\/\/wp.ufpel.edu.br\/atlasdearquitetura\/wp-json\/wp\/v2\/users\/716"}],"replies":[{"embeddable":true,"href":"https:\/\/wp.ufpel.edu.br\/atlasdearquitetura\/wp-json\/wp\/v2\/comments?post=1152"}],"version-history":[{"count":14,"href":"https:\/\/wp.ufpel.edu.br\/atlasdearquitetura\/wp-json\/wp\/v2\/pages\/1152\/revisions"}],"predecessor-version":[{"id":2133,"href":"https:\/\/wp.ufpel.edu.br\/atlasdearquitetura\/wp-json\/wp\/v2\/pages\/1152\/revisions\/2133"}],"wp:attachment":[{"href":"https:\/\/wp.ufpel.edu.br\/atlasdearquitetura\/wp-json\/wp\/v2\/media?parent=1152"}],"curies":[{"name":"wp","href":"https:\/\/api.w.org\/{rel}","templated":true}]}}