{"id":4080,"date":"2023-01-20T09:16:23","date_gmt":"2023-01-20T12:16:23","guid":{"rendered":"https:\/\/wp.ufpel.edu.br\/ateliedefigurinos\/?page_id=4080"},"modified":"2023-01-20T09:16:23","modified_gmt":"2023-01-20T12:16:23","slug":"cursos","status":"publish","type":"page","link":"https:\/\/wp.ufpel.edu.br\/ateliedefigurinos\/rededecontatos\/cursos\/","title":{"rendered":"Cursos"},"content":{"rendered":"<ul>\n<li><strong>Cursos<\/strong><\/li>\n<\/ul>\n<p>&gt; Curso de confec\u00e7\u00e3o Corte e Costura Bety<\/p>\n<p><a class=\"single-image-gallery\" href=\"https:\/\/wp.ufpel.edu.br\/ateliedefigurinos\/rededecontatos\/lojas-e-outros-servicos\/whatsapp-image-2023-01-20-at-09-12-43\/\" rel=\"attachment wp-att-4078\" data-carousel-extra=\"{&quot;blog_id&quot;:411}\"><img data-attachment-id=\"4078\" data-permalink=\"https:\/\/wp.ufpel.edu.br\/ateliedefigurinos\/rededecontatos\/lojas-e-outros-servicos\/whatsapp-image-2023-01-20-at-09-12-43\/\" data-orig-file=\"https:\/\/i0.wp.com\/wp.ufpel.edu.br\/ateliedefigurinos\/files\/2023\/01\/WhatsApp-Image-2023-01-20-at-09.12.43-e1674216826857.jpeg?fit=1280%2C695&amp;ssl=1\" data-orig-size=\"1280,695\" data-comments-opened=\"0\" data-image-meta=\"{&quot;aperture&quot;:&quot;0&quot;,&quot;credit&quot;:&quot;&quot;,&quot;camera&quot;:&quot;&quot;,&quot;caption&quot;:&quot;&quot;,&quot;created_timestamp&quot;:&quot;0&quot;,&quot;copyright&quot;:&quot;&quot;,&quot;focal_length&quot;:&quot;0&quot;,&quot;iso&quot;:&quot;0&quot;,&quot;shutter_speed&quot;:&quot;0&quot;,&quot;title&quot;:&quot;&quot;,&quot;orientation&quot;:&quot;0&quot;}\" data-image-title=\"WhatsApp Image 2023-01-20 at 09.12.43\" data-image-description=\"\" data-image-caption=\"\" data-medium-file=\"https:\/\/i0.wp.com\/wp.ufpel.edu.br\/ateliedefigurinos\/files\/2023\/01\/WhatsApp-Image-2023-01-20-at-09.12.43-e1674216826857.jpeg?fit=400%2C217&amp;ssl=1\" data-large-file=\"https:\/\/i0.wp.com\/wp.ufpel.edu.br\/ateliedefigurinos\/files\/2023\/01\/WhatsApp-Image-2023-01-20-at-09.12.43-e1674216826857.jpeg?fit=1024%2C556&amp;ssl=1\" class=\"wp-image-4078 size-medium alignleft\" src=\"https:\/\/i0.wp.com\/wp.ufpel.edu.br\/ateliedefigurinos\/files\/2023\/01\/WhatsApp-Image-2023-01-20-at-09.12.43-e1674216826857-400x217.jpeg?resize=400%2C217&amp;ssl=1\" sizes=\"(max-width: 400px) 100vw, 400px\" srcset=\"https:\/\/i0.wp.com\/wp.ufpel.edu.br\/ateliedefigurinos\/files\/2023\/01\/WhatsApp-Image-2023-01-20-at-09.12.43-e1674216826857.jpeg?resize=400%2C217&amp;ssl=1 400w, https:\/\/i0.wp.com\/wp.ufpel.edu.br\/ateliedefigurinos\/files\/2023\/01\/WhatsApp-Image-2023-01-20-at-09.12.43-e1674216826857.jpeg?resize=1024%2C556&amp;ssl=1 1024w, https:\/\/i0.wp.com\/wp.ufpel.edu.br\/ateliedefigurinos\/files\/2023\/01\/WhatsApp-Image-2023-01-20-at-09.12.43-e1674216826857.jpeg?resize=768%2C417&amp;ssl=1 768w, https:\/\/i0.wp.com\/wp.ufpel.edu.br\/ateliedefigurinos\/files\/2023\/01\/WhatsApp-Image-2023-01-20-at-09.12.43-e1674216826857.jpeg?w=1280&amp;ssl=1 1280w\" alt=\"\" width=\"400\" height=\"217\" data-attachment-id=\"4078\" data-permalink=\"https:\/\/wp.ufpel.edu.br\/ateliedefigurinos\/rededecontatos\/lojas-e-outros-servicos\/whatsapp-image-2023-01-20-at-09-12-43\/\" data-orig-file=\"https:\/\/i0.wp.com\/wp.ufpel.edu.br\/ateliedefigurinos\/files\/2023\/01\/WhatsApp-Image-2023-01-20-at-09.12.43-e1674216826857.jpeg?fit=1280%2C695&amp;ssl=1\" data-orig-size=\"1280,695\" data-comments-opened=\"0\" data-image-meta=\"{&quot;aperture&quot;:&quot;0&quot;,&quot;credit&quot;:&quot;&quot;,&quot;camera&quot;:&quot;&quot;,&quot;caption&quot;:&quot;&quot;,&quot;created_timestamp&quot;:&quot;0&quot;,&quot;copyright&quot;:&quot;&quot;,&quot;focal_length&quot;:&quot;0&quot;,&quot;iso&quot;:&quot;0&quot;,&quot;shutter_speed&quot;:&quot;0&quot;,&quot;title&quot;:&quot;&quot;,&quot;orientation&quot;:&quot;0&quot;}\" data-image-title=\"WhatsApp Image 2023-01-20 at 09.12.43\" data-image-description=\"\" data-image-caption=\"\" data-medium-file=\"https:\/\/i0.wp.com\/wp.ufpel.edu.br\/ateliedefigurinos\/files\/2023\/01\/WhatsApp-Image-2023-01-20-at-09.12.43-e1674216826857.jpeg?fit=400%2C217&amp;ssl=1\" data-large-file=\"https:\/\/i0.wp.com\/wp.ufpel.edu.br\/ateliedefigurinos\/files\/2023\/01\/WhatsApp-Image-2023-01-20-at-09.12.43-e1674216826857.jpeg?fit=1024%2C556&amp;ssl=1\" data-recalc-dims=\"1\" \/><\/a><\/p>\n<p>&nbsp;<\/p>\n<p>&nbsp;<\/p>\n<p>&nbsp;<\/p>\n<p>&nbsp;<\/p>\n<p>&nbsp;<\/p>\n<p>&nbsp;<\/p>\n<p>&nbsp;<\/p>\n<p>&gt; Costura e Moda \u2013 Escola Profissionalizante de Corte e Costura<br \/>\nRua Padre Anchieta, 3055<br \/>\n(53) 3222-8904<br \/>\n<a href=\"mailto:escolacosturaemoda@gmail.com\">escolacosturaemoda@gmail.com<\/a><br \/>\n<a href=\"https:\/\/www.facebook.com\/costuraemoda\/\">https:\/\/www.facebook.com\/costuraemoda\/<\/a><\/p>\n<p>&nbsp;<\/p>\n<p><a href=\"https:\/\/i0.wp.com\/wp.ufpel.edu.br\/ateliedefigurinos\/files\/2017\/12\/10801553_601281203332413_7322431283704461071_n.jpg?ssl=1\"><img data-attachment-id=\"487\" data-permalink=\"https:\/\/wp.ufpel.edu.br\/ateliedefigurinos\/rededecontatos\/10801553_601281203332413_7322431283704461071_n\/\" data-orig-file=\"https:\/\/i0.wp.com\/wp.ufpel.edu.br\/ateliedefigurinos\/files\/2017\/12\/10801553_601281203332413_7322431283704461071_n.jpg?fit=858%2C315&amp;ssl=1\" data-orig-size=\"858,315\" data-comments-opened=\"0\" data-image-meta=\"{&quot;aperture&quot;:&quot;0&quot;,&quot;credit&quot;:&quot;&quot;,&quot;camera&quot;:&quot;&quot;,&quot;caption&quot;:&quot;&quot;,&quot;created_timestamp&quot;:&quot;0&quot;,&quot;copyright&quot;:&quot;&quot;,&quot;focal_length&quot;:&quot;0&quot;,&quot;iso&quot;:&quot;0&quot;,&quot;shutter_speed&quot;:&quot;0&quot;,&quot;title&quot;:&quot;&quot;,&quot;orientation&quot;:&quot;0&quot;}\" data-image-title=\"10801553_601281203332413_7322431283704461071_n\" data-image-description=\"\" data-image-caption=\"\" data-medium-file=\"https:\/\/i0.wp.com\/wp.ufpel.edu.br\/ateliedefigurinos\/files\/2017\/12\/10801553_601281203332413_7322431283704461071_n.jpg?fit=400%2C147&amp;ssl=1\" data-large-file=\"https:\/\/i0.wp.com\/wp.ufpel.edu.br\/ateliedefigurinos\/files\/2017\/12\/10801553_601281203332413_7322431283704461071_n.jpg?fit=858%2C315&amp;ssl=1\" class=\"alignnone size-medium wp-image-487\" src=\"https:\/\/i0.wp.com\/wp.ufpel.edu.br\/ateliedefigurinos\/files\/2017\/12\/10801553_601281203332413_7322431283704461071_n.jpg?resize=400%2C147&amp;ssl=1\" sizes=\"(max-width: 400px) 100vw, 400px\" srcset=\"https:\/\/i0.wp.com\/wp.ufpel.edu.br\/ateliedefigurinos\/files\/2017\/12\/10801553_601281203332413_7322431283704461071_n.jpg?resize=400%2C147&amp;ssl=1 400w, https:\/\/i0.wp.com\/wp.ufpel.edu.br\/ateliedefigurinos\/files\/2017\/12\/10801553_601281203332413_7322431283704461071_n.jpg?resize=768%2C282&amp;ssl=1 768w, https:\/\/i0.wp.com\/wp.ufpel.edu.br\/ateliedefigurinos\/files\/2017\/12\/10801553_601281203332413_7322431283704461071_n.jpg?w=858&amp;ssl=1 858w\" alt=\"\" width=\"400\" height=\"147\" data-attachment-id=\"487\" data-permalink=\"https:\/\/wp.ufpel.edu.br\/ateliedefigurinos\/rededecontatos\/10801553_601281203332413_7322431283704461071_n\/\" data-orig-file=\"https:\/\/i0.wp.com\/wp.ufpel.edu.br\/ateliedefigurinos\/files\/2017\/12\/10801553_601281203332413_7322431283704461071_n.jpg?fit=858%2C315&amp;ssl=1\" data-orig-size=\"858,315\" data-comments-opened=\"0\" data-image-meta=\"{&quot;aperture&quot;:&quot;0&quot;,&quot;credit&quot;:&quot;&quot;,&quot;camera&quot;:&quot;&quot;,&quot;caption&quot;:&quot;&quot;,&quot;created_timestamp&quot;:&quot;0&quot;,&quot;copyright&quot;:&quot;&quot;,&quot;focal_length&quot;:&quot;0&quot;,&quot;iso&quot;:&quot;0&quot;,&quot;shutter_speed&quot;:&quot;0&quot;,&quot;title&quot;:&quot;&quot;,&quot;orientation&quot;:&quot;0&quot;}\" data-image-title=\"10801553_601281203332413_7322431283704461071_n\" data-image-description=\"\" data-image-caption=\"\" data-medium-file=\"https:\/\/i0.wp.com\/wp.ufpel.edu.br\/ateliedefigurinos\/files\/2017\/12\/10801553_601281203332413_7322431283704461071_n.jpg?fit=400%2C147&amp;ssl=1\" data-large-file=\"https:\/\/i0.wp.com\/wp.ufpel.edu.br\/ateliedefigurinos\/files\/2017\/12\/10801553_601281203332413_7322431283704461071_n.jpg?fit=858%2C315&amp;ssl=1\" data-recalc-dims=\"1\" \/><\/a><\/p>\n<p>&gt; Oficina da Moda<\/p>\n<p><a href=\"https:\/\/i0.wp.com\/wp.ufpel.edu.br\/ateliedefigurinos\/files\/2017\/12\/25627278_1474298446017888_1058822989_n.jpg?ssl=1\"><img data-attachment-id=\"488\" data-permalink=\"https:\/\/wp.ufpel.edu.br\/ateliedefigurinos\/rededecontatos\/25627278_1474298446017888_1058822989_n\/\" data-orig-file=\"https:\/\/i0.wp.com\/wp.ufpel.edu.br\/ateliedefigurinos\/files\/2017\/12\/25627278_1474298446017888_1058822989_n.jpg?fit=576%2C960&amp;ssl=1\" data-orig-size=\"576,960\" data-comments-opened=\"0\" data-image-meta=\"{&quot;aperture&quot;:&quot;0&quot;,&quot;credit&quot;:&quot;&quot;,&quot;camera&quot;:&quot;&quot;,&quot;caption&quot;:&quot;&quot;,&quot;created_timestamp&quot;:&quot;0&quot;,&quot;copyright&quot;:&quot;&quot;,&quot;focal_length&quot;:&quot;0&quot;,&quot;iso&quot;:&quot;0&quot;,&quot;shutter_speed&quot;:&quot;0&quot;,&quot;title&quot;:&quot;&quot;,&quot;orientation&quot;:&quot;0&quot;}\" data-image-title=\"25627278_1474298446017888_1058822989_n\" data-image-description=\"\" data-image-caption=\"\" data-medium-file=\"https:\/\/i0.wp.com\/wp.ufpel.edu.br\/ateliedefigurinos\/files\/2017\/12\/25627278_1474298446017888_1058822989_n.jpg?fit=240%2C400&amp;ssl=1\" data-large-file=\"https:\/\/i0.wp.com\/wp.ufpel.edu.br\/ateliedefigurinos\/files\/2017\/12\/25627278_1474298446017888_1058822989_n.jpg?fit=576%2C960&amp;ssl=1\" class=\"alignnone size-medium wp-image-488\" src=\"https:\/\/i0.wp.com\/wp.ufpel.edu.br\/ateliedefigurinos\/files\/2017\/12\/25627278_1474298446017888_1058822989_n.jpg?resize=240%2C400&amp;ssl=1\" sizes=\"(max-width: 240px) 100vw, 240px\" srcset=\"https:\/\/i0.wp.com\/wp.ufpel.edu.br\/ateliedefigurinos\/files\/2017\/12\/25627278_1474298446017888_1058822989_n.jpg?resize=240%2C400&amp;ssl=1 240w, https:\/\/i0.wp.com\/wp.ufpel.edu.br\/ateliedefigurinos\/files\/2017\/12\/25627278_1474298446017888_1058822989_n.jpg?w=576&amp;ssl=1 576w\" alt=\"\" width=\"240\" height=\"400\" data-attachment-id=\"488\" data-permalink=\"https:\/\/wp.ufpel.edu.br\/ateliedefigurinos\/rededecontatos\/25627278_1474298446017888_1058822989_n\/\" data-orig-file=\"https:\/\/i0.wp.com\/wp.ufpel.edu.br\/ateliedefigurinos\/files\/2017\/12\/25627278_1474298446017888_1058822989_n.jpg?fit=576%2C960&amp;ssl=1\" data-orig-size=\"576,960\" data-comments-opened=\"0\" data-image-meta=\"{&quot;aperture&quot;:&quot;0&quot;,&quot;credit&quot;:&quot;&quot;,&quot;camera&quot;:&quot;&quot;,&quot;caption&quot;:&quot;&quot;,&quot;created_timestamp&quot;:&quot;0&quot;,&quot;copyright&quot;:&quot;&quot;,&quot;focal_length&quot;:&quot;0&quot;,&quot;iso&quot;:&quot;0&quot;,&quot;shutter_speed&quot;:&quot;0&quot;,&quot;title&quot;:&quot;&quot;,&quot;orientation&quot;:&quot;0&quot;}\" data-image-title=\"25627278_1474298446017888_1058822989_n\" data-image-description=\"\" data-image-caption=\"\" data-medium-file=\"https:\/\/i0.wp.com\/wp.ufpel.edu.br\/ateliedefigurinos\/files\/2017\/12\/25627278_1474298446017888_1058822989_n.jpg?fit=240%2C400&amp;ssl=1\" data-large-file=\"https:\/\/i0.wp.com\/wp.ufpel.edu.br\/ateliedefigurinos\/files\/2017\/12\/25627278_1474298446017888_1058822989_n.jpg?fit=576%2C960&amp;ssl=1\" data-recalc-dims=\"1\" \/><\/a><\/p>\n<p>&gt; Casa Coe \u2013 Escola de Cria\u00e7\u00e3o em Moda<br \/>\nAna Cl\u00e1udia Coe<br \/>\n(53) 99191.2356<br \/>\n<a href=\"mailto:201casacoe@gmail.com\">201casacoe@gmail.com<\/a><br \/>\nFCBK: casacoeescoladecriacao<br \/>\nRua Major C\u00edcero, 605\/201<br \/>\nCurso de Corte e Costura e Modelagem Sob Medida<br \/>\nWorkshop: de bainha, de Manuseio de M\u00e1quina, de Z\u00edper.<br \/>\nEspeciais:<br \/>\n1 t\u00e9cnica de estamparia artesanal \u2013 Shibori;<br \/>\n2 chapelaria inglesa<br \/>\n3 Corset<br \/>\n4 Alfaiataria<br \/>\n5 Moulage<\/p>\n<div class=\"sharedaddy sd-sharing-enabled\">\n<div class=\"robots-nocontent sd-block sd-social sd-social-icon-text sd-sharing\">\n<h3 class=\"sd-title\">Compartilhe:<\/h3>\n<\/div>\n<\/div>\n","protected":false},"excerpt":{"rendered":"<p>Cursos &gt; Curso de confec\u00e7\u00e3o Corte e Costura Bety &nbsp; &nbsp; &nbsp; &nbsp; &nbsp; &nbsp; &nbsp; &gt; Costura e Moda \u2013 Escola Profissionalizante de Corte e Costura Rua Padre Anchieta, 3055 (53) 3222-8904 escolacosturaemoda@gmail.com https:\/\/www.facebook.com\/costuraemoda\/ &nbsp; &gt; Oficina da Moda &gt; Casa Coe \u2013 Escola de Cria\u00e7\u00e3o em Moda Ana Cl\u00e1udia Coe (53) 99191.2356 201casacoe@gmail.com [&hellip;]<\/p>\n","protected":false},"author":412,"featured_media":0,"parent":391,"menu_order":16,"comment_status":"closed","ping_status":"closed","template":"","meta":{"jetpack_post_was_ever_published":false,"footnotes":""},"class_list":["post-4080","page","type-page","status-publish","hentry"],"jetpack_sharing_enabled":true,"jetpack_shortlink":"https:\/\/wp.me\/P9wvEO-13O","jetpack_likes_enabled":true,"jetpack-related-posts":[],"_links":{"self":[{"href":"https:\/\/wp.ufpel.edu.br\/ateliedefigurinos\/wp-json\/wp\/v2\/pages\/4080","targetHints":{"allow":["GET"]}}],"collection":[{"href":"https:\/\/wp.ufpel.edu.br\/ateliedefigurinos\/wp-json\/wp\/v2\/pages"}],"about":[{"href":"https:\/\/wp.ufpel.edu.br\/ateliedefigurinos\/wp-json\/wp\/v2\/types\/page"}],"author":[{"embeddable":true,"href":"https:\/\/wp.ufpel.edu.br\/ateliedefigurinos\/wp-json\/wp\/v2\/users\/412"}],"replies":[{"embeddable":true,"href":"https:\/\/wp.ufpel.edu.br\/ateliedefigurinos\/wp-json\/wp\/v2\/comments?post=4080"}],"version-history":[{"count":1,"href":"https:\/\/wp.ufpel.edu.br\/ateliedefigurinos\/wp-json\/wp\/v2\/pages\/4080\/revisions"}],"predecessor-version":[{"id":4081,"href":"https:\/\/wp.ufpel.edu.br\/ateliedefigurinos\/wp-json\/wp\/v2\/pages\/4080\/revisions\/4081"}],"up":[{"embeddable":true,"href":"https:\/\/wp.ufpel.edu.br\/ateliedefigurinos\/wp-json\/wp\/v2\/pages\/391"}],"wp:attachment":[{"href":"https:\/\/wp.ufpel.edu.br\/ateliedefigurinos\/wp-json\/wp\/v2\/media?parent=4080"}],"curies":[{"name":"wp","href":"https:\/\/api.w.org\/{rel}","templated":true}]}}