{"id":404,"date":"2017-10-30T14:18:52","date_gmt":"2017-10-30T16:18:52","guid":{"rendered":"https:\/\/wp.ufpel.edu.br\/ateliedefigurinos\/?page_id=404"},"modified":"2021-04-30T10:43:45","modified_gmt":"2021-04-30T13:43:45","slug":"certificados","status":"publish","type":"page","link":"https:\/\/wp.ufpel.edu.br\/ateliedefigurinos\/projeto-de-extensao\/certificados\/","title":{"rendered":"Certificados"},"content":{"rendered":"<p>&gt;&gt;&gt;&gt;&gt; CERTIFICADOS DE CURSOS REALIZADOS ATUALMENTE SER\u00c3O DIGITAIS (SER\u00c1 ENVIADO O ACESSO POR E-MAIL).<\/p>\n<p>&nbsp;<\/p>\n<p>&gt;&gt;&gt;&gt;&gt; CERTIFICADOS DE CURSOS ANTIGOS:<\/p>\n<p>Podem ser retirados na C\u00e2mara de Extens\u00e3o do Centro de Artes.<\/p>\n<p>Rua Alberto Rosa, n\u00b062.<\/p>\n<p><a href=\"https:\/\/wp.ufpel.edu.br\/camaradeextensaoca\/\">https:\/\/wp.ufpel.edu.br\/camaradeextensaoca\/<\/a><\/p>\n<p><a href=\"https:\/\/www.facebook.com\/CamExtCA\/\">https:\/\/www.facebook.com\/CamExtCA\/<\/a><\/p>\n<p>&nbsp;<\/p>\n<p>Certificados dispon\u00edveis:<\/p>\n<p>Amanda Malheiros Trindade &#8211; 2016<br \/>\nAndrine Neutzling &#8211; 2016<br \/>\nBruna Dreyer Nery &#8211; 2016<br \/>\nCarolina Monteiro Alves &#8211; 2015<br \/>\nEdivania do Carmo Costa Valle &#8211; 2015<br \/>\nFernanda Ribeiro Collares &#8211; 2016<br \/>\nFernanda Ribeiro Collares &#8211; 2015<br \/>\nGengiscan Pereira Silva &#8211; 2016<br \/>\nGeovana Silva de Carvalho &#8211; 2016<br \/>\nJo\u00e3o De Mello Pinheiro &#8211; 2016<br \/>\nJos\u00e9 Carlos Marques Volcato &#8211; 2016<br \/>\nLet\u00edcia Ayumi Iza Trindade &#8211; 2015<br \/>\nLorena Costa Lopes &#8211; 2016<br \/>\nMarina Martins dos Santos &#8211; 2015<br \/>\nMario Madeira &#8211; 2016<br \/>\nMelissa Vieira &#8211; 2016<br \/>\nNilce Strieder Ramirez &#8211; 2016<br \/>\nPriscylla Carvalho Aragon dos Santos &#8211; 2016<br \/>\nRoberta dos Santos Vieira &#8211; 2016<br \/>\nRosane Farias Luz &#8211; 2015<br \/>\nVivian Herzog &#8211; 2016<\/p>\n<p>Atualizado em: 01\/02\/2018<\/p>\n<p>&nbsp;<\/p>\n<p>&nbsp;<\/p>\n","protected":false},"excerpt":{"rendered":"<p>&gt;&gt;&gt;&gt;&gt; CERTIFICADOS DE CURSOS REALIZADOS ATUALMENTE SER\u00c3O DIGITAIS (SER\u00c1 ENVIADO O ACESSO POR E-MAIL). &nbsp; &gt;&gt;&gt;&gt;&gt; CERTIFICADOS DE CURSOS ANTIGOS: Podem ser retirados na C\u00e2mara de Extens\u00e3o do Centro de Artes. Rua Alberto Rosa, n\u00b062. https:\/\/wp.ufpel.edu.br\/camaradeextensaoca\/ https:\/\/www.facebook.com\/CamExtCA\/ &nbsp; Certificados dispon\u00edveis: Amanda Malheiros Trindade &#8211; 2016 Andrine Neutzling &#8211; 2016 Bruna Dreyer Nery &#8211; 2016 Carolina [&hellip;]<\/p>\n","protected":false},"author":412,"featured_media":0,"parent":119,"menu_order":4,"comment_status":"closed","ping_status":"closed","template":"","meta":{"jetpack_post_was_ever_published":false,"footnotes":""},"class_list":["post-404","page","type-page","status-publish","hentry"],"jetpack_sharing_enabled":true,"jetpack_shortlink":"https:\/\/wp.me\/P9wvEO-6w","jetpack_likes_enabled":true,"jetpack-related-posts":[],"_links":{"self":[{"href":"https:\/\/wp.ufpel.edu.br\/ateliedefigurinos\/wp-json\/wp\/v2\/pages\/404","targetHints":{"allow":["GET"]}}],"collection":[{"href":"https:\/\/wp.ufpel.edu.br\/ateliedefigurinos\/wp-json\/wp\/v2\/pages"}],"about":[{"href":"https:\/\/wp.ufpel.edu.br\/ateliedefigurinos\/wp-json\/wp\/v2\/types\/page"}],"author":[{"embeddable":true,"href":"https:\/\/wp.ufpel.edu.br\/ateliedefigurinos\/wp-json\/wp\/v2\/users\/412"}],"replies":[{"embeddable":true,"href":"https:\/\/wp.ufpel.edu.br\/ateliedefigurinos\/wp-json\/wp\/v2\/comments?post=404"}],"version-history":[{"count":9,"href":"https:\/\/wp.ufpel.edu.br\/ateliedefigurinos\/wp-json\/wp\/v2\/pages\/404\/revisions"}],"predecessor-version":[{"id":2575,"href":"https:\/\/wp.ufpel.edu.br\/ateliedefigurinos\/wp-json\/wp\/v2\/pages\/404\/revisions\/2575"}],"up":[{"embeddable":true,"href":"https:\/\/wp.ufpel.edu.br\/ateliedefigurinos\/wp-json\/wp\/v2\/pages\/119"}],"wp:attachment":[{"href":"https:\/\/wp.ufpel.edu.br\/ateliedefigurinos\/wp-json\/wp\/v2\/media?parent=404"}],"curies":[{"name":"wp","href":"https:\/\/api.w.org\/{rel}","templated":true}]}}