{"id":2856,"date":"2020-11-12T09:11:45","date_gmt":"2020-11-12T12:11:45","guid":{"rendered":"https:\/\/wp.ufpel.edu.br\/ateliedefigurinos\/?page_id=2856"},"modified":"2023-01-20T09:17:23","modified_gmt":"2023-01-20T12:17:23","slug":"lojas-e-outros-servicos","status":"publish","type":"page","link":"https:\/\/wp.ufpel.edu.br\/ateliedefigurinos\/rededecontatos\/lojas-e-outros-servicos\/","title":{"rendered":"Lojas e outros servi\u00e7os"},"content":{"rendered":"<ul>\n<li><strong>Lojas de Tecidos e Aviamentos (CIDADE DE PELOTAS)<\/strong><\/li>\n<\/ul>\n<p>&gt; Dona Ju Anna Tecidos<br \/>\nRua: 7 de Setembro, n\u00ba 462, entre Deodoro e Bar\u00e3o de Santa Tecla.<br \/>\nFone: (53)\u00a03307-1174<\/p>\n<p>&gt; Central da Costura<br \/>\nRua: General Os\u00f3rio, n\u00ba 702, entre 7 de Setembro e Neto<br \/>\nFone: (53) 3225-9852 \/ 3028-9852<br \/>\nAviamentos: Rua Sete de Setembro, n\u00ba 352.<br \/>\nFone: (53) 3222-6389 \/ 3227-7448<\/p>\n<p>&gt; Blumenau<br \/>\nRua: R General Os\u00f3rio, n\u00ba 701, esquina 7 de Setembro.<br \/>\nFone: (53) 3225-2119<\/p>\n<p>&gt; Cor e Fio<br \/>\nRua: 7 de Setembro, n\u00ba 403, entre Os\u00f3rio e Deodoro<br \/>\nFone: (53) 3028-2680<\/p>\n<p>&gt; Casa da Costureira<br \/>\nRua: Marechal Deodoro, n\u00ba 650<br \/>\nFone: (53) 3025-3617<\/p>\n<p>&gt; Casa Bela<br \/>\nRua: General Os\u00f3rio, n\u00ba 713<br \/>\nFone: (53) 3027-1205<\/p>\n<p>&gt; Casa da Vov\u00f3<br \/>\nRua: 7 de Setembro, n\u00ba 411<br \/>\nFone: (53) 3222-5267<\/p>\n<p>&gt; Leitzke Tecidos<br \/>\nRua: Marechal Floriano, n\u00ba 122<br \/>\nFone: (53) 3229-2700<\/p>\n<p>&gt; Carretel Aviamentos<br \/>\nRua: 7 Setembro, n\u00ba 366<br \/>\nFone: (53) 3227-9543<\/p>\n<p>&gt; LinhaPel &#8211; Tecidos e Aviamentos<br \/>\nRua Major C\u00edcero, 409B entre Deodoro e Os\u00f3rio<br \/>\n(53) 3271.0204 &#8211; <a href=\"mailto:linhapelaviamentos@gmail.com\">linhapelaviamentos@gmail.com<\/a><\/p>\n<ul>\n<li><strong>M\u00e1quinas de Costura (compra e conserto)<\/strong><\/li>\n<\/ul>\n<p>&gt; Singer<br \/>\nRua: Marechal Deodoro 561.<br \/>\nFone: 3225.6866<br \/>\n<a href=\"https:\/\/www.facebook.com\/singerpelotas\/\">https:\/\/www.facebook.com\/singerpelotas\/<\/a><\/p>\n<p>&gt; Casa das M\u00e1quinas de Costura<br \/>\nRua: Bar\u00e3o de Santa Tecla n\u00ba 224 \u2013 esquina Dom Pedro II<br \/>\nFone: (53) 3225.8047 \/ 9133.9700 \/ 8435.9700 \/ 9999.1770<\/p>\n<p>&gt; Casa das M\u00e1quinas<br \/>\nLobo da Costa \u2013 1458 \u2013 3222.7013<br \/>\n<a href=\"https:\/\/www.facebook.com\/pages\/Casa-das-M%C3%A1quinas-de-Costura\/245522189130170\">https:\/\/www.facebook.com\/pages\/Casa-das-M%C3%A1quinas-de-Costura\/245522189130170<\/a><\/p>\n<p>&gt; OFMAC \u2013 Oficina de M\u00e1quinas de Costura &#8211;\u00a0Mara e Rodrigo<br \/>\nRua: Marechal Deodoro, n\u00ba 903 A &#8211; esquina Major C\u00edcero<br \/>\nFone: (53) 3025.1881 \/ 9157.6622<br \/>\n<a href=\"https:\/\/www.facebook.com\/ofmacPel\/\">https:\/\/www.facebook.com\/ofmacPel\/<\/a><\/p>\n<p>&gt; FELMAQ \u2013 Felipe<br \/>\nRua: Bar\u00e3o de Santa Tecla n\u00ba<br \/>\nFone: (53) 3227.8951 \/ 3028.5733 \/ 9982.5733<br \/>\n<a href=\"https:\/\/www.facebook.com\/lojafelmaq\/\">https:\/\/www.facebook.com\/lojafelmaq\/<\/a><\/p>\n<p><span style=\"line-height: 1.5;\">&gt;M\u00e1quinas Princesa<\/span><br \/>\nOs\u00f3rio, 884 (Esq. Pacopel) \u2013 3028.8415 &#8211; 981119774<br \/>\n<a href=\"https:\/\/www.facebook.com\/MaquinasPrincesa\/\">https:\/\/www.facebook.com\/MaquinasPrincesa\/<\/a><br \/>\nClaudiomiro<\/p>\n<p><span style=\"line-height: 1.5;\">&gt; JL Rollo<\/span><br \/>\n<a href=\"mailto:jlroll@hotmail.com\">jlroll@hotmail.com<\/a><\/p>\n<p>&gt; Consertos e Manuten\u00e7\u00e3o &#8211; Todas as marcas &#8211; Fa\u00e7o pe\u00e7as.<br \/>\nM\u00e1quinas dom\u00e9sticas e industriais<br \/>\nFone: 98408.8105<\/p>\n<p>&nbsp;<\/p>\n","protected":false},"excerpt":{"rendered":"<p>Lojas de Tecidos e Aviamentos (CIDADE DE PELOTAS) &gt; Dona Ju Anna Tecidos Rua: 7 de Setembro, n\u00ba 462, entre Deodoro e Bar\u00e3o de Santa Tecla. Fone: (53)\u00a03307-1174 &gt; Central da Costura Rua: General Os\u00f3rio, n\u00ba 702, entre 7 de Setembro e Neto Fone: (53) 3225-9852 \/ 3028-9852 Aviamentos: Rua Sete de Setembro, n\u00ba 352. [&hellip;]<\/p>\n","protected":false},"author":412,"featured_media":0,"parent":391,"menu_order":17,"comment_status":"closed","ping_status":"closed","template":"","meta":{"jetpack_post_was_ever_published":false,"footnotes":""},"class_list":["post-2856","page","type-page","status-publish","hentry"],"jetpack_sharing_enabled":true,"jetpack_shortlink":"https:\/\/wp.me\/P9wvEO-K4","jetpack_likes_enabled":true,"jetpack-related-posts":[],"_links":{"self":[{"href":"https:\/\/wp.ufpel.edu.br\/ateliedefigurinos\/wp-json\/wp\/v2\/pages\/2856","targetHints":{"allow":["GET"]}}],"collection":[{"href":"https:\/\/wp.ufpel.edu.br\/ateliedefigurinos\/wp-json\/wp\/v2\/pages"}],"about":[{"href":"https:\/\/wp.ufpel.edu.br\/ateliedefigurinos\/wp-json\/wp\/v2\/types\/page"}],"author":[{"embeddable":true,"href":"https:\/\/wp.ufpel.edu.br\/ateliedefigurinos\/wp-json\/wp\/v2\/users\/412"}],"replies":[{"embeddable":true,"href":"https:\/\/wp.ufpel.edu.br\/ateliedefigurinos\/wp-json\/wp\/v2\/comments?post=2856"}],"version-history":[{"count":5,"href":"https:\/\/wp.ufpel.edu.br\/ateliedefigurinos\/wp-json\/wp\/v2\/pages\/2856\/revisions"}],"predecessor-version":[{"id":4082,"href":"https:\/\/wp.ufpel.edu.br\/ateliedefigurinos\/wp-json\/wp\/v2\/pages\/2856\/revisions\/4082"}],"up":[{"embeddable":true,"href":"https:\/\/wp.ufpel.edu.br\/ateliedefigurinos\/wp-json\/wp\/v2\/pages\/391"}],"wp:attachment":[{"href":"https:\/\/wp.ufpel.edu.br\/ateliedefigurinos\/wp-json\/wp\/v2\/media?parent=2856"}],"curies":[{"name":"wp","href":"https:\/\/api.w.org\/{rel}","templated":true}]}}