{"id":2850,"date":"2020-11-12T09:07:40","date_gmt":"2020-11-12T12:07:40","guid":{"rendered":"https:\/\/wp.ufpel.edu.br\/ateliedefigurinos\/?page_id=2850"},"modified":"2023-05-10T10:12:50","modified_gmt":"2023-05-10T13:12:50","slug":"cenografia","status":"publish","type":"page","link":"https:\/\/wp.ufpel.edu.br\/ateliedefigurinos\/rededecontatos\/cenografia\/","title":{"rendered":"Cenografia"},"content":{"rendered":"<p><strong>&gt;&gt;&gt; CENOGRAFIA \/ DECORA\u00c7\u00c3O DE EVENTOS<\/strong><\/p>\n<h3><\/h3>\n<h3>RIO GRANDE DO SUL<\/h3>\n<p><strong>PELOTAS<\/strong><\/p>\n<p>&gt; Doida da Espanha e Usina Feminista &#8211; Joana de Leon dos Santos &#8211; <a href=\"mailto:joanadoida2020@gmail.com\">joanadoida2020@gmail.com<\/a> &#8211; (53) 99554762 &#8211; @doidadaespanha &#8211; @usinafeminista &#8211; Possui CNPJ &#8211; Designer de moda, Artes Visuais, figurinista e cenografista desde 2008.<\/p>\n<p>&gt; Jeroaz.arte &#8211; Jer\u00f4nimo Netto de Azambuja &#8211; <a href=\"mailto:jeronimo.azambuja@gmail.com\">jeronimo.azambuja@gmail.com<\/a> &#8211;\u00a0 (51) 997826331 &#8211; <a href=\"https:\/\/www.instagram.com\/jeroaz.arte\/\">@JeroAz.arte<\/a> &#8211; Esculturas e objetos cenogr\u00e1ficos. Nascido em Pelotas Jer\u00f4nimo Azambuja ou @JeroAz.Arte \u00e9 um escultor estudante de artes visuais e apaixonado pela cultura eletr\u00f4nica. Com grande envolvimento na cena trance atrav\u00e9s da redu\u00e7\u00e3o de danos\u00a0 &#8211;\u00a0 refer\u00eancias em grandes festivais pelo Brasil e h\u00e1 alguns anos vem se dedicando a compor ambienta\u00e7\u00f5es e cenografias que, em seus detalhes, completem a experi\u00eancia trazida pelos DJs.<\/p>\n<p>&gt; J\u00f4 Rommel &#8211; <a href=\"mailto:ciane.rommel@gmail.com\">ciane.rommel@gmail.com<\/a><\/p>\n<p>&gt; Luka Vargas &#8211; <a href=\"mailto:lukadevargas@gmail.com\">lukadevargas@gmail.com<\/a> &#8211; (51) 980285811 &#8211; www.Instagram.com\/@lukadevargas &#8211; Graduando em Artes Visuais e Arquitetura, meus trabalhos tem \u00eanfase em Escultura, V\u00eddeo e instala\u00e7\u00e3o; motivados pelo corpo, casa e a \u00e1gua. Participei de algumas exposi\u00e7\u00f5es, dentre elas o MASC e fa\u00e7o est\u00e1gio em um est\u00fadio de arquitetura. Meus trabalhos se encontram no Instagram e portif\u00f3lio online.<\/p>\n<p>&gt; Marina Becker &#8211; <a href=\"mailto:mbeckermocellin@gmail.com\">mbeckermocellin@gmail.com<\/a> &#8211; (49) 999063312 &#8211; <a href=\"https:\/\/www.instagram.com\/aquasrina\/\">https:\/\/www.instagram.com\/aquasrina\/<\/a>&#8211; <a href=\"https:\/\/mbeckermocellin.wixsite.com\/beckerinam\">https:\/\/mbeckermocellin.wixsite.com\/beckerinam<\/a> &#8211; Formada em Cinema e Audiovisual, workshop de storyboard e figurino.<\/p>\n<p>&gt; Sabrina Fonseca &#8211;<a href=\"mailto:sabrinafonseca69@gmail.com\"> sabrinafonseca69@gmail.com<\/a> &#8211; (53) 984314511 &#8211; Instagram: @sabrinafons &#8211; Curso de maquiagem, experi\u00eancia em sal\u00e3o de beleza. Cursando t\u00e9cnico em vestu\u00e1rio no CAVG.\u00a0 Curso de figurino UFPel Fa\u00e7o parte da Cia sem caras de teatro do IFSul, atuando e ajudando no cen\u00e1rio, maquiagem e figurino.<\/p>\n<p>&gt; Yane Caetano &#8211; <u><a href=\"https:\/\/mail.google.com\/mail\/u\/1\/#inbox_QgrcJHrhsvWgLCgbQlmmBNWmXmzgXspMCFQmailto_yanecaetano98_gmail_com\">yanecaetano98@gmail.com &#8211; <\/a><\/u><span class=\"tm7\">WhatsApp: (53)984616810<\/span><\/p>\n<p>&nbsp;<\/p>\n<p><strong>RIO GRANDE<\/strong><\/p>\n<div class=\"Qr7Oae\" role=\"listitem\">\n<div class=\"OxAavc NVbRL\" data-item-id=\"1788132075\">\n<div class=\"xMZTse Ih4Dzb\">\n<div class=\"Mh5jwe JqSWld yqQS1\" aria-describedby=\"c328\">&gt; Carolina Sim\u00f5es &#8211; <a href=\"mailto:carolsimoesrg@gmail.com\">carolsimoesrg@gmail.com<\/a> &#8211; (53) 984692606 &#8211; Instagram: @__carolinasimoes<\/div>\n<\/div>\n<\/div>\n<\/div>\n<div class=\"Qr7Oae\" role=\"listitem\">\n<div class=\"OxAavc NVbRL\" data-required=\"true\" data-item-id=\"1844217239\">\n<div class=\"pYfr3c\">\n<div class=\"prOLdf\">\n<div class=\"g53bl\">\n<div class=\"cTDvob D1wxyf\" role=\"heading\" aria-level=\"3\" aria-describedby=\"i.desc.1844217239 c334\">\n<div class=\"Qr7Oae\" role=\"listitem\">\n<div class=\"OxAavc NVbRL\" data-required=\"true\" data-item-id=\"502265750\">\n<div class=\"pYfr3c\">\n<div class=\"prOLdf\">\n<div class=\"g53bl\">\n<div class=\"cTDvob D1wxyf\" role=\"heading\" aria-level=\"3\" aria-describedby=\"i.desc.502265750 c324\">\n<div class=\"Qr7Oae\" role=\"listitem\">\n<div class=\"OxAavc NVbRL\" data-item-id=\"1788132075\">\n<div class=\"pYfr3c\">\n<div class=\"prOLdf\">\n<div class=\"g53bl\">\n<div class=\"cTDvob D1wxyf\" role=\"heading\" aria-level=\"3\" aria-describedby=\"i.desc.1788132075\">\n<div class=\"Qr7Oae\" role=\"listitem\">\n<div class=\"OxAavc\" data-other-input=\"qSV85\" data-other-hidden=\"MfYA1e\" data-item-id=\"1184206378\">\n<div class=\"pYfr3c\">\n<div class=\"prOLdf\">\n<div class=\"g53bl\">\n<div id=\"c337\" class=\"cTDvob D1wxyf\" role=\"heading\" aria-level=\"3\" aria-describedby=\"i.desc.1184206378\">\n<div class=\"Qr7Oae\" role=\"listitem\">\n<div class=\"OxAavc NVbRL\" data-required=\"true\" data-item-id=\"443475757\">\n<div class=\"Ih4Dzb\">\n<div class=\"q4tvle JqSWld yqQS1\">Curso de corte e costura no Ateli\u00ea Vera Oriente. Aluna do Design de Moda. Atualmente faz alguns ajustes para lojas de alfaiataria.<\/div>\n<\/div>\n<\/div>\n<\/div>\n<\/div>\n<\/div>\n<\/div>\n<\/div>\n<\/div>\n<\/div>\n<\/div>\n<\/div>\n<\/div>\n<\/div>\n<\/div>\n<\/div>\n<\/div>\n<\/div>\n<\/div>\n<\/div>\n<\/div>\n<\/div>\n<\/div>\n<\/div>\n<\/div>\n<\/div>\n<\/div>\n<\/div>\n<div class=\"OxAavc\" data-required=\"true\" data-other-input=\"qSV85\" data-other-hidden=\"MfYA1e\" data-item-id=\"532898831\">\n<h3><\/h3>\n<h3 id=\"i.req.532898831\" class=\"fKfAyc\">SANTA CATARINA<\/h3>\n<div>\n<p><strong>CHAPEC\u00d3<\/strong><\/p>\n<p>&nbsp;<\/p>\n<\/div>\n<div><\/div>\n<\/div>\n<div>\n<div class=\"Qr7Oae\" role=\"listitem\">\n<div class=\"OxAavc NVbRL\" data-item-id=\"1788132075\">\n<div class=\"xMZTse Ih4Dzb\">\n<div class=\"Mh5jwe JqSWld yqQS1\" aria-describedby=\"c961\">&gt; Marina Becker &#8211; <a href=\"mailto:mbeckermocellin@gmail.com\">mbeckermocellin@gmail.com<\/a> &#8211; (49) 999063312 &#8211; <a href=\"https:\/\/www.instagram.com\/aquasrina\/\">https:\/\/www.instagram.com\/aquasrina\/<\/a>&#8211; <a href=\"https:\/\/mbeckermocellin.wixsite.com\/beckerinam\">https:\/\/mbeckermocellin.wixsite.com\/beckerinam<\/a> &#8211; Formada em Cinema e Audiovisual, workshop de storyboard e figurino.<\/div>\n<\/div>\n<\/div>\n<\/div>\n<\/div>\n<h3><\/h3>\n<h3><strong>S\u00c3O PAULO<\/strong><\/h3>\n<div class=\"Qr7Oae\" role=\"listitem\">\n<div class=\"OxAavc NVbRL\" data-required=\"true\" data-item-id=\"502265750\">\n<div class=\"xMZTse Ih4Dzb\">\n<div aria-describedby=\"c408\">\n<p>&gt; Abayomi Atelie &#8211; Pamela Candido Rosa &#8211; <a href=\"mailto:pamelabayomi@gmail.com\">pamelabayomi@gmail.com<\/a> &#8211; (11) 954516667 &#8211; Facebook: @abayomiatelie Instagram: @abayomiatelie &#8211; Possui CNPJ &#8211; Forma\u00e7\u00e3o\/experi\u00eancia &#8211; <a href=\"https:\/\/docs.google.com\/document\/d\/1CefZtVrKzeogugw0hIIhfR10CkavoID-evkMrI_Dr40\/edit?usp=sharing\">Link<\/a><\/p>\n<\/div>\n<\/div>\n<\/div>\n<\/div>\n<div aria-describedby=\"c865\"><\/div>\n<div aria-describedby=\"c865\">\n<p><strong>S\u00c3O BERNARDO DO CAMPO<\/strong><\/p>\n<\/div>\n<div class=\"Mh5jwe JqSWld yqQS1\" aria-describedby=\"c865\">\n<div class=\"Qr7Oae\" role=\"listitem\">\n<div class=\"OxAavc NVbRL\" data-required=\"true\" data-item-id=\"502265750\">\n<div class=\"xMZTse Ih4Dzb\">\n<div class=\"Mh5jwe JqSWld yqQS1\" aria-describedby=\"c855\">\n<p>&gt; Pablo dos Santos Abreu &#8211; <a href=\"mailto:pablosantosabreu@hotmail.com\">pablosantosabreu@hotmail.com<\/a> &#8211; (11) 953652885 &#8211; instagram.com\/pabluj\/ &#8211;\u00a0 pabloabreuportfolio.blogspot.com\/- www.instagram.com\/fratolish\/- Formado pelo Centro de Audiovisual (CAV) em 2019 no curso de Cine\/TV e pelo senac em Assistente de Arte.<\/p>\n<\/div>\n<\/div>\n<\/div>\n<\/div>\n<\/div>\n<h3><\/h3>\n<h3><strong>MINAS GERAIS<\/strong><\/h3>\n<p><strong>BELO HORIZONTE<\/strong><\/p>\n<div class=\"Qr7Oae\" role=\"listitem\">\n<div class=\"OxAavc NVbRL\" data-item-id=\"1788132075\">\n<div class=\"xMZTse Ih4Dzb\">\n<div class=\"Mh5jwe JqSWld yqQS1\" aria-describedby=\"c367\">&gt; Juliana Floriano Produ\u00e7\u00f5es &#8211; <a href=\"mailto:florianojuflor@hotmail.com\">florianojuflor@hotmail.com<\/a> &#8211; (31) 99674-8544 &#8211; https:\/\/www.facebook.com\/juliana.floriano.12\/ (Facebook) &#8211; florianojuflor@hotmail.com (e-mail) &#8211; julianaflorianoflor (instagram) &#8211; Possui CNPJ &#8211; Forma\u00e7\u00e3o\/experi\u00eancia &#8211;<a href=\"https:\/\/docs.google.com\/document\/d\/11kc53uLXNTgQUhN6fSwUrlgbNinpaYHBsO-scuG2olo\/edit?usp=sharing\">Link<\/a>. Experi\u00eancia em pintura mural.<\/div>\n<\/div>\n<\/div>\n<\/div>\n<div>\n<div role=\"heading\" aria-level=\"3\" aria-describedby=\"i.desc.1184206378\">\n<div class=\"Qr7Oae\" role=\"listitem\">\n<div class=\"OxAavc NVbRL\" data-required=\"true\" data-item-id=\"1844217239\">\n<div class=\"xMZTse Ih4Dzb\">\n<div aria-describedby=\"c262\"><\/div>\n<h3 aria-describedby=\"c262\">PERNAMBUCO<\/h3>\n<div aria-describedby=\"c262\"><strong>RECIFE<\/strong><\/div>\n<\/div>\n<\/div>\n<\/div>\n<\/div>\n<\/div>\n<div>\n<div role=\"heading\" aria-level=\"3\" aria-describedby=\"i.desc.1184206378\">\n<div class=\"Qr7Oae\" role=\"listitem\">\n<div class=\"OxAavc NVbRL\" data-item-id=\"995780703\">\n<div class=\"pYfr3c\">\n<div class=\"prOLdf\">\n<div class=\"g53bl\">\n<div class=\"cTDvob D1wxyf\" role=\"heading\" aria-level=\"3\" aria-describedby=\"i.desc.995780703\">\n<div class=\"Qr7Oae\" role=\"listitem\">\n<div class=\"OxAavc NVbRL\" data-required=\"true\" data-item-id=\"502265750\">\n<div class=\"xMZTse Ih4Dzb\">\n<div class=\"Mh5jwe JqSWld yqQS1\" aria-describedby=\"c252\">\n<p>&gt; Luana Nascimento &#8211;<a href=\"mailto:lua.sn@hotmail.com\"> lua.sn@hotmail.com<\/a> &#8211; (81) 99600.5357 &#8211; @luanebulosa &#8211; Ilustra\u00e7\u00f5es <a href=\"https:\/\/www.instagram.com\/dropslunar\/\">https:\/\/www.instagram.com\/dropslunar\/<\/a> Projetos em figurino (p\u00e1gina em constru\u00e7\u00e3o) <a href=\"https:\/\/www.tumblr.com\/blog\/dropslunar\">https:\/\/www.tumblr.com\/blog\/dropslunar<\/a> Cenografia, brindes e material publicit\u00e1rio behance.net\/luanebulosa &#8211; Possui CNPJ &#8211; Primeiro contato com os bordado, croch\u00ea, tric\u00f4, corte e costura foi ainda pequena com familiares e amigos. J\u00e1 trabalhou com cenografia para eventos. Cursou dire\u00e7\u00e3o de arte para audiovisual no SESC-SP em 2020. Em 2021 participou de WORKSHOP sobre Processo Criativo em figurino com Janaina Castro, da Oficina Manuten\u00e7\u00e3o de Figurinos e Acervo da SPCD e Projeto de Extens\u00e3o Sala de Figurinos do Ateli\u00ea de Figurinos do Centro de Artes da Universidade Federal de Pelotas\/RS.<\/p>\n<\/div>\n<\/div>\n<\/div>\n<\/div>\n<\/div>\n<\/div>\n<\/div>\n<\/div>\n<\/div>\n<\/div>\n<\/div>\n<\/div>\n","protected":false},"excerpt":{"rendered":"<p>&gt;&gt;&gt; CENOGRAFIA \/ DECORA\u00c7\u00c3O DE EVENTOS RIO GRANDE DO SUL PELOTAS &gt; Doida da Espanha e Usina Feminista &#8211; Joana de Leon dos Santos &#8211; joanadoida2020@gmail.com &#8211; (53) 99554762 &#8211; @doidadaespanha &#8211; @usinafeminista &#8211; Possui CNPJ &#8211; Designer de moda, Artes Visuais, figurinista e cenografista desde 2008. &gt; Jeroaz.arte &#8211; Jer\u00f4nimo Netto de Azambuja &#8211; [&hellip;]<\/p>\n","protected":false},"author":412,"featured_media":0,"parent":391,"menu_order":13,"comment_status":"closed","ping_status":"closed","template":"","meta":{"jetpack_post_was_ever_published":false,"footnotes":""},"class_list":["post-2850","page","type-page","status-publish","hentry"],"jetpack_sharing_enabled":true,"jetpack_shortlink":"https:\/\/wp.me\/P9wvEO-JY","jetpack_likes_enabled":true,"jetpack-related-posts":[],"_links":{"self":[{"href":"https:\/\/wp.ufpel.edu.br\/ateliedefigurinos\/wp-json\/wp\/v2\/pages\/2850","targetHints":{"allow":["GET"]}}],"collection":[{"href":"https:\/\/wp.ufpel.edu.br\/ateliedefigurinos\/wp-json\/wp\/v2\/pages"}],"about":[{"href":"https:\/\/wp.ufpel.edu.br\/ateliedefigurinos\/wp-json\/wp\/v2\/types\/page"}],"author":[{"embeddable":true,"href":"https:\/\/wp.ufpel.edu.br\/ateliedefigurinos\/wp-json\/wp\/v2\/users\/412"}],"replies":[{"embeddable":true,"href":"https:\/\/wp.ufpel.edu.br\/ateliedefigurinos\/wp-json\/wp\/v2\/comments?post=2850"}],"version-history":[{"count":18,"href":"https:\/\/wp.ufpel.edu.br\/ateliedefigurinos\/wp-json\/wp\/v2\/pages\/2850\/revisions"}],"predecessor-version":[{"id":3733,"href":"https:\/\/wp.ufpel.edu.br\/ateliedefigurinos\/wp-json\/wp\/v2\/pages\/2850\/revisions\/3733"}],"up":[{"embeddable":true,"href":"https:\/\/wp.ufpel.edu.br\/ateliedefigurinos\/wp-json\/wp\/v2\/pages\/391"}],"wp:attachment":[{"href":"https:\/\/wp.ufpel.edu.br\/ateliedefigurinos\/wp-json\/wp\/v2\/media?parent=2850"}],"curies":[{"name":"wp","href":"https:\/\/api.w.org\/{rel}","templated":true}]}}