{"id":2839,"date":"2020-11-12T08:55:48","date_gmt":"2020-11-12T11:55:48","guid":{"rendered":"https:\/\/wp.ufpel.edu.br\/ateliedefigurinos\/?page_id=2839"},"modified":"2022-07-13T11:46:26","modified_gmt":"2022-07-13T14:46:26","slug":"2839-2","status":"publish","type":"page","link":"https:\/\/wp.ufpel.edu.br\/ateliedefigurinos\/rededecontatos\/2839-2\/","title":{"rendered":"Tric\u00f4 \/ Croch\u00ea"},"content":{"rendered":"<p><strong>&gt;&gt;&gt; TRIC\u00d4 \/ CROCH\u00ca<\/strong><\/p>\n<p>&nbsp;<\/p>\n<h3>RIO GRANDE DO SUL<\/h3>\n<p><strong>PELOTAS<\/strong><\/p>\n<p>&gt; Artic\u00f4 &#8211; Isabel Chevarria &#8211; <a href=\"mailto:isabelcmchevarria@gmail.com\">isabelcmchevarria@gmail.com<\/a> &#8211; Belin tric\u00f4 (Facebook ) bordadeira_ss900 (Instagram) &#8211; Tecido em l\u00e3 &#8211; Anos de experi\u00eancia em tric\u00f4 a m\u00e1quina &#8211; Aluna curso T\u00e9cnico de Vestu\u00e1rio &#8211; IFSul &#8211; CAVG.<\/p>\n<div class=\"q4tvle JqSWld yqQS1\">&gt; Doida da Espanha e Usina Feminista &#8211; Joana de Leon dos Santos &#8211; <a href=\"mailto:joanadoida2020@gmail.com\">joanadoida2020@gmail.com<\/a> &#8211; (53) 99554762 &#8211; @doidadaespanha &#8211; @usinafeminista &#8211; Possui CNPJ &#8211; Designer de moda, Artes Visuais, figurinista e cenografista desde 2008.<\/div>\n<div>\n<p><strong>RIO GRANDE<\/strong><\/p>\n<div class=\"Qr7Oae\" role=\"listitem\">\n<div class=\"OxAavc NVbRL\" data-item-id=\"1788132075\">\n<div class=\"xMZTse Ih4Dzb\">\n<div class=\"Mh5jwe JqSWld yqQS1\" aria-describedby=\"c328\">&gt; Carolina Sim\u00f5es &#8211; <a href=\"mailto:carolsimoesrg@gmail.com\">carolsimoesrg@gmail.com<\/a> &#8211; (53) 984692606 &#8211; Instagram: @__carolinasimoes<\/div>\n<\/div>\n<\/div>\n<\/div>\n<div class=\"Qr7Oae\" role=\"listitem\">\n<div class=\"OxAavc NVbRL\" data-required=\"true\" data-item-id=\"1844217239\">\n<div class=\"pYfr3c\">\n<div class=\"prOLdf\">\n<div class=\"g53bl\">\n<div class=\"cTDvob D1wxyf\" role=\"heading\" aria-level=\"3\" aria-describedby=\"i.desc.1844217239 c334\">\n<div class=\"Qr7Oae\" role=\"listitem\">\n<div class=\"OxAavc NVbRL\" data-required=\"true\" data-item-id=\"502265750\">\n<div class=\"pYfr3c\">\n<div class=\"prOLdf\">\n<div class=\"g53bl\">\n<div class=\"cTDvob D1wxyf\" role=\"heading\" aria-level=\"3\" aria-describedby=\"i.desc.502265750 c324\">\n<div class=\"Qr7Oae\" role=\"listitem\">\n<div class=\"OxAavc NVbRL\" data-item-id=\"1788132075\">\n<div class=\"pYfr3c\">\n<div class=\"prOLdf\">\n<div class=\"g53bl\">\n<div class=\"cTDvob D1wxyf\" role=\"heading\" aria-level=\"3\" aria-describedby=\"i.desc.1788132075\">\n<div class=\"Qr7Oae\" role=\"listitem\">\n<div class=\"OxAavc\" data-other-input=\"qSV85\" data-other-hidden=\"MfYA1e\" data-item-id=\"1184206378\">\n<div class=\"pYfr3c\">\n<div class=\"prOLdf\">\n<div class=\"g53bl\">\n<div id=\"c337\" class=\"cTDvob D1wxyf\" role=\"heading\" aria-level=\"3\" aria-describedby=\"i.desc.1184206378\">\n<div class=\"Qr7Oae\" role=\"listitem\">\n<div class=\"OxAavc NVbRL\" data-required=\"true\" data-item-id=\"443475757\">\n<div class=\"Ih4Dzb\">\n<div class=\"q4tvle JqSWld yqQS1\">Curso de corte e costura no Ateli\u00ea Vera Oriente. Aluna do Design de Moda. Atualmente faz alguns ajustes para lojas de alfaiataria.<\/div>\n<div><\/div>\n<\/div>\n<\/div>\n<\/div>\n<\/div>\n<\/div>\n<\/div>\n<\/div>\n<\/div>\n<\/div>\n<\/div>\n<\/div>\n<\/div>\n<\/div>\n<\/div>\n<\/div>\n<\/div>\n<\/div>\n<\/div>\n<\/div>\n<\/div>\n<\/div>\n<\/div>\n<\/div>\n<\/div>\n<\/div>\n<\/div>\n<\/div>\n<\/div>\n<h3><strong>SANTA CATARINA<\/strong><\/h3>\n<div>\n<div class=\"Qr7Oae\" role=\"listitem\">\n<div class=\"OxAavc NVbRL\" data-required=\"true\" data-item-id=\"1844217239\">\n<div class=\"xMZTse Ih4Dzb\">\n<div class=\"Mh5jwe JqSWld yqQS1\" aria-describedby=\"c1375\"><strong>JOINVILLE<\/strong><\/div>\n<\/div>\n<div aria-describedby=\"c1375\">\n<div class=\"Qr7Oae\" role=\"listitem\">\n<div class=\"OxAavc NVbRL\" data-item-id=\"1788132075\">\n<div class=\"xMZTse Ih4Dzb\">\n<div aria-describedby=\"c1372\"><\/div>\n<div class=\"Mh5jwe JqSWld yqQS1\" aria-describedby=\"c1372\">\n<p>&gt; Mauren Armani Designer &#8211; <a href=\"mailto:maurenarmani@gmail.com\">maurenarmani@gmail.com<\/a> &#8211; (47) 991840750 &#8211;<a href=\"https:\/\/www.instagram.com\/p\/CNDGrerrwkc\/?utm_medium=copy_link\">https:\/\/www.instagram.com\/p\/CNDGrerrwkc\/?utm_medium=copy_link &#8211; <\/a>Faz parte do Projeto DESOL &#8211; <a href=\"https:\/\/www.instagram.com\/p\/CBTYexGhISa\/?utm_medium=copy_link\">Link. <\/a>\u00a0Faz parte da Mentoria do Farol Criativo da Funda\u00e7\u00e3o Hermann Hering &#8211; <a href=\"https:\/\/www.instagram.com\/p\/CNdnzs7HF5C\/?utm_medium=copy_link\">Link<\/a>, faz parte do Curso da Rede Asta de forma\u00e7\u00e3o de artesas &#8211; <a href=\"https:\/\/www.instagram.com\/p\/COgs_MaJch1\/?utm_medium=copy_link\">Link <\/a>Produz: Bolsas, Mochilas, Clutchs, Saquinhos de sementes e ervas medicinais e arom\u00e1ticas.<\/p>\n<div class=\"Qr7Oae\" role=\"listitem\">\n<div class=\"OxAavc\" data-required=\"true\" data-other-input=\"qSV85\" data-other-hidden=\"MfYA1e\" data-item-id=\"532898831\">\n<div id=\"i.req.532898831\" class=\"fKfAyc\">\n<div class=\"cTDvob D1wxyf\" role=\"heading\" aria-level=\"3\" aria-describedby=\"i.desc.1844217239 c1117\">\n<div class=\"Qr7Oae\" role=\"listitem\">\n<div class=\"OxAavc\" data-required=\"true\" data-other-input=\"qSV85\" data-other-hidden=\"MfYA1e\" data-item-id=\"532898831\">\n<div class=\"pYfr3c\">\n<div class=\"prOLdf\">\n<div class=\"g53bl\">\n<div id=\"c1134\" class=\"cTDvob D1wxyf\" role=\"heading\" aria-level=\"3\" aria-describedby=\"i.desc.532898831 c1185\">\n<div class=\"Qr7Oae\" role=\"listitem\">\n<div class=\"OxAavc\" data-required=\"true\" data-other-input=\"qSV85\" data-other-hidden=\"MfYA1e\" data-item-id=\"532898831\">\n<div aria-describedby=\"c1372\">\n<div class=\"Qr7Oae\" role=\"listitem\">\n<div class=\"OxAavc NVbRL\" data-item-id=\"1788132075\">\n<div class=\"xMZTse Ih4Dzb\">\n<div class=\"Mh5jwe JqSWld yqQS1\" aria-describedby=\"c1651\">&gt; Ami Cycle &#8211; Mauren Christine Armani &#8211; <a href=\"mailto:amicycle21@gmail.com\">amicycle21@gmail.com<\/a> &#8211; (47) 991840750 &#8211; <a href=\"https:\/\/www.instagram.com\/p\/CLW2X0LHW-O\/?utm_medium=copy_link\">Link , <\/a><a href=\"https:\/\/www.instagram.com\/p\/CBTYexGhISa\/?utm_medium=copy_link\">Link<\/a> , <a href=\"https:\/\/www.instagram.com\/p\/CNdnzs7HF5C\/?utm_medium=copy_link\">Link<\/a> , <a href=\"https:\/\/www.instagram.com\/p\/COgs_MaJch1\/?utm_medium=copy_link\">Link<\/a><\/div>\n<\/div>\n<\/div>\n<\/div>\n<\/div>\n<\/div>\n<\/div>\n<\/div>\n<\/div>\n<\/div>\n<\/div>\n<\/div>\n<\/div>\n<\/div>\n<div class=\"Qr7Oae\" role=\"listitem\">\n<div class=\"OxAavc\" data-required=\"true\" data-other-input=\"qSV85\" data-other-hidden=\"MfYA1e\" data-item-id=\"532898831\">\n<div class=\"Eg06Ee\" role=\"list\" aria-labelledby=\"c1674\" aria-describedby=\"i.desc.532898831 i.err.532898831 i.req.532898831\">\n<div class=\"hfh9V\" role=\"listitem\" data-value=\"__other_option__\">\n<div class=\"ujnDW knKeFf\">\n<div class=\"ebm1oc\">\n<div class=\"xve8mb\">\n<div class=\"Rvxyde\">Atuamos no segmento do LAR e do BEM ESTAR : trabalhamos com res\u00edduo t\u00eaxtil e de madeira madeira.<\/div>\n<\/div>\n<\/div>\n<\/div>\n<\/div>\n<\/div>\n<\/div>\n<\/div>\n<\/div>\n<\/div>\n<\/div>\n<div class=\"Qr7Oae\" role=\"listitem\">\n<div class=\"OxAavc NVbRL\" data-item-id=\"1123955140\">\n<div class=\"pYfr3c\">\n<div class=\"prOLdf\">\n<div class=\"g53bl\">\n<div class=\"cTDvob D1wxyf\" role=\"heading\" aria-level=\"3\" aria-describedby=\"i.desc.1123955140\"><\/div>\n<\/div>\n<\/div>\n<\/div>\n<\/div>\n<\/div>\n<\/div>\n<\/div>\n<\/div>\n<\/div>\n<\/div>\n<\/div>\n<\/div>\n<\/div>\n<h3>S\u00c3O PAULO<\/h3>\n<div>&gt; Da Lama &#8211; La\u00eds Da Lama &#8211; La\u00eds Fernanda Rosa &#8211; <a href=\"mailto:figurinosdalama@gmail.com\">figurinosdalama@gmail.com<\/a> &#8211; (11) 951423073 &#8211; Instagram: @dalamaaoluxoo &#8211; @dalamaeuvim &#8211; @figurinosdalama &#8211; Facebook:\u00a0 DA LAMA ao luxoo. Possui CNPJ. Forma\u00e7\u00e3o acad\u00eamica Licenciatura de Artes Visuais. Cursos t\u00e9cnicos Senac: costureira, modelista, criadora de moda e estilista Curso livres: desenho, ilustra\u00e7\u00f5es e fotografia.<\/div>\n<div class=\"Qr7Oae\" role=\"listitem\">\n<div aria-describedby=\"c262\"><\/div>\n<div class=\"OxAavc\" data-required=\"true\" data-other-input=\"qSV85\" data-other-hidden=\"MfYA1e\" data-item-id=\"532898831\">\n<div class=\"pYfr3c\">\n<div class=\"prOLdf\">\n<div class=\"g53bl\">\n<div id=\"c873\" class=\"cTDvob D1wxyf\" role=\"heading\" aria-level=\"3\" aria-describedby=\"i.desc.532898831 c924\">\n<div>\n<div role=\"heading\" aria-level=\"3\" aria-describedby=\"i.desc.1184206378\">\n<div class=\"Qr7Oae\" role=\"listitem\">\n<div class=\"Qr7Oae\" role=\"listitem\">\n<div class=\"OxAavc NVbRL\" data-required=\"true\" data-item-id=\"1844217239\">\n<div class=\"xMZTse Ih4Dzb\">\n<h3 aria-describedby=\"c1261\">MINAS GERAIS<\/h3>\n<div aria-describedby=\"c1261\">\n<p><strong>VISCONDE DO RIO BRANCO<\/strong><\/p>\n<\/div>\n<div aria-describedby=\"c1261\"><\/div>\n<div class=\"Mh5jwe JqSWld yqQS1\" aria-describedby=\"c1261\">\n<div class=\"Qr7Oae\" role=\"listitem\">\n<div class=\"OxAavc NVbRL\" data-item-id=\"1788132075\">\n<div class=\"xMZTse Ih4Dzb\">\n<div class=\"Mh5jwe JqSWld yqQS1\" aria-describedby=\"c187\">\n<p>&gt; Linhas no Mundo &#8211; Adrielly Reis &#8211; <a href=\"mailto:adriellyareis@gmail.com\">adriellyareis@gmail.com<\/a> &#8211; (32) 9984911385 &#8211; Instagram: @linhasnomundo &#8211; Faz troch\u00ea desde os 14 anos de idade. Produz roupas e acess\u00f3rios. Est\u00e1 cursando t\u00e9cnico em modelagem do vestu\u00e1rio pelo Senai.<\/p>\n<\/div>\n<\/div>\n<\/div>\n<\/div>\n<div class=\"Qr7Oae\" role=\"listitem\">\n<div class=\"OxAavc NVbRL\" data-required=\"true\" data-item-id=\"1844217239\">\n<div class=\"pYfr3c\">\n<div class=\"prOLdf\">\n<div class=\"g53bl\">\n<div class=\"cTDvob D1wxyf RjsPE\" role=\"heading\" aria-level=\"3\" aria-describedby=\"i.desc.1844217239 c193\">\n<div class=\"Qr7Oae\" role=\"listitem\">\n<div class=\"OxAavc NVbRL\" data-item-id=\"41894374\">\n<div class=\"pYfr3c\">\n<div class=\"prOLdf\">\n<div class=\"g53bl\">\n<div class=\"cTDvob D1wxyf RjsPE\" role=\"heading\" aria-level=\"3\" aria-describedby=\"i.desc.41894374\">\n<div class=\"Qr7Oae\" role=\"listitem\">\n<div class=\"OxAavc NVbRL\" data-required=\"true\" data-item-id=\"502265750\">\n<div class=\"pYfr3c\">\n<div class=\"prOLdf\">\n<div class=\"g53bl\">\n<div class=\"cTDvob D1wxyf RjsPE\" role=\"heading\" aria-level=\"3\" aria-describedby=\"i.desc.502265750 c183\">\n<div class=\"Qr7Oae\" role=\"listitem\">\n<div class=\"OxAavc NVbRL\" data-item-id=\"1788132075\">\n<div class=\"pYfr3c\">\n<div class=\"prOLdf\">\n<div class=\"g53bl\">\n<div class=\"cTDvob D1wxyf RjsPE\" role=\"heading\" aria-level=\"3\" aria-describedby=\"i.desc.1788132075\">\n<div class=\"Qr7Oae\" role=\"listitem\">\n<div class=\"OxAavc\" data-other-input=\"qSV85\" data-other-hidden=\"MfYA1e\" data-item-id=\"1184206378\">\n<div class=\"pYfr3c\">\n<div class=\"prOLdf\">\n<div class=\"g53bl\">\n<div id=\"c196\" class=\"cTDvob D1wxyf RjsPE\" role=\"heading\" aria-level=\"3\" aria-describedby=\"i.desc.1184206378\">\n<div class=\"Qr7Oae\" role=\"listitem\">\n<div class=\"OxAavc\" data-required=\"true\" data-other-input=\"qSV85\" data-other-hidden=\"MfYA1e\" data-item-id=\"532898831\">\n<div class=\"pYfr3c\">\n<div class=\"prOLdf\">\n<div class=\"g53bl\">\n<div id=\"c210\" class=\"cTDvob D1wxyf RjsPE\" role=\"heading\" aria-level=\"3\" aria-describedby=\"i.desc.532898831 c273\"><\/div>\n<\/div>\n<\/div>\n<\/div>\n<\/div>\n<\/div>\n<\/div>\n<\/div>\n<\/div>\n<\/div>\n<\/div>\n<\/div>\n<\/div>\n<\/div>\n<\/div>\n<\/div>\n<\/div>\n<\/div>\n<\/div>\n<\/div>\n<\/div>\n<\/div>\n<\/div>\n<\/div>\n<\/div>\n<\/div>\n<\/div>\n<\/div>\n<\/div>\n<\/div>\n<\/div>\n<\/div>\n<\/div>\n<\/div>\n<\/div>\n<\/div>\n<\/div>\n<\/div>\n<\/div>\n<\/div>\n<h3 aria-describedby=\"c262\">PERNAMBUCO<\/h3>\n<div aria-describedby=\"c262\"><strong>RECIFE<\/strong><\/div>\n<\/div>\n<\/div>\n<\/div>\n<div>\n<div role=\"heading\" aria-level=\"3\" aria-describedby=\"i.desc.1184206378\">\n<div class=\"Qr7Oae\" role=\"listitem\">\n<div class=\"OxAavc NVbRL\" data-item-id=\"995780703\">\n<div class=\"pYfr3c\">\n<div class=\"prOLdf\">\n<div class=\"g53bl\">\n<div class=\"cTDvob D1wxyf\" role=\"heading\" aria-level=\"3\" aria-describedby=\"i.desc.995780703\">\n<div class=\"Qr7Oae\" role=\"listitem\">\n<div class=\"OxAavc NVbRL\" data-required=\"true\" data-item-id=\"502265750\">\n<div class=\"xMZTse Ih4Dzb\">\n<div class=\"Mh5jwe JqSWld yqQS1\" aria-describedby=\"c252\">\n<p>&gt; Luana Nascimento &#8211; <a href=\"mailto:lua.sn@hotmail.com\">lua.sn@hotmail.com<\/a> &#8211; (81) 99600.5357 &#8211; @luanebulosa &#8211; Ilustra\u00e7\u00f5es <a href=\"https:\/\/www.instagram.com\/dropslunar\/\">https:\/\/www.instagram.com\/dropslunar\/<\/a> Projetos em figurino (p\u00e1gina em constru\u00e7\u00e3o) <a href=\"https:\/\/www.tumblr.com\/blog\/dropslunar\">https:\/\/www.tumblr.com\/blog\/dropslunar<\/a> Cenografia, brindes e material publicit\u00e1rio behance.net\/luanebulosa -Possui CNPJ &#8211; Primeiro contato com os bordado, croch\u00ea, tric\u00f4, corte e costura foi ainda pequena com familiares e amigos. J\u00e1 trabalhou com cenografia para eventos. Cursou dire\u00e7\u00e3o de arte para audiovisual no SESC-SP em 2020. Em 2021 participou de WORKSHOP sobre Processo Criativo em figurino com Janaina Castro, da Oficina Manuten\u00e7\u00e3o de Figurinos e Acervo da SPCD e Projeto de Extens\u00e3o Sala de Figurinos do Ateli\u00ea de Figurinos do Centro de Artes da Universidade Federal de Pelotas\/RS.<\/p>\n<div class=\"Qr7Oae\" role=\"listitem\">\n<div class=\"OxAavc NVbRL\" data-required=\"true\" data-item-id=\"502265750\">\n<div class=\"pYfr3c\">\n<div class=\"prOLdf\">\n<div role=\"heading\" aria-level=\"3\" aria-describedby=\"i.desc.502265750 c255\">\n<h3><strong>BAHIA<\/strong><\/h3>\n<p><strong>SALVADOR<\/strong><\/p>\n<div class=\"Qr7Oae\" role=\"listitem\">\n<div class=\"OxAavc NVbRL\" data-item-id=\"1788132075\">\n<div class=\"xMZTse Ih4Dzb\">\n<div class=\"Mh5jwe JqSWld yqQS1\" aria-describedby=\"c1285\">&gt; @Littlebags &#8211; Normal\u00facia Pedreira &#8211; <a href=\"mailto:norma_pedreira@hotmail.com\">norma_pedreira@hotmail.com<\/a> &#8211; (71) 999518142 &#8211; @littlebags &#8211; Experi\u00eancia de mais de vinte anos em costura, reforma, consertos e modinha. Rede Asta, projeto m\u00e1scara mais renda ,escola de neg\u00f3cios Rede Asta, Projeto Aprendendo com uma av\u00f3 da @olabi.<\/div>\n<\/div>\n<\/div>\n<\/div>\n<\/div>\n<\/div>\n<\/div>\n<\/div>\n<\/div>\n<\/div>\n<\/div>\n<\/div>\n<\/div>\n<\/div>\n<\/div>\n<\/div>\n<\/div>\n<\/div>\n<\/div>\n<\/div>\n<\/div>\n<\/div>\n<\/div>\n<\/div>\n<\/div>\n<\/div>\n<\/div>\n","protected":false},"excerpt":{"rendered":"<p>&gt;&gt;&gt; TRIC\u00d4 \/ CROCH\u00ca &nbsp; RIO GRANDE DO SUL PELOTAS &gt; Artic\u00f4 &#8211; Isabel Chevarria &#8211; isabelcmchevarria@gmail.com &#8211; Belin tric\u00f4 (Facebook ) bordadeira_ss900 (Instagram) &#8211; Tecido em l\u00e3 &#8211; Anos de experi\u00eancia em tric\u00f4 a m\u00e1quina &#8211; Aluna curso T\u00e9cnico de Vestu\u00e1rio &#8211; IFSul &#8211; CAVG. &gt; Doida da Espanha e Usina Feminista &#8211; Joana [&hellip;]<\/p>\n","protected":false},"author":412,"featured_media":0,"parent":391,"menu_order":7,"comment_status":"closed","ping_status":"closed","template":"","meta":{"jetpack_post_was_ever_published":false,"footnotes":""},"class_list":["post-2839","page","type-page","status-publish","hentry"],"jetpack_sharing_enabled":true,"jetpack_shortlink":"https:\/\/wp.me\/P9wvEO-JN","jetpack_likes_enabled":true,"jetpack-related-posts":[],"_links":{"self":[{"href":"https:\/\/wp.ufpel.edu.br\/ateliedefigurinos\/wp-json\/wp\/v2\/pages\/2839","targetHints":{"allow":["GET"]}}],"collection":[{"href":"https:\/\/wp.ufpel.edu.br\/ateliedefigurinos\/wp-json\/wp\/v2\/pages"}],"about":[{"href":"https:\/\/wp.ufpel.edu.br\/ateliedefigurinos\/wp-json\/wp\/v2\/types\/page"}],"author":[{"embeddable":true,"href":"https:\/\/wp.ufpel.edu.br\/ateliedefigurinos\/wp-json\/wp\/v2\/users\/412"}],"replies":[{"embeddable":true,"href":"https:\/\/wp.ufpel.edu.br\/ateliedefigurinos\/wp-json\/wp\/v2\/comments?post=2839"}],"version-history":[{"count":17,"href":"https:\/\/wp.ufpel.edu.br\/ateliedefigurinos\/wp-json\/wp\/v2\/pages\/2839\/revisions"}],"predecessor-version":[{"id":3901,"href":"https:\/\/wp.ufpel.edu.br\/ateliedefigurinos\/wp-json\/wp\/v2\/pages\/2839\/revisions\/3901"}],"up":[{"embeddable":true,"href":"https:\/\/wp.ufpel.edu.br\/ateliedefigurinos\/wp-json\/wp\/v2\/pages\/391"}],"wp:attachment":[{"href":"https:\/\/wp.ufpel.edu.br\/ateliedefigurinos\/wp-json\/wp\/v2\/media?parent=2839"}],"curies":[{"name":"wp","href":"https:\/\/api.w.org\/{rel}","templated":true}]}}