{"id":2832,"date":"2020-11-12T08:52:02","date_gmt":"2020-11-12T11:52:02","guid":{"rendered":"https:\/\/wp.ufpel.edu.br\/ateliedefigurinos\/?page_id=2832"},"modified":"2022-07-13T17:51:05","modified_gmt":"2022-07-13T20:51:05","slug":"estamparia-pintura-grafite-serigrafia","status":"publish","type":"page","link":"https:\/\/wp.ufpel.edu.br\/ateliedefigurinos\/rededecontatos\/estamparia-pintura-grafite-serigrafia\/","title":{"rendered":"Estamparia: Pintura, grafite, serigrafia, tingimento&#8230;"},"content":{"rendered":"<p><strong>&gt;&gt;&gt; ESTAMPARIA: PINTURA, GRAFITE, SERIGRAFIA, TINGIMENTO&#8230;<\/strong><\/p>\n<h3><\/h3>\n<h3><strong>RIO GRANDE DO SUL<\/strong><\/h3>\n<p><strong>PELOTAS<\/strong><\/p>\n<p class=\"Normal tm6 tm7\">&gt; Ateli\u00ea de Moda Andorinha &#8211; Manuella Mathias &#8211; Whats (53) 98433-0001 &#8211; Instagram:<a id=\"m_-6196344422226251629plusReplyChip-0\" class=\"gmail_plusreply\"><\/a>@useandorinha<\/p>\n<p>&gt; Milla Lima &#8211; Ludmila De Lima Coutinho &#8211; <a href=\"mailto:ludlimacoutinho@gmail.com\">ludlimacoutinho@gmail.com<\/a> &#8211; (53) 992414039 &#8211; @limamilla24 &#8211; Possui CNPJ &#8211; Forma\u00e7\u00e3o em Design de Moda pela UCPEL e graduanda de Dan\u00e7a-Licenciatura UFPEL.<\/p>\n<p>&gt; Vanessa Farias dos Santos &#8211; Pintura &#8211; <a href=\"mailto:vanessafarias18santos@gmail.com\">vanessafarias18santos@gmail.com<\/a> &#8211; (53) 984693313<\/p>\n<p>&nbsp;<\/p>\n<p><strong>RIO GRANDE<\/strong><\/p>\n<div class=\"Qr7Oae\" role=\"listitem\">\n<div class=\"OxAavc NVbRL\" data-item-id=\"1788132075\">\n<div class=\"xMZTse Ih4Dzb\">\n<div class=\"Mh5jwe JqSWld yqQS1\" aria-describedby=\"c328\">&gt; Carolina Sim\u00f5es &#8211; <a href=\"mailto:carolsimoesrg@gmail.com\">carolsimoesrg@gmail.com<\/a> &#8211; (53) 984692606 &#8211; Instagram: @__carolinasimoes<\/div>\n<\/div>\n<\/div>\n<\/div>\n<div class=\"Qr7Oae\" role=\"listitem\">\n<div class=\"OxAavc NVbRL\" data-required=\"true\" data-item-id=\"1844217239\">\n<div class=\"pYfr3c\">\n<div class=\"prOLdf\">\n<div class=\"g53bl\">\n<div class=\"cTDvob D1wxyf\" role=\"heading\" aria-level=\"3\" aria-describedby=\"i.desc.1844217239 c334\">\n<div class=\"Qr7Oae\" role=\"listitem\">\n<div class=\"OxAavc NVbRL\" data-required=\"true\" data-item-id=\"502265750\">\n<div class=\"pYfr3c\">\n<div class=\"prOLdf\">\n<div class=\"g53bl\">\n<div class=\"cTDvob D1wxyf\" role=\"heading\" aria-level=\"3\" aria-describedby=\"i.desc.502265750 c324\">\n<div class=\"Qr7Oae\" role=\"listitem\">\n<div class=\"OxAavc NVbRL\" data-item-id=\"1788132075\">\n<div class=\"pYfr3c\">\n<div class=\"prOLdf\">\n<div class=\"g53bl\">\n<div class=\"cTDvob D1wxyf\" role=\"heading\" aria-level=\"3\" aria-describedby=\"i.desc.1788132075\">\n<div class=\"Qr7Oae\" role=\"listitem\">\n<div class=\"OxAavc\" data-other-input=\"qSV85\" data-other-hidden=\"MfYA1e\" data-item-id=\"1184206378\">\n<div class=\"pYfr3c\">\n<div class=\"prOLdf\">\n<div class=\"g53bl\">\n<div id=\"c337\" class=\"cTDvob D1wxyf\" role=\"heading\" aria-level=\"3\" aria-describedby=\"i.desc.1184206378\">\n<div class=\"Qr7Oae\" role=\"listitem\">\n<div class=\"OxAavc NVbRL\" data-required=\"true\" data-item-id=\"443475757\">\n<div class=\"Ih4Dzb\">\n<div class=\"q4tvle JqSWld yqQS1\">Curso de corte e costura no Ateli\u00ea Vera Oriente. Aluna do Design de Moda. Atualmente faz alguns ajustes para lojas de alfaiataria.<\/div>\n<div><\/div>\n<h3><strong>S\u00c3O PAULO<\/strong><\/h3>\n<\/div>\n<\/div>\n<\/div>\n<\/div>\n<\/div>\n<\/div>\n<\/div>\n<\/div>\n<\/div>\n<\/div>\n<\/div>\n<\/div>\n<\/div>\n<\/div>\n<\/div>\n<\/div>\n<\/div>\n<\/div>\n<\/div>\n<\/div>\n<\/div>\n<\/div>\n<\/div>\n<\/div>\n<\/div>\n<\/div>\n<\/div>\n<p>&gt; Abayomi Atelie &#8211; Pamela Candido Rosa &#8211; <a href=\"mailto:pamelabayomi@gmail.com\">pamelabayomi@gmail.com<\/a> &#8211; (11) 954516667 &#8211; Facebook: @abayomiatelie Instagram: @abayomiatelie &#8211; Possui CNPJ &#8211; Forma\u00e7\u00e3o\/experi\u00eancia &#8211; <a href=\"https:\/\/docs.google.com\/document\/d\/1CefZtVrKzeogugw0hIIhfR10CkavoID-evkMrI_Dr40\/edit?usp=sharing\">Link<\/a><\/p>\n<p>&gt; Daiana Inocente da Silva &#8211; <a href=\"mailto:daiana.inosilva@gmail.com\">daiana.inosilva@gmail.com<\/a> &#8211; (11) 986264584 &#8211; @die.inocente @loja.saranu<\/p>\n<p>&gt; Da Lama &#8211; La\u00eds Da Lama &#8211; La\u00eds Fernanda Rosa &#8211; <a href=\"mailto:figurinosdalama@gmail.com\">figurinosdalama@gmail.com<\/a> &#8211; (11) 951423073 &#8211; Instagram: @dalamaaoluxoo &#8211; @dalamaeuvim &#8211; @figurinosdalama &#8211; Facebook:\u00a0 DA LAMA ao luxoo. Possui CNPJ.\u00a0Forma\u00e7\u00e3o acad\u00eamica Licenciatura de Artes Visuais. Cursos t\u00e9cnicos Senac: costureira, modelista, criadora de moda e estilista Curso livres: desenho, ilustra\u00e7\u00f5es e fotografia<\/p>\n<p>&gt; Val\u00e9ria Feldman &#8211; <a href=\"mailto:valeria@ideografia.com.br\" target=\"_blank\" rel=\"noopener noreferrer\">valeria@ideografia.com.br<\/a>\u00a0 &#8211; Whatsapp: (11) 994024934<\/p>\n<p>&nbsp;<\/p>\n<h3><strong>RIO DE JANEIRO<\/strong><\/h3>\n<div class=\"Qr7Oae\" role=\"listitem\">\n<div class=\"OxAavc NVbRL\" data-item-id=\"1788132075\">\n<div class=\"xMZTse Ih4Dzb\">\n<div class=\"Mh5jwe JqSWld yqQS1\" aria-describedby=\"c589\">&gt; Bereshit &#8211; Jasmine Iara Gomes da Silva &#8211; <a href=\"mailto:jasmineiara0307@gmail.com\">jasmineiara0307@gmail.com<\/a> &#8211; (21) 33134325 &#8211; @bereshit.art @bereshit.arts Portf\u00f3lio: <a href=\"https:\/\/www.behance.net\/jasmineiara\">https:\/\/www.behance.net\/jasmineiara<\/a> <a href=\"https:\/\/www.instagram.com\/p\/CLI5BRlHe4_\/?utm_source=ig_web_copy_link\">Link<\/a> <a href=\"https:\/\/www.instagram.com\/p\/CHvJOUcpkzt\/?utm_source=ig_web_copy_link\">Link<\/a> <a href=\"https:\/\/www.instagram.com\/p\/CMAymysDNs_\/?utm_source=ig_web_copy_link\">Link<\/a><\/div>\n<\/div>\n<\/div>\n<\/div>\n<div class=\"Qr7Oae\" role=\"listitem\">\n<div class=\"OxAavc NVbRL\" data-required=\"true\" data-item-id=\"1844217239\">\n<div class=\"pYfr3c\">\n<div class=\"prOLdf\">\n<div class=\"cTDvob D1wxyf\" role=\"heading\" aria-level=\"3\" aria-describedby=\"i.desc.1844217239 c595\">Formada em design de moda, t\u00e9cnica em modelagem do vestu\u00e1rio e especializa\u00e7\u00e3o em figurino. <a href=\"https:\/\/www.instagram.com\/p\/BvSuZiCBMGU\/?utm_source=ig_web_copy_link\">Link<\/a> <a href=\"https:\/\/www.instagram.com\/p\/B_nscPvnoe7\/?utm_source=ig_web_copy_link\">Link<\/a> <a href=\"https:\/\/www.instagram.com\/p\/CLI5BRlHe4_\/?utm_source=ig_web_copy_link\">Link<\/a><\/div>\n<\/div>\n<\/div>\n<\/div>\n<\/div>\n<div role=\"heading\" aria-level=\"3\" aria-describedby=\"i.desc.1184206378\"><\/div>\n<div role=\"heading\" aria-level=\"3\" aria-describedby=\"i.desc.1184206378\">\n<h3><strong>MINAS GERAIS<\/strong><\/h3>\n<p><strong>BELO HORIZONTE<\/strong><\/p>\n<div class=\"Qr7Oae\" role=\"listitem\">\n<div class=\"OxAavc NVbRL\" data-item-id=\"1788132075\">\n<div class=\"xMZTse Ih4Dzb\">\n<div class=\"Mh5jwe JqSWld yqQS1\" aria-describedby=\"c367\">&gt; Juliana Floriano Produ\u00e7\u00f5es &#8211;<a href=\"mailto:florianojuflor@hotmail.com\"> florianojuflor@hotmail.com<\/a> &#8211; (31) 99674-8544 &#8211; <a href=\"https:\/\/www.facebook.com\/juliana.floriano.12\/\">https:\/\/www.facebook.com\/juliana.floriano.12\/<\/a> (Facebook) &#8211; <a href=\"mailto:florianojuflor@hotmail.com\">florianojuflor@hotmail.com<\/a> (e-mail) &#8211; julianaflorianoflor (instagram) &#8211; Possui CNPJ &#8211; Forma\u00e7\u00e3o\/experi\u00eancia &#8211;<a href=\"https:\/\/docs.google.com\/document\/d\/11kc53uLXNTgQUhN6fSwUrlgbNinpaYHBsO-scuG2olo\/edit?usp=sharing\">Link<\/a>. Experi\u00eancia em pintura mural.<\/div>\n<\/div>\n<\/div>\n<\/div>\n<\/div>\n<div class=\"cTDvob D1wxyf\" role=\"heading\" aria-level=\"3\" aria-describedby=\"i.desc.1788132075\">\n<h3 role=\"heading\" aria-level=\"3\" aria-describedby=\"i.desc.1184206378\">PAR\u00c1<\/h3>\n<\/div>\n<div role=\"heading\" aria-level=\"3\" aria-describedby=\"i.desc.1184206378\"><strong>BEL\u00c9M<\/strong><\/div>\n<div role=\"heading\" aria-level=\"3\" aria-describedby=\"i.desc.1184206378\">\n<div class=\"Qr7Oae\" role=\"listitem\">\n<div class=\"OxAavc NVbRL\" data-item-id=\"1788132075\">\n<div class=\"xMZTse Ih4Dzb\">\n<div class=\"Mh5jwe JqSWld yqQS1\" aria-describedby=\"c676\">\n<p>&gt; Ateli\u00ea Alcimara Braga &#8211; Alcimara De oliveira Braga do Amaral &#8211; <a href=\"mailto:alcimara.braga@gmail.com\">alcimara.braga@gmail.com<\/a> &#8211; (91) 991879311 &#8211; Facebook Maison alcimara Braga &#8211; Instagram:\u00a0 @estilistaalcimarabragafigurino &#8211; Estilista Paraense Formada em Matem\u00e1tica pela Universidade Federal do Par\u00e1.@ufpa_oficial &#8211; P\u00f3s Graduada em Culltura de Moda e Mercado Est\u00e1cio &#8211; Estudante de Figurino C\u00eanico na ETDUFPA &#8211; Modelista pelo @senac_pa &#8211; Forma\u00e7\u00e3o T\u00e9cnica em produ\u00e7\u00e3o de \u00f3pera pelo Teatro da Paz ( em andamento) &#8211; Cursos livres e de aperfei\u00e7oamento &#8211;\u00a0 Costura industrial , blusas femininas Senai &#8211; Costura Industrial Instituto Adra &#8211; Segredos da Moulage Francesa @maximustecidos &#8211;\u00a0 Cursos de extens\u00e3o pela @faculdadesenaicetiqt &#8211; Participa\u00e7\u00e3o em 3 Amaz\u00f4nias Fashion Weeks , o maior evento de moda da regi\u00e3o Norte.<\/p>\n<\/div>\n<\/div>\n<\/div>\n<\/div>\n<\/div>\n","protected":false},"excerpt":{"rendered":"<p>&gt;&gt;&gt; ESTAMPARIA: PINTURA, GRAFITE, SERIGRAFIA, TINGIMENTO&#8230; RIO GRANDE DO SUL PELOTAS &gt; Ateli\u00ea de Moda Andorinha &#8211; Manuella Mathias &#8211; Whats (53) 98433-0001 &#8211; Instagram:@useandorinha &gt; Milla Lima &#8211; Ludmila De Lima Coutinho &#8211; ludlimacoutinho@gmail.com &#8211; (53) 992414039 &#8211; @limamilla24 &#8211; Possui CNPJ &#8211; Forma\u00e7\u00e3o em Design de Moda pela UCPEL e graduanda de Dan\u00e7a-Licenciatura [&hellip;]<\/p>\n","protected":false},"author":412,"featured_media":0,"parent":391,"menu_order":5,"comment_status":"closed","ping_status":"closed","template":"","meta":{"jetpack_post_was_ever_published":false,"footnotes":""},"class_list":["post-2832","page","type-page","status-publish","hentry"],"jetpack_sharing_enabled":true,"jetpack_shortlink":"https:\/\/wp.me\/P9wvEO-JG","jetpack_likes_enabled":true,"jetpack-related-posts":[],"_links":{"self":[{"href":"https:\/\/wp.ufpel.edu.br\/ateliedefigurinos\/wp-json\/wp\/v2\/pages\/2832","targetHints":{"allow":["GET"]}}],"collection":[{"href":"https:\/\/wp.ufpel.edu.br\/ateliedefigurinos\/wp-json\/wp\/v2\/pages"}],"about":[{"href":"https:\/\/wp.ufpel.edu.br\/ateliedefigurinos\/wp-json\/wp\/v2\/types\/page"}],"author":[{"embeddable":true,"href":"https:\/\/wp.ufpel.edu.br\/ateliedefigurinos\/wp-json\/wp\/v2\/users\/412"}],"replies":[{"embeddable":true,"href":"https:\/\/wp.ufpel.edu.br\/ateliedefigurinos\/wp-json\/wp\/v2\/comments?post=2832"}],"version-history":[{"count":27,"href":"https:\/\/wp.ufpel.edu.br\/ateliedefigurinos\/wp-json\/wp\/v2\/pages\/2832\/revisions"}],"predecessor-version":[{"id":3912,"href":"https:\/\/wp.ufpel.edu.br\/ateliedefigurinos\/wp-json\/wp\/v2\/pages\/2832\/revisions\/3912"}],"up":[{"embeddable":true,"href":"https:\/\/wp.ufpel.edu.br\/ateliedefigurinos\/wp-json\/wp\/v2\/pages\/391"}],"wp:attachment":[{"href":"https:\/\/wp.ufpel.edu.br\/ateliedefigurinos\/wp-json\/wp\/v2\/media?parent=2832"}],"curies":[{"name":"wp","href":"https:\/\/api.w.org\/{rel}","templated":true}]}}