{"id":2697,"date":"2020-10-15T12:01:21","date_gmt":"2020-10-15T15:01:21","guid":{"rendered":"https:\/\/wp.ufpel.edu.br\/ateliedefigurinos\/?page_id=2697"},"modified":"2020-10-15T12:07:38","modified_gmt":"2020-10-15T15:07:38","slug":"teatro","status":"publish","type":"page","link":"https:\/\/wp.ufpel.edu.br\/ateliedefigurinos\/producoes\/teatro\/","title":{"rendered":"Teatro"},"content":{"rendered":"<h2><strong>2011<\/strong><\/h2>\n<p><a class=\"row-title\" href=\"https:\/\/drive.google.com\/file\/d\/1JjIMMqEn3Dk8KJ_y4lt3NfqwVmHu5my9\/view?usp=sharing\" target=\"_blank\" rel=\"noopener noreferrer\" aria-label=\"\u201cMontagem Teatral \u2013 Polif\u00f4nico N\u00famero Um\u201d (Editar)\">Montagem Teatral I e II \u2013 Polif\u00f4nico N\u00famero Um &#8211; Dir. Adriano Moraes<\/a><\/p>\n<h2><strong>2012<\/strong><\/h2>\n<p><a href=\"https:\/\/drive.google.com\/file\/d\/1ldPu0wGiAVjQbRyGRe5lk2qxiQzNWaPd\/view?usp=sharing\" target=\"_blank\" rel=\"noopener noreferrer\">Montagem Teatral I \u2013 A Casa de Ilus\u00f5es &#8211; Dir. Moira Stein<\/a><\/p>\n<p><a class=\"row-title\" href=\"https:\/\/drive.google.com\/file\/d\/1-GBnOCgyIr16DyUClDwgpH8r1mE3VQpr\/view?usp=sharing\" target=\"_blank\" rel=\"noopener noreferrer\" aria-label=\"\u201cMontagem Teatral \u2013 A Vida e a \u00c9poca de Lobo da Costa\u201d (Editar)\">Montagem Teatral II\u2013 A Vida e a \u00c9poca de Lobo da Costa &#8211; Dir. Daniel Furtado<\/a><\/p>\n<h2><strong>2013<\/strong><\/h2>\n<p><a class=\"row-title\" href=\"https:\/\/drive.google.com\/file\/d\/1yRkLXsuqTqgqR1FiEMmGFweFmHAzOUlh\/view?usp=sharing\" target=\"_blank\" rel=\"noopener noreferrer\" aria-label=\"\u201cMontagem Teatral \u2013 Brahma\u201d (Editar)\">Montagem Teatral II \u2013 Pode ser que seja s\u00f3 o leiteiro l\u00e1 fora &#8211; Dir. Moira Stein<\/a><\/p>\n<p><a class=\"row-title\" href=\"https:\/\/drive.google.com\/file\/d\/1mP-bUiTqPpMIj8jLSJZ5b2LKPqUsZRj7\/view?usp=sharing\" target=\"_blank\" rel=\"noopener noreferrer\" aria-label=\"\u201cMontagem Teatral \u2013 N\u00e3o h\u00e1 destino, s\u00f3 um ir.\u201d (Editar)\">Montagem Teatral II \u2013 N\u00e3o h\u00e1 destino, s\u00f3 um ir &#8211; Dir. Adriano Moraes<\/a><\/p>\n<h2><strong>2014<\/strong><\/h2>\n<p><a class=\"row-title\" href=\"https:\/\/drive.google.com\/file\/d\/1mctbJO0iLo1mPumF99HiBPfnrp2SSzhz\/view?usp=sharing\" target=\"_blank\" rel=\"noopener noreferrer\" aria-label=\"\u201cMontagem Teatral \u2013 A vida segundo Nelson\u201d (Editar)\">Montagem Teatral II \u2013 A vida segundo Nelson &#8211; Daniel Furtado<\/a><\/p>\n<p><a class=\"row-title\" href=\"https:\/\/drive.google.com\/file\/d\/1GB-nMZSh3tqtWMuHouE8TPBgJWmKQwcV\/view?usp=sharing\" target=\"_blank\" rel=\"noopener noreferrer\" aria-label=\"\u201cMontagem Teatral \u2013 Experimento Za\u00fam\u201d (Editar)\">Montagem Teatral II \u2013 Experimento Za\u00fam &#8211; Dir. Adriano Moraes<\/a><\/p>\n<h2><strong>2015<\/strong><\/h2>\n<p><a href=\"https:\/\/drive.google.com\/file\/d\/13SqDTMJtqYvypnNJc7RlL9vLAGz9Qlqc\/view?usp=sharing\" target=\"_blank\" rel=\"noopener noreferrer\">Montagem Teatral II &#8211; \u00a0A persegui\u00e7\u00e3o &#8211; Dir. Adriano Moraes<\/a><\/p>\n<h2><strong>2017<\/strong><\/h2>\n<p><a href=\"https:\/\/drive.google.com\/file\/d\/13Fef5-Ih45uH5aHRssjOT_VQM7GT3sWB\/view?usp=sharing\" target=\"_blank\" rel=\"noopener noreferrer\">Montagem Teatral II \u2013 Marat Sade &#8211; Dir. Paulo Gaiger<\/a><\/p>\n<h2><strong>2018<\/strong><\/h2>\n<p><a href=\"https:\/\/drive.google.com\/file\/d\/1b-fbEzIRfYEyglhgUEFdhGkPJ6rQwFdW\/view?usp=sharing\" target=\"_blank\" rel=\"noopener noreferrer\">Montagem Teatral I &#8211;\u00a0 Ant\u00edgona &#8211; Dir. Paulo Gaiger<\/a><\/p>\n<p><a href=\"https:\/\/drive.google.com\/file\/d\/1zBlW0D9pQt_HlEVUEUVKofkvvhSQYDYZ\/view?usp=sharing\" target=\"_blank\" rel=\"noopener noreferrer\">Montagem Teatral I &#8211; Quase campe\u00f5es do Mundo &#8211; Dir. Lindsay Gianoukas<\/a><\/p>\n<p><a href=\"https:\/\/drive.google.com\/file\/d\/1_4qiCgjzqx0W7YlxWo0K0WVF3TTkIx7U\/view?usp=sharing\" target=\"_blank\" rel=\"noopener noreferrer\">Montagem Teatral II &#8211; Manual Maqu\u00ednico do Corpo C\u00eanico &#8211; Dir. Lindsay Gianoukas<\/a><\/p>\n<h2><strong>2019<\/strong><\/h2>\n<p><a href=\"https:\/\/drive.google.com\/file\/d\/1dJkalUJVDctYg7D8WYL3xPsYQZFlZQ_2\/view?usp=sharing\" target=\"_blank\" rel=\"noopener noreferrer\">Montagem Teatral I &#8211; As preciosas rid\u00faculas &#8211; Dir. Paulo Gaiger<\/a><\/p>\n<p><a href=\"https:\/\/drive.google.com\/file\/d\/1i11PdcTedoIjnYh3L5axR_8GaychZnmU\/view?usp=sharing\" target=\"_blank\" rel=\"noopener noreferrer\">Montagem Teatral I &#8211; Cenas de Ivo Bender &#8211; Dir. Paulo Gaiger<\/a><\/p>\n<p><a href=\"https:\/\/drive.google.com\/file\/d\/1XPKaewHL5x1BlFRk7dVfzyAJ96QfLbWE\/view?usp=sharing\" target=\"_blank\" rel=\"noopener noreferrer\">Montagem Teatral II &#8211; A Casa de Bernarda Alba &#8211; Dir. Giselle Cecchini<\/a><\/p>\n<p><a href=\"https:\/\/drive.google.com\/file\/d\/1IVlTVzJQXGszAdVIwaFDZ2awrbZfX0dH\/view?usp=sharing\" target=\"_blank\" rel=\"noopener noreferrer\">Montagem Teatral II &#8211; \u00a0A Cantora Careca &#8211; Dir. Paulo Gaiger<\/a><\/p>\n<p>&nbsp;<\/p>\n<p>&nbsp;<\/p>\n<p>&nbsp;<\/p>\n<p>&nbsp;<\/p>\n<p>&nbsp;<\/p>\n","protected":false},"excerpt":{"rendered":"<p>2011 Montagem Teatral I e II \u2013 Polif\u00f4nico N\u00famero Um &#8211; Dir. Adriano Moraes 2012 Montagem Teatral I \u2013 A Casa de Ilus\u00f5es &#8211; Dir. Moira Stein Montagem Teatral II\u2013 A Vida e a \u00c9poca de Lobo da Costa &#8211; Dir. Daniel Furtado 2013 Montagem Teatral II \u2013 Pode ser que seja s\u00f3 o leiteiro [&hellip;]<\/p>\n","protected":false},"author":412,"featured_media":0,"parent":66,"menu_order":0,"comment_status":"closed","ping_status":"closed","template":"","meta":{"jetpack_post_was_ever_published":false,"footnotes":""},"class_list":["post-2697","page","type-page","status-publish","hentry"],"jetpack_sharing_enabled":true,"jetpack_shortlink":"https:\/\/wp.me\/P9wvEO-Hv","jetpack_likes_enabled":true,"jetpack-related-posts":[],"_links":{"self":[{"href":"https:\/\/wp.ufpel.edu.br\/ateliedefigurinos\/wp-json\/wp\/v2\/pages\/2697","targetHints":{"allow":["GET"]}}],"collection":[{"href":"https:\/\/wp.ufpel.edu.br\/ateliedefigurinos\/wp-json\/wp\/v2\/pages"}],"about":[{"href":"https:\/\/wp.ufpel.edu.br\/ateliedefigurinos\/wp-json\/wp\/v2\/types\/page"}],"author":[{"embeddable":true,"href":"https:\/\/wp.ufpel.edu.br\/ateliedefigurinos\/wp-json\/wp\/v2\/users\/412"}],"replies":[{"embeddable":true,"href":"https:\/\/wp.ufpel.edu.br\/ateliedefigurinos\/wp-json\/wp\/v2\/comments?post=2697"}],"version-history":[{"count":1,"href":"https:\/\/wp.ufpel.edu.br\/ateliedefigurinos\/wp-json\/wp\/v2\/pages\/2697\/revisions"}],"predecessor-version":[{"id":2698,"href":"https:\/\/wp.ufpel.edu.br\/ateliedefigurinos\/wp-json\/wp\/v2\/pages\/2697\/revisions\/2698"}],"up":[{"embeddable":true,"href":"https:\/\/wp.ufpel.edu.br\/ateliedefigurinos\/wp-json\/wp\/v2\/pages\/66"}],"wp:attachment":[{"href":"https:\/\/wp.ufpel.edu.br\/ateliedefigurinos\/wp-json\/wp\/v2\/media?parent=2697"}],"curies":[{"name":"wp","href":"https:\/\/api.w.org\/{rel}","templated":true}]}}