{"id":16,"date":"2017-04-25T17:20:47","date_gmt":"2017-04-25T20:20:47","guid":{"rendered":"https:\/\/wp.ufpel.edu.br\/ateliedefigurinos\/?page_id=16"},"modified":"2022-06-20T09:40:28","modified_gmt":"2022-06-20T12:40:28","slug":"acervos","status":"publish","type":"page","link":"https:\/\/wp.ufpel.edu.br\/ateliedefigurinos\/emprestimos-de-figurinos\/acervos\/","title":{"rendered":"Acervos"},"content":{"rendered":"<blockquote><p><strong>&gt; LINKS PARA ACESSO AO ACERVO* &lt;&lt;<\/strong><\/p><\/blockquote>\n<p><a href=\"https:\/\/drive.google.com\/drive\/folders\/0B9uSbnaWhUQENGdPQi00SlVkYzQ?resourcekey=0-uIhz3Ag_wPnH2qAp0iCBQw&amp;usp=sharing\">&gt;&gt;&gt; CLIQUE AQUI &lt;&lt;&lt;<\/a><\/p>\n<p><strong>Categorias: <\/strong><\/p>\n<blockquote><p>&gt; <a href=\"https:\/\/drive.google.com\/drive\/u\/1\/folders\/0B9uSbnaWhUQEdmVremZURkNfQzQ\" target=\"_blank\" rel=\"noopener noreferrer\">SAIAS<\/a><br \/>\n&gt; <a href=\"https:\/\/drive.google.com\/drive\/u\/1\/folders\/0B9uSbnaWhUQEWlRhYWtJaXFhR1k\" target=\"_blank\" rel=\"noopener noreferrer\">CAL\u00c7AS Femininas<\/a><br \/>\n&gt; <a href=\"https:\/\/drive.google.com\/drive\/u\/1\/folders\/0B9uSbnaWhUQEZnFBbDdCNVdHcTg\" target=\"_blank\" rel=\"noopener noreferrer\">CAL\u00c7AS Masculinas<\/a><br \/>\n&gt; <a href=\"https:\/\/drive.google.com\/drive\/u\/1\/folders\/0B9uSbnaWhUQENUhPYjFrSE1tTkk\" target=\"_blank\" rel=\"noopener noreferrer\">VESTIDOS<\/a><br \/>\n&gt; <a href=\"https:\/\/drive.google.com\/drive\/u\/1\/folders\/0B9uSbnaWhUQEZjFiQzRqdkVhMDg\" target=\"_blank\" rel=\"noopener noreferrer\">CASACOS Femininos<\/a><br \/>\n&gt; <a href=\"https:\/\/drive.google.com\/drive\/u\/1\/folders\/0B9uSbnaWhUQEelFqQ19XUC14VzA\" target=\"_blank\" rel=\"noopener noreferrer\">CASACOS Masculinos<\/a><br \/>\n&gt; <a href=\"https:\/\/drive.google.com\/drive\/u\/1\/folders\/0B9uSbnaWhUQER3dwdmxfa21xVnc\" target=\"_blank\" rel=\"noopener noreferrer\">BLUSAS E CAMISAS Femininas<\/a><br \/>\n&gt; <a href=\"https:\/\/drive.google.com\/drive\/u\/1\/folders\/0B9uSbnaWhUQELUdtdmxtZndxNlE\" target=\"_blank\" rel=\"noopener noreferrer\">BLUSAS E CAMISAS Masculinas<\/a><br \/>\n&gt; <a href=\"https:\/\/drive.google.com\/drive\/u\/1\/folders\/0B9uSbnaWhUQESkNZcjBqZTllNEE\" target=\"_blank\" rel=\"noopener noreferrer\">COLETES<\/a><br \/>\n&gt; <a href=\"https:\/\/drive.google.com\/drive\/u\/1\/folders\/0B9uSbnaWhUQEREN2TEhoSUgzcHc\" target=\"_blank\" rel=\"noopener noreferrer\">ROUPAS \u00cdNTIMAS<\/a><br \/>\n&gt; <a href=\"https:\/\/drive.google.com\/drive\/u\/1\/folders\/0B9uSbnaWhUQEUmVoR2ZtLUZOSU0\" target=\"_blank\" rel=\"noopener noreferrer\">ROUPAS DE DORMIR<\/a><br \/>\n&gt; <a href=\"https:\/\/drive.google.com\/drive\/u\/1\/folders\/0B9uSbnaWhUQEWXVQYzk5S2RDSnM\" target=\"_blank\" rel=\"noopener noreferrer\">OUTRAS PE\u00c7AS DE VESTU\u00c1RIO<\/a><\/p>\n<p>&gt; ACESS\u00d3RIOS<br \/>\n&gt;&gt; <a href=\"https:\/\/drive.google.com\/drive\/u\/1\/folders\/0B9uSbnaWhUQEWWxKXzJ5ZEZKYjA\" target=\"_blank\" rel=\"noopener noreferrer\">Acess\u00f3rios de Vestu\u00e1rio<\/a><br \/>\n&gt;&gt; <a href=\"https:\/\/drive.google.com\/drive\/u\/1\/folders\/0B9uSbnaWhUQENXdfVGk0V1g2bzA\" target=\"_blank\" rel=\"noopener noreferrer\">Gravatas<\/a><br \/>\n&gt;&gt; <a href=\"https:\/\/drive.google.com\/drive\/u\/1\/folders\/0B9uSbnaWhUQEM0g1NnRwRHBDUkE\" target=\"_blank\" rel=\"noopener noreferrer\">Cintos<\/a><br \/>\n&gt;&gt; <a href=\"https:\/\/drive.google.com\/drive\/u\/1\/folders\/0B9uSbnaWhUQEZnQzWjEwdm1jZEE\" target=\"_blank\" rel=\"noopener noreferrer\">Enchimentos<\/a><br \/>\n&gt;&gt; <a href=\"https:\/\/drive.google.com\/drive\/u\/1\/folders\/0B9uSbnaWhUQETUUwQ1NjaGRqSUU\" target=\"_blank\" rel=\"noopener noreferrer\">Bolsas e Carteiras<\/a><br \/>\n&gt;&gt; <a href=\"https:\/\/drive.google.com\/drive\/u\/1\/folders\/0B9uSbnaWhUQEY1ljS0xiZ1E5ZU0\" target=\"_blank\" rel=\"noopener noreferrer\">Chap\u00e9us e acess\u00f3rios de cabe\u00e7a<\/a><br \/>\n&gt;&gt; <a href=\"https:\/\/drive.google.com\/drive\/u\/1\/folders\/0B9uSbnaWhUQEb3JfREFWYzVNLTQ\" target=\"_blank\" rel=\"noopener noreferrer\">\u00d3culos<\/a><br \/>\n&gt;&gt; <a href=\"https:\/\/drive.google.com\/drive\/u\/1\/folders\/0B9uSbnaWhUQEdW13aWdyWTU1WUk\" target=\"_blank\" rel=\"noopener noreferrer\">Sapatos<\/a><br \/>\n&gt;&gt; <a href=\"https:\/\/drive.google.com\/drive\/u\/1\/folders\/0B9uSbnaWhUQEQ2VidU1vc3V5VXM\" target=\"_blank\" rel=\"noopener noreferrer\">Outros acess\u00f3rios<\/a><br \/>\n&gt;&gt; <a href=\"https:\/\/drive.google.com\/drive\/u\/1\/folders\/0B9uSbnaWhUQERENpTWZGVUozbGc\" target=\"_blank\" rel=\"noopener noreferrer\">Bijuterias\/Joias<\/a><br \/>\n&gt;&gt; <a href=\"https:\/\/drive.google.com\/drive\/u\/1\/folders\/0B9uSbnaWhUQEbFM1VUtwdW9TeU0\" target=\"_blank\" rel=\"noopener noreferrer\">Adere\u00e7os de cena<\/a><\/p><\/blockquote>\n<p><!--more--><\/p>\n<p>*As fotografias das pe\u00e7as s\u00e3o atualizadas regularmente, pois algumas pe\u00e7as v\u00e3o sendo encorporadas ao acervo mensalmente.<\/p>\n<p>Fotos somente dispon\u00edveis atrav\u00e9s do Drive do Google.<\/p>\n<p>Nem todas as pe\u00e7as apresentadas aqui est\u00e3o dispon\u00edveis, pois podem estar emprestada para outras pessoas.<\/p>\n<p>&nbsp;<\/p>\n<p>D\u00favidas entrar em contato com:<\/p>\n<p>Facebook (Perfil): Ateli\u00eaFigurinos Ufpel &#8211;\u00a0<a href=\"https:\/\/www.facebook.com\/profile.php?id=100009418290282\" target=\"_blank\" rel=\"noopener noreferrer\">Link<\/a><\/p>\n<p>Facebook (P\u00e1gina): Ateli\u00ea de Figurinos &#8211; UFPel &#8211;\u00a0<a href=\"https:\/\/www.facebook.com\/ateliedefigurinosufpel\/\" target=\"_blank\" rel=\"noopener noreferrer\">Link<\/a><\/p>\n<p>E-mail:\u00a0<a href=\"mailto:ateliedefigurinos@ufpel.edu.br\">ateliedefigurinos@ufpel.edu.br<\/a><\/p>\n<p>&nbsp;<\/p>\n","protected":false},"excerpt":{"rendered":"<p>&gt; LINKS PARA ACESSO AO ACERVO* &lt;&lt; &gt;&gt;&gt; CLIQUE AQUI &lt;&lt;&lt; Categorias: &gt; SAIAS &gt; CAL\u00c7AS Femininas &gt; CAL\u00c7AS Masculinas &gt; VESTIDOS &gt; CASACOS Femininos &gt; CASACOS Masculinos &gt; BLUSAS E CAMISAS Femininas &gt; BLUSAS E CAMISAS Masculinas &gt; COLETES &gt; ROUPAS \u00cdNTIMAS &gt; ROUPAS DE DORMIR &gt; OUTRAS PE\u00c7AS DE VESTU\u00c1RIO &gt; ACESS\u00d3RIOS &gt;&gt; [&hellip;]<\/p>\n","protected":false},"author":412,"featured_media":0,"parent":117,"menu_order":3,"comment_status":"closed","ping_status":"closed","template":"","meta":{"jetpack_post_was_ever_published":false,"footnotes":""},"class_list":["post-16","page","type-page","status-publish","hentry"],"jetpack_sharing_enabled":true,"jetpack_shortlink":"https:\/\/wp.me\/P9wvEO-g","jetpack_likes_enabled":true,"jetpack-related-posts":[],"_links":{"self":[{"href":"https:\/\/wp.ufpel.edu.br\/ateliedefigurinos\/wp-json\/wp\/v2\/pages\/16","targetHints":{"allow":["GET"]}}],"collection":[{"href":"https:\/\/wp.ufpel.edu.br\/ateliedefigurinos\/wp-json\/wp\/v2\/pages"}],"about":[{"href":"https:\/\/wp.ufpel.edu.br\/ateliedefigurinos\/wp-json\/wp\/v2\/types\/page"}],"author":[{"embeddable":true,"href":"https:\/\/wp.ufpel.edu.br\/ateliedefigurinos\/wp-json\/wp\/v2\/users\/412"}],"replies":[{"embeddable":true,"href":"https:\/\/wp.ufpel.edu.br\/ateliedefigurinos\/wp-json\/wp\/v2\/comments?post=16"}],"version-history":[{"count":33,"href":"https:\/\/wp.ufpel.edu.br\/ateliedefigurinos\/wp-json\/wp\/v2\/pages\/16\/revisions"}],"predecessor-version":[{"id":3606,"href":"https:\/\/wp.ufpel.edu.br\/ateliedefigurinos\/wp-json\/wp\/v2\/pages\/16\/revisions\/3606"}],"up":[{"embeddable":true,"href":"https:\/\/wp.ufpel.edu.br\/ateliedefigurinos\/wp-json\/wp\/v2\/pages\/117"}],"wp:attachment":[{"href":"https:\/\/wp.ufpel.edu.br\/ateliedefigurinos\/wp-json\/wp\/v2\/media?parent=16"}],"curies":[{"name":"wp","href":"https:\/\/api.w.org\/{rel}","templated":true}]}}