{"id":643,"date":"2016-09-06T16:30:58","date_gmt":"2016-09-06T19:30:58","guid":{"rendered":"https:\/\/wp.ufpel.edu.br\/astronomia\/?page_id=643"},"modified":"2016-09-06T16:34:42","modified_gmt":"2016-09-06T19:34:42","slug":"astronomia-uma-visao-geral-i-joao-steiner","status":"publish","type":"page","link":"https:\/\/wp.ufpel.edu.br\/astronomia\/downloads\/astronomia-uma-visao-geral-i-joao-steiner\/","title":{"rendered":"ASTRONOMIA: UMA VIS\u00c3O GERAL I &#8211; JO\u00c3O STEINER"},"content":{"rendered":"<p>Astronomia: Uma Vis\u00e3o Geral I: <a href=\"https:\/\/www.youtube.com\/watch?v=Mr97PrJZCag&amp;list=PLxI8Can9yAHd7kUPviBHxr-49QEl7PRXR\">https:\/\/www.youtube.com\/watch?v=Mr97PrJZCag&amp;list=PLxI8Can9yAHd7kUPviBHxr-49QEl7PRXR<\/a><\/p>\n","protected":false},"excerpt":{"rendered":"<p>Astronomia: Uma Vis\u00e3o Geral I: https:\/\/www.youtube.com\/watch?v=Mr97PrJZCag&amp;list=PLxI8Can9yAHd7kUPviBHxr-49QEl7PRXR<\/p>\n","protected":false},"author":695,"featured_media":0,"parent":130,"menu_order":0,"comment_status":"closed","ping_status":"closed","template":"","meta":{"jetpack_post_was_ever_published":false,"footnotes":""},"class_list":["post-643","page","type-page","status-publish","hentry"],"jetpack_sharing_enabled":true,"jetpack_shortlink":"https:\/\/wp.me\/P6QNVR-an","_links":{"self":[{"href":"https:\/\/wp.ufpel.edu.br\/astronomia\/wp-json\/wp\/v2\/pages\/643","targetHints":{"allow":["GET"]}}],"collection":[{"href":"https:\/\/wp.ufpel.edu.br\/astronomia\/wp-json\/wp\/v2\/pages"}],"about":[{"href":"https:\/\/wp.ufpel.edu.br\/astronomia\/wp-json\/wp\/v2\/types\/page"}],"author":[{"embeddable":true,"href":"https:\/\/wp.ufpel.edu.br\/astronomia\/wp-json\/wp\/v2\/users\/695"}],"replies":[{"embeddable":true,"href":"https:\/\/wp.ufpel.edu.br\/astronomia\/wp-json\/wp\/v2\/comments?post=643"}],"version-history":[{"count":5,"href":"https:\/\/wp.ufpel.edu.br\/astronomia\/wp-json\/wp\/v2\/pages\/643\/revisions"}],"predecessor-version":[{"id":649,"href":"https:\/\/wp.ufpel.edu.br\/astronomia\/wp-json\/wp\/v2\/pages\/643\/revisions\/649"}],"up":[{"embeddable":true,"href":"https:\/\/wp.ufpel.edu.br\/astronomia\/wp-json\/wp\/v2\/pages\/130"}],"wp:attachment":[{"href":"https:\/\/wp.ufpel.edu.br\/astronomia\/wp-json\/wp\/v2\/media?parent=643"}],"curies":[{"name":"wp","href":"https:\/\/api.w.org\/{rel}","templated":true}]}}