{"id":628,"date":"2016-09-06T16:11:22","date_gmt":"2016-09-06T19:11:22","guid":{"rendered":"https:\/\/wp.ufpel.edu.br\/astronomia\/?page_id=628"},"modified":"2016-09-06T16:11:22","modified_gmt":"2016-09-06T19:11:22","slug":"astrolep","status":"publish","type":"page","link":"https:\/\/wp.ufpel.edu.br\/astronomia\/projetos\/astrolep\/","title":{"rendered":"ASTROLEP"},"content":{"rendered":"<p>O projeto Astrolep consiste em observa\u00e7\u00f5es mensais realizadas abertamente ao p\u00fablico no Largo do Mercado P\u00fablico da cidade de Pelotas. O evento \u00e9 sempre realizado nas noites, geralmente a partir das 18h, em que a Lua est\u00e1 na fase crescente, pois assim o brilho da Lua n\u00e3o atrapalha a observa\u00e7\u00e3o dos planetas J\u00fapiter, Marte e Saturno.<\/p>\n<p>Com a equipe do Laborat\u00f3rio de Astronomia para operar os telesc\u00f3pios e sanar d\u00favidas, o evento consegue atrair um n\u00famero enorme de pessoas. Al\u00e9m dos que conhecem sobre o evento, seja por causa das edi\u00e7\u00f5es anteriores ou da divulga\u00e7\u00e3o no Facebook, n\u00f3s temos uma porcentagem de pessoas que participam e apenas estavam passando ali casualmente.<\/p>\n<p><img loading=\"lazy\" decoding=\"async\" class=\"aligncenter wp-image-632 \" src=\"https:\/\/wp.ufpel.edu.br\/astronomia\/files\/2016\/09\/Astrolep1.jpg\" alt=\"Astrolep1\" width=\"677\" height=\"381\" srcset=\"https:\/\/wp.ufpel.edu.br\/astronomia\/files\/2016\/09\/Astrolep1.jpg 960w, https:\/\/wp.ufpel.edu.br\/astronomia\/files\/2016\/09\/Astrolep1-300x169.jpg 300w, https:\/\/wp.ufpel.edu.br\/astronomia\/files\/2016\/09\/Astrolep1-768x432.jpg 768w, https:\/\/wp.ufpel.edu.br\/astronomia\/files\/2016\/09\/Astrolep1-460x260.jpg 460w\" sizes=\"auto, (max-width: 677px) 100vw, 677px\" \/><\/p>\n<p>&nbsp;<\/p>\n<p>&nbsp;<\/p>\n<p>&nbsp;<\/p>\n","protected":false},"excerpt":{"rendered":"<p>O projeto Astrolep consiste em observa\u00e7\u00f5es mensais realizadas abertamente ao p\u00fablico no Largo do Mercado P\u00fablico da cidade de Pelotas. O evento \u00e9 sempre realizado nas noites, geralmente a partir das 18h, em que a Lua est\u00e1 na fase crescente, pois assim o brilho da Lua n\u00e3o atrapalha a observa\u00e7\u00e3o dos planetas J\u00fapiter, Marte e&hellip;<\/p>\n","protected":false},"author":695,"featured_media":0,"parent":98,"menu_order":0,"comment_status":"closed","ping_status":"closed","template":"","meta":{"jetpack_post_was_ever_published":false,"footnotes":""},"class_list":["post-628","page","type-page","status-publish","hentry"],"jetpack_sharing_enabled":true,"jetpack_shortlink":"https:\/\/wp.me\/P6QNVR-a8","_links":{"self":[{"href":"https:\/\/wp.ufpel.edu.br\/astronomia\/wp-json\/wp\/v2\/pages\/628","targetHints":{"allow":["GET"]}}],"collection":[{"href":"https:\/\/wp.ufpel.edu.br\/astronomia\/wp-json\/wp\/v2\/pages"}],"about":[{"href":"https:\/\/wp.ufpel.edu.br\/astronomia\/wp-json\/wp\/v2\/types\/page"}],"author":[{"embeddable":true,"href":"https:\/\/wp.ufpel.edu.br\/astronomia\/wp-json\/wp\/v2\/users\/695"}],"replies":[{"embeddable":true,"href":"https:\/\/wp.ufpel.edu.br\/astronomia\/wp-json\/wp\/v2\/comments?post=628"}],"version-history":[{"count":2,"href":"https:\/\/wp.ufpel.edu.br\/astronomia\/wp-json\/wp\/v2\/pages\/628\/revisions"}],"predecessor-version":[{"id":633,"href":"https:\/\/wp.ufpel.edu.br\/astronomia\/wp-json\/wp\/v2\/pages\/628\/revisions\/633"}],"up":[{"embeddable":true,"href":"https:\/\/wp.ufpel.edu.br\/astronomia\/wp-json\/wp\/v2\/pages\/98"}],"wp:attachment":[{"href":"https:\/\/wp.ufpel.edu.br\/astronomia\/wp-json\/wp\/v2\/media?parent=628"}],"curies":[{"name":"wp","href":"https:\/\/api.w.org\/{rel}","templated":true}]}}