{"id":136,"date":"2012-03-14T22:07:14","date_gmt":"2012-03-15T01:07:14","guid":{"rendered":"https:\/\/wp.ufpel.edu.br\/astronomia\/"},"modified":"2016-09-06T20:43:27","modified_gmt":"2016-09-06T23:43:27","slug":"astronomia-astrofisica-s-o-kepler-e-maria-de-fatima-ufrgs","status":"publish","type":"page","link":"https:\/\/wp.ufpel.edu.br\/astronomia\/downloads\/astronomia-astrofisica-s-o-kepler-e-maria-de-fatima-ufrgs\/","title":{"rendered":"ASTRONOMIA &amp; ASTROF\u00cdSICA &#8211; S.O. Kepler e Maria de F\u00e1tima (UFRGS)"},"content":{"rendered":"<p>Livro dispon\u00edvel em: <a href=\"http:\/\/astro.if.ufrgs.br\/livro.pdf\" target=\"_blank\">http:\/\/astro.if.ufrgs.br\/livro.pdf<\/a><\/p>\n<p>&nbsp;<\/p>\n","protected":false},"excerpt":{"rendered":"<p>Livro dispon\u00edvel em: http:\/\/astro.if.ufrgs.br\/livro.pdf &nbsp;<\/p>\n","protected":false},"author":140,"featured_media":0,"parent":130,"menu_order":0,"comment_status":"closed","ping_status":"closed","template":"","meta":{"jetpack_post_was_ever_published":false,"footnotes":""},"class_list":["post-136","page","type-page","status-publish","hentry"],"jetpack_sharing_enabled":true,"jetpack_shortlink":"https:\/\/wp.me\/P6QNVR-2c","_links":{"self":[{"href":"https:\/\/wp.ufpel.edu.br\/astronomia\/wp-json\/wp\/v2\/pages\/136","targetHints":{"allow":["GET"]}}],"collection":[{"href":"https:\/\/wp.ufpel.edu.br\/astronomia\/wp-json\/wp\/v2\/pages"}],"about":[{"href":"https:\/\/wp.ufpel.edu.br\/astronomia\/wp-json\/wp\/v2\/types\/page"}],"author":[{"embeddable":true,"href":"https:\/\/wp.ufpel.edu.br\/astronomia\/wp-json\/wp\/v2\/users\/140"}],"replies":[{"embeddable":true,"href":"https:\/\/wp.ufpel.edu.br\/astronomia\/wp-json\/wp\/v2\/comments?post=136"}],"version-history":[{"count":8,"href":"https:\/\/wp.ufpel.edu.br\/astronomia\/wp-json\/wp\/v2\/pages\/136\/revisions"}],"predecessor-version":[{"id":680,"href":"https:\/\/wp.ufpel.edu.br\/astronomia\/wp-json\/wp\/v2\/pages\/136\/revisions\/680"}],"up":[{"embeddable":true,"href":"https:\/\/wp.ufpel.edu.br\/astronomia\/wp-json\/wp\/v2\/pages\/130"}],"wp:attachment":[{"href":"https:\/\/wp.ufpel.edu.br\/astronomia\/wp-json\/wp\/v2\/media?parent=136"}],"curies":[{"name":"wp","href":"https:\/\/api.w.org\/{rel}","templated":true}]}}