{"id":382,"date":"2020-06-20T17:53:50","date_gmt":"2020-06-20T20:53:50","guid":{"rendered":"https:\/\/wp.ufpel.edu.br\/asala\/?page_id=382"},"modified":"2020-07-29T16:07:31","modified_gmt":"2020-07-29T19:07:31","slug":"sobre","status":"publish","type":"page","link":"https:\/\/wp.ufpel.edu.br\/asala\/","title":{"rendered":"Sobre"},"content":{"rendered":"<p><img loading=\"lazy\" decoding=\"async\" class=\"wp-image-766 size-full aligncenter\" src=\"https:\/\/wp.ufpel.edu.br\/asala\/files\/2020\/07\/galeria-foto.png\" alt=\"\" width=\"1325\" height=\"480\" srcset=\"https:\/\/wp.ufpel.edu.br\/asala\/files\/2020\/07\/galeria-foto.png 1325w, https:\/\/wp.ufpel.edu.br\/asala\/files\/2020\/07\/galeria-foto-400x145.png 400w, https:\/\/wp.ufpel.edu.br\/asala\/files\/2020\/07\/galeria-foto-1024x371.png 1024w, https:\/\/wp.ufpel.edu.br\/asala\/files\/2020\/07\/galeria-foto-768x278.png 768w, https:\/\/wp.ufpel.edu.br\/asala\/files\/2020\/07\/galeria-foto-600x217.png 600w, https:\/\/wp.ufpel.edu.br\/asala\/files\/2020\/07\/galeria-foto-945x342.png 945w\" sizes=\"auto, (max-width: 1325px) 100vw, 1325px\" \/><\/p>\n<p style=\"text-align: justify\">A SALA, Galeria de Arte do Centro de Artes desde 2001 vem atuando ininterruptamente dentro de uma proposta de ser, no espa\u00e7o acad\u00eamico, um local de promo\u00e7\u00e3o de novos artistas, de propaga\u00e7\u00e3o da produ\u00e7\u00e3o de professores e artistas formados pela UFPel e por outras institui\u00e7\u00f5es brasileiras e do exterior. Por outro lado, possibilita um local para ampliar a forma\u00e7\u00e3o de mediadores e professores formadores de p\u00fablico para a arte, por sua atua\u00e7\u00e3o com projetos de media\u00e7\u00e3o art\u00edstica com os espectadores, em geral, e com escolas, em espec\u00edfico. O Centro de Artes considera que, para a comunidade de Pelotas e Regi\u00e3o, a SALA \u00e9 uma Galeria que apresenta a arte em sua contemporaneidade, demonstrando um di\u00e1logo constante com a produ\u00e7\u00e3o atual brasileira e internacional. A import\u00e2ncia de oferecermos dentro da Universidade um lugar de exposi\u00e7\u00e3o de arte \u00e9 apontar para os elos de pesquisa, ensino e extens\u00e3o na pr\u00e1tica, e trazer a comunidade para uma inser\u00e7\u00e3o de fato.<\/p>\n<p>Profa. Dra. \u00darsula da Rosa<br \/>\nDiretora Centro de Artes UFPel<\/p>\n<p>&nbsp;<\/p>\n<p>&nbsp;<\/p>\n<p><img loading=\"lazy\" decoding=\"async\" class=\"aligncenter wp-image-767 size-large\" src=\"https:\/\/wp.ufpel.edu.br\/asala\/files\/2020\/07\/Planta-Galeria001-1024x744.jpg\" alt=\"\" width=\"676\" height=\"491\" srcset=\"https:\/\/wp.ufpel.edu.br\/asala\/files\/2020\/07\/Planta-Galeria001-1024x744.jpg 1024w, https:\/\/wp.ufpel.edu.br\/asala\/files\/2020\/07\/Planta-Galeria001-400x291.jpg 400w, https:\/\/wp.ufpel.edu.br\/asala\/files\/2020\/07\/Planta-Galeria001-768x558.jpg 768w, https:\/\/wp.ufpel.edu.br\/asala\/files\/2020\/07\/Planta-Galeria001-1536x1116.jpg 1536w, https:\/\/wp.ufpel.edu.br\/asala\/files\/2020\/07\/Planta-Galeria001-600x436.jpg 600w, https:\/\/wp.ufpel.edu.br\/asala\/files\/2020\/07\/Planta-Galeria001-945x687.jpg 945w, https:\/\/wp.ufpel.edu.br\/asala\/files\/2020\/07\/Planta-Galeria001-rotated.jpg 1600w\" sizes=\"auto, (max-width: 676px) 100vw, 676px\" \/><\/p>\n","protected":false},"excerpt":{"rendered":"<p>A SALA, Galeria de Arte do Centro de Artes desde 2001 vem atuando ininterruptamente dentro de uma proposta de ser, no espa\u00e7o acad\u00eamico, um local de promo\u00e7\u00e3o de novos artistas, de propaga\u00e7\u00e3o da produ\u00e7\u00e3o de professores e artistas formados pela&#8230; <a class=\"more-link\" href=\"https:\/\/wp.ufpel.edu.br\/asala\/\">Continue lendo &rarr;<\/a><\/p>\n","protected":false},"author":892,"featured_media":0,"parent":0,"menu_order":0,"comment_status":"closed","ping_status":"closed","template":"","meta":{"footnotes":""},"class_list":["post-382","page","type-page","status-publish","hentry"],"_links":{"self":[{"href":"https:\/\/wp.ufpel.edu.br\/asala\/wp-json\/wp\/v2\/pages\/382","targetHints":{"allow":["GET"]}}],"collection":[{"href":"https:\/\/wp.ufpel.edu.br\/asala\/wp-json\/wp\/v2\/pages"}],"about":[{"href":"https:\/\/wp.ufpel.edu.br\/asala\/wp-json\/wp\/v2\/types\/page"}],"author":[{"embeddable":true,"href":"https:\/\/wp.ufpel.edu.br\/asala\/wp-json\/wp\/v2\/users\/892"}],"replies":[{"embeddable":true,"href":"https:\/\/wp.ufpel.edu.br\/asala\/wp-json\/wp\/v2\/comments?post=382"}],"version-history":[{"count":8,"href":"https:\/\/wp.ufpel.edu.br\/asala\/wp-json\/wp\/v2\/pages\/382\/revisions"}],"predecessor-version":[{"id":786,"href":"https:\/\/wp.ufpel.edu.br\/asala\/wp-json\/wp\/v2\/pages\/382\/revisions\/786"}],"wp:attachment":[{"href":"https:\/\/wp.ufpel.edu.br\/asala\/wp-json\/wp\/v2\/media?parent=382"}],"curies":[{"name":"wp","href":"https:\/\/api.w.org\/{rel}","templated":true}]}}

<p><img loading="lazy" decoding="async" class="wp-image-766 size-full aligncenter" src="https://wp.ufpel.edu.br/asala/files/2020/07/galeria-foto.png" alt="" width="1325" height="480" srcset="https://wp.ufpel.edu.br/asala/files/2020/07/galeria-foto.png 1325w, https://wp.ufpel.edu.br/asala/files/2020/07/galeria-foto-400x145.png 400w, https://wp.ufpel.edu.br/asala/files/2020/07/galeria-foto-1024x371.png 1024w, https://wp.ufpel.edu.br/asala/files/2020/07/galeria-foto-768x278.png 768w, https://wp.ufpel.edu.br/asala/files/2020/07/galeria-foto-600x217.png 600w, https://wp.ufpel.edu.br/asala/files/2020/07/galeria-foto-945x342.png 945w" sizes="auto, (max-width: 1325px) 100vw, 1325px" /></p>
<p style="text-align: justify">A SALA, Galeria de Arte do Centro de Artes desde 2001 vem atuando ininterruptamente dentro de uma proposta de ser, no espaço acadêmico, um local de promoção de novos artistas, de propagação da produção de professores e artistas formados pela UFPel e por outras instituições brasileiras e do exterior. Por outro lado, possibilita um local para ampliar a formação de mediadores e professores formadores de público para a arte, por sua atuação com projetos de mediação artística com os espectadores, em geral, e com escolas, em específico. O Centro de Artes considera que, para a comunidade de Pelotas e Região, a SALA é uma Galeria que apresenta a arte em sua contemporaneidade, demonstrando um diálogo constante com a produção atual brasileira e internacional. A importância de oferecermos dentro da Universidade um lugar de exposição de arte é apontar para os elos de pesquisa, ensino e extensão na prática, e trazer a comunidade para uma inserção de fato.</p>
<p>Profa. Dra. Úrsula da Rosa<br />
Diretora Centro de Artes UFPel</p>
<p>&nbsp;</p>
<p>&nbsp;</p>
<p><img loading="lazy" decoding="async" class="aligncenter wp-image-767 size-large" src="https://wp.ufpel.edu.br/asala/files/2020/07/Planta-Galeria001-1024x744.jpg" alt="" width="676" height="491" srcset="https://wp.ufpel.edu.br/asala/files/2020/07/Planta-Galeria001-1024x744.jpg 1024w, https://wp.ufpel.edu.br/asala/files/2020/07/Planta-Galeria001-400x291.jpg 400w, https://wp.ufpel.edu.br/asala/files/2020/07/Planta-Galeria001-768x558.jpg 768w, https://wp.ufpel.edu.br/asala/files/2020/07/Planta-Galeria001-1536x1116.jpg 1536w, https://wp.ufpel.edu.br/asala/files/2020/07/Planta-Galeria001-600x436.jpg 600w, https://wp.ufpel.edu.br/asala/files/2020/07/Planta-Galeria001-945x687.jpg 945w, https://wp.ufpel.edu.br/asala/files/2020/07/Planta-Galeria001-rotated.jpg 1600w" sizes="auto, (max-width: 676px) 100vw, 676px" /></p>

<p>A SALA, Galeria de Arte do Centro de Artes desde 2001 vem atuando ininterruptamente dentro de uma proposta de ser, no espaço acadêmico, um local de promoção de novos artistas, de propagação da produção de professores e artistas formados pela&#8230; <a class="more-link" href="https://wp.ufpel.edu.br/asala/">Continue lendo &rarr;</a></p>
