{"id":1006,"date":"2015-07-23T23:07:11","date_gmt":"2015-07-24T02:07:11","guid":{"rendered":"https:\/\/wp.ufpel.edu.br\/arwillian\/?page_id=1006"},"modified":"2020-03-10T10:01:13","modified_gmt":"2020-03-10T13:01:13","slug":"fisica-basica-experimental-i","status":"publish","type":"page","link":"https:\/\/wp.ufpel.edu.br\/arwillian\/disciplinas-3\/fisica-basica-experimental-i\/","title":{"rendered":"F\u00edsica B\u00e1sica Experimental I"},"content":{"rendered":"<h4 style=\"text-align: center\"><strong><span style=\"color: #800000\">SEMESTRE 2020-1<\/span><\/strong><\/h4>\n<p>&nbsp;<\/p>\n<p><strong><span style=\"color: #800000\">HOR\u00c1RIOS E LOCAL:<\/span><\/strong><\/p>\n<p><span style=\"color: #000000\"><span style=\"color: #0000ff\"><strong>Turma P5 &#8211; Engenharia Industrial Madeireira:<\/strong><\/span> Ter\u00e7a-feira, das 08h:00min \u00e0s 09h:40min. Local: Campus Cap\u00e3o do Le\u00e3o, Pr\u00e9dio 13, Salas 417, 418 ou 419.<\/span><\/p>\n<p><span style=\"color: #000000\"><span style=\"color: #0000ff\"><strong>Turma P8 &#8211; Engenharia Geol\u00f3gica:<\/strong><\/span> Quinta-feira, das 08h:00min \u00e0s 09h:40min. Local: Campus Cap\u00e3o do Le\u00e3o, Pr\u00e9dio 13, Salas 417, 418 ou 419.<\/span><\/p>\n<p>&nbsp;<\/p>\n<p><span style=\"color: #800000\"><strong>PLANO DE ENSINO:<\/strong><\/span> \u00a0 \u00a0 \u00a0 \u00a0 \u00a0 \u00a0\u00a0 <a href=\"https:\/\/wp.ufpel.edu.br\/arwillian\/files\/2020\/03\/plano_ensino_2020_1_11090036_P5.pdf\" target=\"_blank\" rel=\"noopener noreferrer\"><strong>TURMA P5<\/strong><\/a> \u00a0 \u00a0 \u00a0 \u00a0 \u00a0 \u00a0 \u00a0 \u00a0\u00a0<a href=\"https:\/\/wp.ufpel.edu.br\/arwillian\/files\/2020\/03\/plano_ensino_2020_1_11090036_P8.pdf\" target=\"_blank\" rel=\"noopener noreferrer\"> <strong>TURMA P8<\/strong><\/a><\/p>\n<p>&nbsp;<\/p>\n<p><a href=\"https:\/\/wp.ufpel.edu.br\/arwillian\/files\/2015\/07\/Modelo-de-Relato\u0301rio.docx\"><strong>MODELO DE RELAT\u00d3RIO AQU\u00cd:<\/strong><\/a> Depois de cada experimentos, <span style=\"color: #000000\">os relat\u00f3rios dever\u00e3o ser entregues <strong>IMPRESSOS<\/strong> seguindo o modelo<\/span> anexado.<\/p>\n<p><strong>\u00a0<\/strong><\/p>\n<p><strong>Notas:<\/strong> Veja sua nota semestral no <a href=\"https:\/\/cobalto.ufpel.edu.br\/dashboard\/\">COBALTO<\/a>.<\/p>\n<p>&nbsp;<\/p>\n","protected":false},"excerpt":{"rendered":"<p>SEMESTRE 2020-1 &nbsp; HOR\u00c1RIOS E LOCAL: Turma P5 &#8211; Engenharia Industrial Madeireira: Ter\u00e7a-feira, das 08h:00min \u00e0s 09h:40min. Local: Campus Cap\u00e3o do Le\u00e3o, Pr\u00e9dio 13, Salas 417, 418 ou 419. Turma P8 &#8211; Engenharia Geol\u00f3gica: Quinta-feira, das 08h:00min \u00e0s 09h:40min. Local: Campus Cap\u00e3o do Le\u00e3o, Pr\u00e9dio 13, Salas 417, 418 ou 419. &nbsp; PLANO DE ENSINO: &hellip; <\/p>\n<p><a class=\"more-link btn\" href=\"https:\/\/wp.ufpel.edu.br\/arwillian\/disciplinas-3\/fisica-basica-experimental-i\/\">Continue lendo<\/a><\/p>\n","protected":false},"author":223,"featured_media":0,"parent":996,"menu_order":0,"comment_status":"closed","ping_status":"closed","template":"","meta":{"jetpack_post_was_ever_published":false,"footnotes":""},"class_list":["post-1006","page","type-page","status-publish","hentry","nodate","item-wrap"],"jetpack_sharing_enabled":true,"jetpack_shortlink":"https:\/\/wp.me\/P7kHkB-ge","publishpress_future_action":{"enabled":false,"date":"2026-04-22 19:03:06","action":"change-status","newStatus":"draft","terms":[],"taxonomy":"","extraData":[]},"publishpress_future_workflow_manual_trigger":{"enabledWorkflows":[]},"_links":{"self":[{"href":"https:\/\/wp.ufpel.edu.br\/arwillian\/wp-json\/wp\/v2\/pages\/1006","targetHints":{"allow":["GET"]}}],"collection":[{"href":"https:\/\/wp.ufpel.edu.br\/arwillian\/wp-json\/wp\/v2\/pages"}],"about":[{"href":"https:\/\/wp.ufpel.edu.br\/arwillian\/wp-json\/wp\/v2\/types\/page"}],"author":[{"embeddable":true,"href":"https:\/\/wp.ufpel.edu.br\/arwillian\/wp-json\/wp\/v2\/users\/223"}],"replies":[{"embeddable":true,"href":"https:\/\/wp.ufpel.edu.br\/arwillian\/wp-json\/wp\/v2\/comments?post=1006"}],"version-history":[{"count":35,"href":"https:\/\/wp.ufpel.edu.br\/arwillian\/wp-json\/wp\/v2\/pages\/1006\/revisions"}],"predecessor-version":[{"id":1691,"href":"https:\/\/wp.ufpel.edu.br\/arwillian\/wp-json\/wp\/v2\/pages\/1006\/revisions\/1691"}],"up":[{"embeddable":true,"href":"https:\/\/wp.ufpel.edu.br\/arwillian\/wp-json\/wp\/v2\/pages\/996"}],"wp:attachment":[{"href":"https:\/\/wp.ufpel.edu.br\/arwillian\/wp-json\/wp\/v2\/media?parent=1006"}],"curies":[{"name":"wp","href":"https:\/\/api.w.org\/{rel}","templated":true}]}}