{"id":1004,"date":"2015-04-26T10:00:20","date_gmt":"2015-04-26T13:00:20","guid":{"rendered":"https:\/\/wp.ufpel.edu.br\/arwillian\/?page_id=1004"},"modified":"2022-08-03T17:13:55","modified_gmt":"2022-08-03T20:13:55","slug":"fisica-basica-iv","status":"publish","type":"page","link":"https:\/\/wp.ufpel.edu.br\/arwillian\/disciplinas-3\/fisica-basica-iv\/","title":{"rendered":"F\u00edsica B\u00e1sica IV"},"content":{"rendered":"<p>&nbsp;<\/p>\n<p><strong>LISTAS DE EXERC\u00cdCIOS:<\/strong><\/p>\n<p><strong><span style=\"color: #ff0000;\">Lista 1:<\/span><\/strong> PROBLEMAS 3, 4, 5, 9, 10, 11, 12, 14, 15, 17, 19, 21, 25, 27 e 29 do Cap. 32, Fundamentos de F\u00edsica Vol 3, 8a Edi\u00e7\u00e3o. Halliday.<\/p>\n<p><span style=\"color: #ff0000;\"><strong>Lista 2:<\/strong><\/span> PROBLEMAS 11, 13, 15, 17, 19, 23, 25, 27, 29, 30, 35, 37, 39, 43, 47, 49, 51, 55, 61 e 63, do Cap. 33, Fundamentos de F\u00edsica Vol 4, 8a Edi\u00e7\u00e3o. Halliday.<\/p>\n<p><span style=\"color: #ff0000;\"><strong>Lista 3:<\/strong><\/span> PROBLEMAS 4, 5, 7, 17, 32, 41, 43, 45, 49, 95, 97, 101, 105, 109, 111 e 119 do Cap. 34, Fundamentos de F\u00edsica Vol 4, 8a Edi\u00e7\u00e3o. Halliday.<\/p>\n<p><span style=\"color: #ff0000;\"><strong>Lista 4:<\/strong><\/span> PROBLEMAS 5, 9, 11, 13, 15, 21, 25, 27, 37, 55 e 75 do Cap. 35, Fundamentos de F\u00edsica Vol 4, 8a Edi\u00e7\u00e3o. Halliday.<\/p>\n<p><strong><span style=\"color: #ff0000;\">Lista 5:<\/span><\/strong> PROBLEMAS 5, 9, 11, 17, 27, 29, 40, 41, 51, 55, 71 e 72 do Cap. 36, Fundamentos de F\u00edsica Vol 4, 8a Edi\u00e7\u00e3o. Halliday.<\/p>\n<p><strong><span style=\"color: #ff0000;\">Lista 6:<\/span><\/strong> PROBLEMAS 3, 7, 13, 17, 21, 29, 31, 37, 39, 43, 51, 53 do Cap. 37, Fundamentos de F\u00edsica Vol 4, 8a Edi\u00e7\u00e3o. Halliday.<\/p>\n<p>&nbsp;<\/p>\n<p><a href=\"https:\/\/wp.ufpel.edu.br\/arwillian\/files\/2015\/07\/RespostasVol3.pdf\" target=\"_blank\" rel=\"noopener noreferrer\">Respostas aos Problemas Vol 3<\/a><\/p>\n<p><a href=\"https:\/\/wp.ufpel.edu.br\/arwillian\/files\/2015\/07\/RespostasVol4.pdf\" target=\"_blank\" rel=\"noopener noreferrer\">Respostas aos Problemas Vol 4<\/a><\/p>\n<p><a href=\"https:\/\/wp.ufpel.edu.br\/arwillian\/files\/2015\/07\/ProblemPares.pdf\" target=\"_blank\" rel=\"noopener noreferrer\"><strong>Respostas aos problemas pares das listas 1 e 2<\/strong><\/a><\/p>\n<p>&nbsp;<\/p>\n","protected":false},"excerpt":{"rendered":"<p>&nbsp; LISTAS DE EXERC\u00cdCIOS: Lista 1: PROBLEMAS 3, 4, 5, 9, 10, 11, 12, 14, 15, 17, 19, 21, 25, 27 e 29 do Cap. 32, Fundamentos de F\u00edsica Vol 3, 8a Edi\u00e7\u00e3o. Halliday. Lista 2: PROBLEMAS 11, 13, 15, 17, 19, 23, 25, 27, 29, 30, 35, 37, 39, 43, 47, 49, 51, 55, &hellip; <\/p>\n<p><a class=\"more-link btn\" href=\"https:\/\/wp.ufpel.edu.br\/arwillian\/disciplinas-3\/fisica-basica-iv\/\">Continue lendo<\/a><\/p>\n","protected":false},"author":223,"featured_media":0,"parent":996,"menu_order":0,"comment_status":"closed","ping_status":"closed","template":"","meta":{"jetpack_post_was_ever_published":false,"footnotes":""},"class_list":["post-1004","page","type-page","status-publish","hentry","nodate","item-wrap"],"jetpack_sharing_enabled":true,"jetpack_shortlink":"https:\/\/wp.me\/P7kHkB-gc","publishpress_future_action":{"enabled":false,"date":"2026-04-28 10:43:46","action":"change-status","newStatus":"draft","terms":[],"taxonomy":"","extraData":[]},"publishpress_future_workflow_manual_trigger":{"enabledWorkflows":[]},"_links":{"self":[{"href":"https:\/\/wp.ufpel.edu.br\/arwillian\/wp-json\/wp\/v2\/pages\/1004","targetHints":{"allow":["GET"]}}],"collection":[{"href":"https:\/\/wp.ufpel.edu.br\/arwillian\/wp-json\/wp\/v2\/pages"}],"about":[{"href":"https:\/\/wp.ufpel.edu.br\/arwillian\/wp-json\/wp\/v2\/types\/page"}],"author":[{"embeddable":true,"href":"https:\/\/wp.ufpel.edu.br\/arwillian\/wp-json\/wp\/v2\/users\/223"}],"replies":[{"embeddable":true,"href":"https:\/\/wp.ufpel.edu.br\/arwillian\/wp-json\/wp\/v2\/comments?post=1004"}],"version-history":[{"count":58,"href":"https:\/\/wp.ufpel.edu.br\/arwillian\/wp-json\/wp\/v2\/pages\/1004\/revisions"}],"predecessor-version":[{"id":1742,"href":"https:\/\/wp.ufpel.edu.br\/arwillian\/wp-json\/wp\/v2\/pages\/1004\/revisions\/1742"}],"up":[{"embeddable":true,"href":"https:\/\/wp.ufpel.edu.br\/arwillian\/wp-json\/wp\/v2\/pages\/996"}],"wp:attachment":[{"href":"https:\/\/wp.ufpel.edu.br\/arwillian\/wp-json\/wp\/v2\/media?parent=1004"}],"curies":[{"name":"wp","href":"https:\/\/api.w.org\/{rel}","templated":true}]}}