{"id":57,"date":"2019-12-03T13:42:01","date_gmt":"2019-12-03T16:42:01","guid":{"rendered":"https:\/\/wp.ufpel.edu.br\/artesvisuaislic\/?page_id=57"},"modified":"2025-09-16T16:29:19","modified_gmt":"2025-09-16T19:29:19","slug":"matriz-curricular","status":"publish","type":"page","link":"https:\/\/wp.ufpel.edu.br\/artesvisuaislic\/curso\/matriz-curricular\/","title":{"rendered":"Matriz Curricular e Fluxograma"},"content":{"rendered":"<ul>\n<li><strong>Matriz curricular de 2011 a 2021 &#8211; vers\u00e3o 6:<\/strong><\/li>\n<\/ul>\n<p><a href=\"https:\/\/wp.ufpel.edu.br\/artesvisuaislic\/files\/2022\/08\/curriculo_curso_2200_versao2011.pdf\" target=\"_blank\" rel=\"noopener\">Matriz Curricular 2011 a 2021<\/a><\/p>\n<p>&nbsp;<\/p>\n<ul>\n<li><strong>Matriz Curricular do curso referente ao Projeto Pedag\u00f3gico do Curso 2022 <\/strong><strong>[Projeto vigente \u2013 ingressantes a partir de 2022] &#8211; vers\u00e3o 7:<\/strong><\/li>\n<\/ul>\n<p><code><table class=\"dados-cobalto tabela-disciplinas\"><tr><th colspan=\"5\" class=\"tabela-quebra\">1\u00ba Semestre<\/th><\/tr><tr><th>C\u00f3digo<\/th><th>Disciplina \/ Pr\u00e9-requisitos<\/th><th>Car\u00e1ter<\/th><th>Cr.<\/th><th>Horas<\/th><\/tr><tr><td>05001347<\/td><td><a href=\"https:\/\/institucional.ufpel.edu.br\/disciplinas\/id\/39977\" target=\"_blank\">ARTE E CULTURA AFRO-BRASILEIRA<\/a><\/td><td>Obrigat\u00f3ria<\/td><td>3<\/td><td>45<\/td><\/tr><tr><td>05001345<\/td><td><a href=\"https:\/\/institucional.ufpel.edu.br\/disciplinas\/id\/39975\" target=\"_blank\">FUNDAMENTOS DA LINGUAGEM VISUAL<\/a><\/td><td>Obrigat\u00f3ria<\/td><td>4<\/td><td>60<\/td><\/tr><tr><td>05001346<\/td><td><a href=\"https:\/\/institucional.ufpel.edu.br\/disciplinas\/id\/39976\" target=\"_blank\">FUNDAMENTOS DO DESENHO I<\/a><\/td><td>Obrigat\u00f3ria<\/td><td>4<\/td><td>60<\/td><\/tr><tr><td>05001349<\/td><td><a href=\"https:\/\/institucional.ufpel.edu.br\/disciplinas\/id\/39979\" target=\"_blank\">FUNDAMENTOS DO ENSINO DAS ARTES VISUAIS<\/a><\/td><td>Obrigat\u00f3ria<\/td><td>2<\/td><td>30<\/td><\/tr><tr><td>05001343<\/td><td><a href=\"https:\/\/institucional.ufpel.edu.br\/disciplinas\/id\/39973\" target=\"_blank\">HIST\u00d3RIA DA ARTE I<\/a><\/td><td>Obrigat\u00f3ria<\/td><td>4<\/td><td>60<\/td><\/tr><tr><td>05001344<\/td><td><a href=\"https:\/\/institucional.ufpel.edu.br\/disciplinas\/id\/39974\" target=\"_blank\">INTRODU\u00c7\u00c3O \u00c0 ARTE CONTEMPOR\u00c2NEA<\/a><\/td><td>Obrigat\u00f3ria<\/td><td>2<\/td><td>30<\/td><\/tr><tr><td>05001348<\/td><td><a href=\"https:\/\/institucional.ufpel.edu.br\/disciplinas\/id\/39978\" target=\"_blank\">PERCEP\u00c7\u00c3O TRIDIMENSIONAL<\/a><\/td><td>Obrigat\u00f3ria<\/td><td>4<\/td><td>60<\/td><\/tr><tr><th colspan=\"5\" class=\"tabela-quebra\">2\u00ba Semestre<\/th><\/tr><tr><th>C\u00f3digo<\/th><th>Disciplina \/ Pr\u00e9-requisitos<\/th><th>Car\u00e1ter<\/th><th>Cr.<\/th><th>Horas<\/th><\/tr><tr><td>05001353<\/td><td><a href=\"https:\/\/institucional.ufpel.edu.br\/disciplinas\/id\/39984\" target=\"_blank\">FUNDAMENTOS DO DESENHO II<\/a><div class=\"tabela-detalhe-info\">05001346 - FUNDAMENTOS DO DESENHO I<\/div><\/td><td>Obrigat\u00f3ria<\/td><td>4<\/td><td>60<\/td><\/tr><tr><td>17360021<\/td><td><a href=\"https:\/\/institucional.ufpel.edu.br\/disciplinas\/id\/30093\" target=\"_blank\">FUNDAMENTOS PSICOL\u00d3GICOS DA EDUCA\u00c7\u00c3O<\/a><\/td><td>Obrigat\u00f3ria<\/td><td>4<\/td><td>60<\/td><\/tr><tr><td>05001351<\/td><td><a href=\"https:\/\/institucional.ufpel.edu.br\/disciplinas\/id\/39982\" target=\"_blank\">GRAFISMOS NA EDUCA\u00c7\u00c3O EM ARTES VISUAIS<\/a><\/td><td>Obrigat\u00f3ria<\/td><td>5<\/td><td>75<\/td><\/tr><tr><td>05001350<\/td><td><a href=\"https:\/\/institucional.ufpel.edu.br\/disciplinas\/id\/39980\" target=\"_blank\">HIST\u00d3RIA DA ARTE II<\/a><div class=\"tabela-detalhe-info\">05001343 - HIST\u00d3RIA DA ARTE I<\/div><\/td><td>Obrigat\u00f3ria<\/td><td>4<\/td><td>60<\/td><\/tr><tr><td>05001354<\/td><td><a href=\"https:\/\/institucional.ufpel.edu.br\/disciplinas\/id\/39985\" target=\"_blank\">INTRODU\u00c7\u00c3O \u00c0 CER\u00c2MICA<\/a><\/td><td>Obrigat\u00f3ria<\/td><td>4<\/td><td>60<\/td><\/tr><tr><td>05001352<\/td><td><a href=\"https:\/\/institucional.ufpel.edu.br\/disciplinas\/id\/39983\" target=\"_blank\">INTRODU\u00c7\u00c3O AO ESTUDO DA COR<\/a><div class=\"tabela-detalhe-info\">05001345 - FUNDAMENTOS DA LINGUAGEM VISUAL<\/div><\/td><td>Obrigat\u00f3ria<\/td><td>4<\/td><td>60<\/td><\/tr><tr><th colspan=\"5\" class=\"tabela-quebra\">3\u00ba Semestre<\/th><\/tr><tr><th>C\u00f3digo<\/th><th>Disciplina \/ Pr\u00e9-requisitos<\/th><th>Car\u00e1ter<\/th><th>Cr.<\/th><th>Horas<\/th><\/tr><tr><td>05001355<\/td><td><a href=\"https:\/\/institucional.ufpel.edu.br\/disciplinas\/id\/39986\" target=\"_blank\">ARTES VISUAIS NA EDUCA\u00c7\u00c3O I<\/a><div class=\"tabela-detalhe-info\">05001349 - FUNDAMENTOS DO ENSINO DAS ARTES VISUAIS<\/div><\/td><td>Obrigat\u00f3ria<\/td><td>5<\/td><td>75<\/td><\/tr><tr><td>05001357<\/td><td><a href=\"https:\/\/institucional.ufpel.edu.br\/disciplinas\/id\/39988\" target=\"_blank\">DESENHO DA FIGURA HUMANA<\/a><div class=\"tabela-detalhe-info\">05001353 - FUNDAMENTOS DO DESENHO II<\/div><\/td><td>Obrigat\u00f3ria<\/td><td>4<\/td><td>60<\/td><\/tr><tr><td>05001360<\/td><td><a href=\"https:\/\/institucional.ufpel.edu.br\/disciplinas\/id\/39991\" target=\"_blank\">FUNDAMENTOS DA GEOMETRIA<\/a><\/td><td>Obrigat\u00f3ria<\/td><td>2<\/td><td>30<\/td><\/tr><tr><td>05000628<\/td><td><a href=\"https:\/\/institucional.ufpel.edu.br\/disciplinas\/id\/26080\" target=\"_blank\">HIST\u00d3RIA DA ARTE III<\/a><div class=\"tabela-detalhe-info\">05001350 - HIST\u00d3RIA DA ARTE II<\/div><\/td><td>Obrigat\u00f3ria<\/td><td>4<\/td><td>60<\/td><\/tr><tr><td>05001358<\/td><td><a href=\"https:\/\/institucional.ufpel.edu.br\/disciplinas\/id\/39989\" target=\"_blank\">INTRODU\u00c7\u00c3O \u00c0 COMPUTA\u00c7\u00c3O GR\u00c1FICA<\/a><\/td><td>Obrigat\u00f3ria<\/td><td>4<\/td><td>60<\/td><\/tr><tr><td>05001356<\/td><td><a href=\"https:\/\/institucional.ufpel.edu.br\/disciplinas\/id\/39987\" target=\"_blank\">INTRODU\u00c7\u00c3O \u00c0 FOTOGRAFIA<\/a><\/td><td>Obrigat\u00f3ria<\/td><td>4<\/td><td>60<\/td><\/tr><tr><td>05001359<\/td><td><a href=\"https:\/\/institucional.ufpel.edu.br\/disciplinas\/id\/39990\" target=\"_blank\">TEORIAS DA ARTE<\/a><div class=\"tabela-detalhe-info\">05001350 - HIST\u00d3RIA DA ARTE II<\/div><\/td><td>Obrigat\u00f3ria<\/td><td>2<\/td><td>30<\/td><\/tr><tr><th colspan=\"5\" class=\"tabela-quebra\">4\u00ba Semestre<\/th><\/tr><tr><th>C\u00f3digo<\/th><th>Disciplina \/ Pr\u00e9-requisitos<\/th><th>Car\u00e1ter<\/th><th>Cr.<\/th><th>Horas<\/th><\/tr><tr><td>05001362<\/td><td><a href=\"https:\/\/institucional.ufpel.edu.br\/disciplinas\/id\/39993\" target=\"_blank\">ARTES VISUAIS NA EDUCA\u00c7\u00c3O II<\/a><div class=\"tabela-detalhe-info\">05001355 - ARTES VISUAIS NA EDUCA\u00c7\u00c3O I<\/div><\/td><td>Obrigat\u00f3ria<\/td><td>5<\/td><td>75<\/td><\/tr><tr><td>05000607<\/td><td><a href=\"https:\/\/institucional.ufpel.edu.br\/disciplinas\/id\/26059\" target=\"_blank\">HIST\u00d3RIA DA ARTE NO BRASIL I<\/a><div class=\"tabela-detalhe-info\">05000628 - HIST\u00d3RIA DA ARTE III<\/div><\/td><td>Obrigat\u00f3ria<\/td><td>4<\/td><td>60<\/td><\/tr><tr><td>05001363<\/td><td><a href=\"https:\/\/institucional.ufpel.edu.br\/disciplinas\/id\/39994\" target=\"_blank\">INTRODU\u00c7\u00c3O \u00c0 LINGUAGEM GR\u00c1FICA<\/a><div class=\"tabela-detalhe-info\">05001346 - FUNDAMENTOS DO DESENHO I<\/div><div class=\"tabela-detalhe-info\">05001345 - FUNDAMENTOS DA LINGUAGEM VISUAL<\/div><\/td><td>Obrigat\u00f3ria<\/td><td>4<\/td><td>60<\/td><\/tr><tr><td>05000754<\/td><td><a href=\"https:\/\/institucional.ufpel.edu.br\/disciplinas\/id\/26206\" target=\"_blank\">INTRODU\u00c7\u00c3O \u00c0 PINTURA<\/a><div class=\"tabela-detalhe-info\">05000628 - HIST\u00d3RIA DA ARTE III<\/div><div class=\"tabela-detalhe-info\">05001352 - INTRODU\u00c7\u00c3O AO ESTUDO DA COR<\/div><\/td><td>Obrigat\u00f3ria<\/td><td>4<\/td><td>60<\/td><\/tr><tr><td>05001364<\/td><td><a href=\"https:\/\/institucional.ufpel.edu.br\/disciplinas\/id\/39995\" target=\"_blank\">LABORAT\u00d3RIO AUDIOVISUAL<\/a><div class=\"tabela-detalhe-info\">05001356 - INTRODU\u00c7\u00c3O \u00c0 FOTOGRAFIA<\/div><\/td><td>Obrigat\u00f3ria<\/td><td>4<\/td><td>60<\/td><\/tr><tr><td>05001361<\/td><td><a href=\"https:\/\/institucional.ufpel.edu.br\/disciplinas\/id\/39992\" target=\"_blank\">TEORIA E PR\u00c1TICA PEDAG\u00d3GICA EM ARTES<\/a><\/td><td>Obrigat\u00f3ria<\/td><td>4<\/td><td>60<\/td><\/tr><tr><th colspan=\"5\" class=\"tabela-quebra\">5\u00ba Semestre<\/th><\/tr><tr><th>C\u00f3digo<\/th><th>Disciplina \/ Pr\u00e9-requisitos<\/th><th>Car\u00e1ter<\/th><th>Cr.<\/th><th>Horas<\/th><\/tr><tr><td>05001365<\/td><td><a href=\"https:\/\/institucional.ufpel.edu.br\/disciplinas\/id\/39996\" target=\"_blank\">EST\u00c1GIO SUPERVISIONADO EM EDUCA\u00c7\u00c3O INFANTIL<\/a><div class=\"tabela-detalhe-info\">05001362 - ARTES VISUAIS NA EDUCA\u00c7\u00c3O II<\/div><\/td><td>Obrigat\u00f3ria<\/td><td>7<\/td><td>105<\/td><\/tr><tr><td>05000644<\/td><td><a href=\"https:\/\/institucional.ufpel.edu.br\/disciplinas\/id\/26096\" target=\"_blank\">HIST\u00d3RIA DA ARTE NO BRASIL II<\/a><div class=\"tabela-detalhe-info\">05000607 - HIST\u00d3RIA DA ARTE NO BRASIL I<\/div><\/td><td>Obrigat\u00f3ria<\/td><td>4<\/td><td>60<\/td><\/tr><tr><td>05001367<\/td><td><a href=\"https:\/\/institucional.ufpel.edu.br\/disciplinas\/id\/39998\" target=\"_blank\">INTRODU\u00c7\u00c3O \u00c0 ESCULTURA<\/a><div class=\"tabela-detalhe-info\">05000628 - HIST\u00d3RIA DA ARTE III<\/div><div class=\"tabela-detalhe-info\">05001348 - PERCEP\u00c7\u00c3O TRIDIMENSIONAL<\/div><\/td><td>Obrigat\u00f3ria<\/td><td>4<\/td><td>60<\/td><\/tr><tr><td>20000084<\/td><td><a href=\"https:\/\/institucional.ufpel.edu.br\/disciplinas\/id\/28026\" target=\"_blank\">L\u00cdNGUA BRASILEIRA DE SINAIS I ( LIBRAS I )<\/a><\/td><td>Obrigat\u00f3ria<\/td><td>4<\/td><td>60<\/td><\/tr><tr><td>05001366<\/td><td><a href=\"https:\/\/institucional.ufpel.edu.br\/disciplinas\/id\/39997\" target=\"_blank\">MEDIA\u00c7\u00c3O ART\u00cdSTICA: EXPERI\u00caNCIAS PO\u00c9TICO-EDUCATIVAS<\/a><\/td><td>Obrigat\u00f3ria<\/td><td>4<\/td><td>60<\/td><\/tr><tr><td>05001368<\/td><td><a href=\"https:\/\/institucional.ufpel.edu.br\/disciplinas\/id\/39999\" target=\"_blank\">PR\u00c1TICAS DE LEITURA E PRODU\u00c7\u00c3O TEXTUAL EM ARTES<\/a><div class=\"tabela-detalhe-info\">05000628 - HIST\u00d3RIA DA ARTE III<\/div><\/td><td>Obrigat\u00f3ria<\/td><td>4<\/td><td>60<\/td><\/tr><tr><th colspan=\"5\" class=\"tabela-quebra\">6\u00ba Semestre<\/th><\/tr><tr><th>C\u00f3digo<\/th><th>Disciplina \/ Pr\u00e9-requisitos<\/th><th>Car\u00e1ter<\/th><th>Cr.<\/th><th>Horas<\/th><\/tr><tr><td>05001370<\/td><td><a href=\"https:\/\/institucional.ufpel.edu.br\/disciplinas\/id\/40001\" target=\"_blank\">EST\u00c1GIO SUPERVISIONADO EM ARTES VISUAIS I<\/a><div class=\"tabela-detalhe-info\">05001362 - ARTES VISUAIS NA EDUCA\u00c7\u00c3O II<\/div><\/td><td>Obrigat\u00f3ria<\/td><td>10<\/td><td>150<\/td><\/tr><tr><td>05001372<\/td><td><a href=\"https:\/\/institucional.ufpel.edu.br\/disciplinas\/id\/40003\" target=\"_blank\">FILOSOFIA DA ARTE E DA CULTURA I<\/a><div class=\"tabela-detalhe-info\">05001359 - TEORIAS DA ARTE<\/div><\/td><td>Obrigat\u00f3ria<\/td><td>2<\/td><td>30<\/td><\/tr><tr><td>05001371<\/td><td><a href=\"https:\/\/institucional.ufpel.edu.br\/disciplinas\/id\/40002\" target=\"_blank\">LABORAT\u00d3RIO ENSINO DE HIST\u00d3RIA DA ARTE<\/a><div class=\"tabela-detalhe-info\">05000628 - HIST\u00d3RIA DA ARTE III<\/div><div class=\"tabela-detalhe-info\">05001359 - TEORIAS DA ARTE<\/div><\/td><td>Obrigat\u00f3ria<\/td><td>4<\/td><td>60<\/td><\/tr><tr><td>05001369<\/td><td><a href=\"https:\/\/institucional.ufpel.edu.br\/disciplinas\/id\/40000\" target=\"_blank\">METODOLOGIA DA PESQUISA EM ARTES VISUAIS<\/a><div class=\"tabela-detalhe-info\">05001368 - PR\u00c1TICAS DE LEITURA E PRODU\u00c7\u00c3O TEXTUAL EM ARTES<\/div><\/td><td>Obrigat\u00f3ria<\/td><td>2<\/td><td>30<\/td><\/tr><tr><th colspan=\"5\" class=\"tabela-quebra\">7\u00ba Semestre<\/th><\/tr><tr><th>C\u00f3digo<\/th><th>Disciplina \/ Pr\u00e9-requisitos<\/th><th>Car\u00e1ter<\/th><th>Cr.<\/th><th>Horas<\/th><\/tr><tr><td>05001375<\/td><td><a href=\"https:\/\/institucional.ufpel.edu.br\/disciplinas\/id\/40013\" target=\"_blank\">ARTE E CULTURA NA AM\u00c9RICA LATINA<\/a><div class=\"tabela-detalhe-info\">05000644 - HIST\u00d3RIA DA ARTE NO BRASIL II<\/div><\/td><td>Obrigat\u00f3ria<\/td><td>4<\/td><td>60<\/td><\/tr><tr><td>05001374<\/td><td><a href=\"https:\/\/institucional.ufpel.edu.br\/disciplinas\/id\/40010\" target=\"_blank\">EST\u00c1GIO SUPERVISIONADO EM ARTES VISUAIS II<\/a><div class=\"tabela-detalhe-info\">05001370 - EST\u00c1GIO SUPERVISIONADO EM ARTES VISUAIS I<\/div><\/td><td>Obrigat\u00f3ria<\/td><td>10<\/td><td>150<\/td><\/tr><tr><td>05001373<\/td><td><a href=\"https:\/\/institucional.ufpel.edu.br\/disciplinas\/id\/40008\" target=\"_blank\">TRABALHO DE CONCLUS\u00c3O DE CURSO EM ARTES VISUAIS I<\/a><div class=\"tabela-detalhe-info\">05001369 - METODOLOGIA DA PESQUISA EM ARTES VISUAIS<\/div><\/td><td>Obrigat\u00f3ria<\/td><td>4<\/td><td>60<\/td><\/tr><tr><th colspan=\"5\" class=\"tabela-quebra\">8\u00ba Semestre<\/th><\/tr><tr><th>C\u00f3digo<\/th><th>Disciplina \/ Pr\u00e9-requisitos<\/th><th>Car\u00e1ter<\/th><th>Cr.<\/th><th>Horas<\/th><\/tr><tr><td>17350230<\/td><td><a href=\"https:\/\/institucional.ufpel.edu.br\/disciplinas\/id\/41361\" target=\"_blank\">EDUCA\u00c7\u00c3O BRASILEIRA: ORGANIZA\u00c7\u00c3O E POL\u00cdTICAS P\u00daBLICAS (EBOPP)<\/a><\/td><td>Obrigat\u00f3ria<\/td><td>4<\/td><td>60<\/td><\/tr><tr><td>05001376<\/td><td><a href=\"https:\/\/institucional.ufpel.edu.br\/disciplinas\/id\/40016\" target=\"_blank\">TRABALHO DE CONCLUS\u00c3O DE CURSO EM ARTES VISUAIS II<\/a><div class=\"tabela-detalhe-info\">05001373 - TRABALHO DE CONCLUS\u00c3O DE CURSO EM ARTES VISUAIS I<\/div><\/td><td>Obrigat\u00f3ria<\/td><td>4<\/td><td>60<\/td><\/tr><tr><th colspan=\"5\" class=\"tabela-quebra\">OPTATIVAS<\/th><\/tr><tr><th>C\u00f3digo<\/th><th>Disciplina \/ Pr\u00e9-requisitos<\/th><th>Car\u00e1ter<\/th><th>Cr.<\/th><th>Horas<\/th><\/tr><tr><td>05001377<\/td><td><a href=\"https:\/\/institucional.ufpel.edu.br\/disciplinas\/id\/40037\" target=\"_blank\">ARTE E CDADE<\/a><\/td><td>Optativa<\/td><td>4<\/td><td>60<\/td><\/tr><tr><td>05001378<\/td><td><a href=\"https:\/\/institucional.ufpel.edu.br\/disciplinas\/id\/40038\" target=\"_blank\">ARTE E ECOLOGIA<\/a><\/td><td>Optativa<\/td><td>4<\/td><td>60<\/td><\/tr><tr><td>05001379<\/td><td><a href=\"https:\/\/institucional.ufpel.edu.br\/disciplinas\/id\/40039\" target=\"_blank\">ATELI\u00ca DE GRAVURA EM METAL<\/a><div class=\"tabela-detalhe-info\">05001363 - INTRODU\u00c7\u00c3O \u00c0 LINGUAGEM GR\u00c1FICA<\/div><\/td><td>Optativa<\/td><td>4<\/td><td>60<\/td><\/tr><tr><td>05001380<\/td><td><a href=\"https:\/\/institucional.ufpel.edu.br\/disciplinas\/id\/40040\" target=\"_blank\">CINEMA: VISUALIDADES EM DI\u00c1LOGO<\/a><\/td><td>Optativa<\/td><td>4<\/td><td>60<\/td><\/tr><tr><td>05001381<\/td><td><a href=\"https:\/\/institucional.ufpel.edu.br\/disciplinas\/id\/40041\" target=\"_blank\">CR\u00cdTICA DE ARTE<\/a><\/td><td>Optativa<\/td><td>4<\/td><td>60<\/td><\/tr><tr><td>05001383<\/td><td><a href=\"https:\/\/institucional.ufpel.edu.br\/disciplinas\/id\/40043\" target=\"_blank\">CULTURA BRASILEIRA<\/a><\/td><td>Optativa<\/td><td>2<\/td><td>30<\/td><\/tr><tr><td>05001384<\/td><td><a href=\"https:\/\/institucional.ufpel.edu.br\/disciplinas\/id\/40044\" target=\"_blank\">DESENHO DE PERSPECTIVA<\/a><\/td><td>Optativa<\/td><td>4<\/td><td>60<\/td><\/tr><tr><td>05001385<\/td><td><a href=\"https:\/\/institucional.ufpel.edu.br\/disciplinas\/id\/40045\" target=\"_blank\">FILOSOFIA DA ARTE E DA CULTURA II<\/a><\/td><td>Optativa<\/td><td>4<\/td><td>60<\/td><\/tr><tr><td>05001386<\/td><td><a href=\"https:\/\/institucional.ufpel.edu.br\/disciplinas\/id\/40046\" target=\"_blank\">FOTOGRAFIA I<\/a><div class=\"tabela-detalhe-info\">05001356 - INTRODU\u00c7\u00c3O \u00c0 FOTOGRAFIA<\/div><\/td><td>Optativa<\/td><td>4<\/td><td>60<\/td><\/tr><tr><td>05000786<\/td><td><a href=\"https:\/\/institucional.ufpel.edu.br\/disciplinas\/id\/26238\" target=\"_blank\">GEOMETRIA DESCRITIVA E DESENHO T\u00c9CNICO<\/a><\/td><td>Optativa<\/td><td>4<\/td><td>60<\/td><\/tr><tr><td>05000649<\/td><td><a href=\"https:\/\/institucional.ufpel.edu.br\/disciplinas\/id\/26101\" target=\"_blank\">HIST\u00d3RIA DA ARTE NO RS<\/a><\/td><td>Optativa<\/td><td>2<\/td><td>30<\/td><\/tr><tr><td>05001387<\/td><td><a href=\"https:\/\/institucional.ufpel.edu.br\/disciplinas\/id\/40047\" target=\"_blank\">HIST\u00d3RIA DA ARTE ORIENTAL<\/a><\/td><td>Optativa<\/td><td>2<\/td><td>30<\/td><\/tr><tr><td>05001388<\/td><td><a href=\"https:\/\/institucional.ufpel.edu.br\/disciplinas\/id\/40048\" target=\"_blank\">HISTORIOGRAFIA DA ARTE<\/a><\/td><td>Optativa<\/td><td>4<\/td><td>60<\/td><\/tr><tr><td>05000740<\/td><td><a href=\"https:\/\/institucional.ufpel.edu.br\/disciplinas\/id\/26192\" target=\"_blank\">IMAGEM E CONSUMO NA CONTEMPORANEIDADE<\/a><\/td><td>Optativa<\/td><td>4<\/td><td>60<\/td><\/tr><tr><td>05001389<\/td><td><a href=\"https:\/\/institucional.ufpel.edu.br\/disciplinas\/id\/40049\" target=\"_blank\">INTRODU\u00c7\u00c3O AO TORNO CER\u00c2MICO<\/a><div class=\"tabela-detalhe-info\">05001354 - INTRODU\u00c7\u00c3O \u00c0 CER\u00c2MICA<\/div><\/td><td>Optativa<\/td><td>4<\/td><td>60<\/td><\/tr><tr><td>05001390<\/td><td><a href=\"https:\/\/institucional.ufpel.edu.br\/disciplinas\/id\/40050\" target=\"_blank\">LABORAT\u00d3RIO: CINEMA DE ANIMA\u00c7\u00c3O E ENSINO<\/a><div class=\"tabela-detalhe-info\">05001357 - DESENHO DA FIGURA HUMANA<\/div><div class=\"tabela-detalhe-info\">05001358 - INTRODU\u00c7\u00c3O \u00c0 COMPUTA\u00c7\u00c3O GR\u00c1FICA<\/div><\/td><td>Optativa<\/td><td>4<\/td><td>60<\/td><\/tr><tr><td>05000739<\/td><td><a href=\"https:\/\/institucional.ufpel.edu.br\/disciplinas\/id\/26191\" target=\"_blank\">LABORAT\u00d3RIO DE ARTE E CULTURA BRASILEIRA<\/a><\/td><td>Optativa<\/td><td>2<\/td><td>30<\/td><\/tr><tr><td>05000756<\/td><td><a href=\"https:\/\/institucional.ufpel.edu.br\/disciplinas\/id\/26208\" target=\"_blank\">LABORAT\u00d3RIO DE ARTE E DESIGN<\/a><div class=\"tabela-detalhe-info\">05001345 - FUNDAMENTOS DA LINGUAGEM VISUAL<\/div><div class=\"tabela-detalhe-info\">05001357 - DESENHO DA FIGURA HUMANA<\/div><\/td><td>Optativa<\/td><td>4<\/td><td>60<\/td><\/tr><tr><td>05001394<\/td><td><a href=\"https:\/\/institucional.ufpel.edu.br\/disciplinas\/id\/40054\" target=\"_blank\">PROCESSOS ART\u00cdSTICOS I<\/a><\/td><td>Optativa<\/td><td>4<\/td><td>60<\/td><\/tr><tr><td>05001395<\/td><td><a href=\"https:\/\/institucional.ufpel.edu.br\/disciplinas\/id\/40055\" target=\"_blank\">PROCESSOS ART\u00cdSTICOS II<\/a><\/td><td>Optativa<\/td><td>4<\/td><td>60<\/td><\/tr><tr><td>05001391<\/td><td><a href=\"https:\/\/institucional.ufpel.edu.br\/disciplinas\/id\/40051\" target=\"_blank\">PRODU\u00c7\u00c3O CULTURAL COMUNIT\u00c1RIA<\/a><\/td><td>Optativa<\/td><td>3<\/td><td>45<\/td><\/tr><tr><td>05001392<\/td><td><a href=\"https:\/\/institucional.ufpel.edu.br\/disciplinas\/id\/40052\" target=\"_blank\">PROFISS\u00c3O DOCENTE: SER PROFESSOR\/PROFESSORA HOJE<\/a><\/td><td>Optativa<\/td><td>2<\/td><td>30<\/td><\/tr><tr><td>05001393<\/td><td><a href=\"https:\/\/institucional.ufpel.edu.br\/disciplinas\/id\/40053\" target=\"_blank\">PUBLICA\u00c7\u00d5ES ART\u00cdSTICAS<\/a><div class=\"tabela-detalhe-info\">05001363 - INTRODU\u00c7\u00c3O \u00c0 LINGUAGEM GR\u00c1FICA<\/div><\/td><td>Optativa<\/td><td>4<\/td><td>60<\/td><\/tr><tr><td>05001396<\/td><td><a href=\"https:\/\/institucional.ufpel.edu.br\/disciplinas\/id\/40056\" target=\"_blank\">REPRESENTA\u00c7\u00c3O GR\u00c1FICA DIGITAL<\/a><\/td><td>Optativa<\/td><td>4<\/td><td>60<\/td><\/tr><tr><td>05001397<\/td><td><a href=\"https:\/\/institucional.ufpel.edu.br\/disciplinas\/id\/40057\" target=\"_blank\">SOCIOLOGIA DA ARTE<\/a><\/td><td>Optativa<\/td><td>4<\/td><td>60<\/td><\/tr><tr><td>05001398<\/td><td><a href=\"https:\/\/institucional.ufpel.edu.br\/disciplinas\/id\/40058\" target=\"_blank\">T\u00d3PICOS ESPECIAIS I<\/a><\/td><td>Optativa<\/td><td>4<\/td><td>60<\/td><\/tr><tr><td>05001399<\/td><td><a href=\"https:\/\/institucional.ufpel.edu.br\/disciplinas\/id\/40059\" target=\"_blank\">T\u00d3PICOS ESPECIAIS II<\/a><\/td><td>Optativa<\/td><td>4<\/td><td>60<\/td><\/tr><tr><th colspan=\"5\" class=\"tabela-quebra\">99<\/th><\/tr><tr><th>C\u00f3digo<\/th><th>Disciplina \/ Pr\u00e9-requisitos<\/th><th>Car\u00e1ter<\/th><th>Cr.<\/th><th>Horas<\/th><\/tr><tr><td>05001158<\/td><td><a href=\"https:\/\/institucional.ufpel.edu.br\/disciplinas\/id\/35205\" target=\"_blank\">ARTE E G\u00caNERO<\/a><\/td><td>Optativa<\/td><td>4<\/td><td>60<\/td><\/tr><tr><td>05001400<\/td><td><a href=\"https:\/\/institucional.ufpel.edu.br\/disciplinas\/id\/40060\" target=\"_blank\">ARTE, \u00c9TICA E EST\u00c9TICA<\/a><div class=\"tabela-detalhe-info\">05001372 - FILOSOFIA DA ARTE E DA CULTURA I<\/div><\/td><td>Optativa<\/td><td>2<\/td><td>30<\/td><\/tr><tr><td>05000906<\/td><td><a href=\"https:\/\/institucional.ufpel.edu.br\/disciplinas\/id\/26358\" target=\"_blank\">CORPO, ESPA\u00c7O E VISUALIDADE<\/a><\/td><td>Optativa<\/td><td>4<\/td><td>60<\/td><\/tr><\/table><\/code><\/p>\n<p>&nbsp;<\/p>\n<h1><strong>Fluxograma do curso (vers\u00e3o curricular 7)<\/strong><\/h1>\n<p>Para ingressantes a partir de 2022:<\/p>\n<p><img data-recalc-dims=\"1\" class=\"alignnone size-full wp-image-1121\" src=\"https:\/\/i0.wp.com\/wp.ufpel.edu.br\/artesvisuaislic\/files\/2024\/11\/artesvisuaislic_Pagina_09.jpg?resize=2339%2C1654&#038;ssl=1\" alt=\"\" width=\"2339\" height=\"1654\" srcset=\"https:\/\/i0.wp.com\/wp.ufpel.edu.br\/artesvisuaislic\/files\/2024\/11\/artesvisuaislic_Pagina_09.jpg?w=2339&amp;ssl=1 2339w, https:\/\/i0.wp.com\/wp.ufpel.edu.br\/artesvisuaislic\/files\/2024\/11\/artesvisuaislic_Pagina_09.jpg?resize=400%2C283&amp;ssl=1 400w, https:\/\/i0.wp.com\/wp.ufpel.edu.br\/artesvisuaislic\/files\/2024\/11\/artesvisuaislic_Pagina_09.jpg?resize=1024%2C724&amp;ssl=1 1024w, https:\/\/i0.wp.com\/wp.ufpel.edu.br\/artesvisuaislic\/files\/2024\/11\/artesvisuaislic_Pagina_09.jpg?resize=768%2C543&amp;ssl=1 768w, https:\/\/i0.wp.com\/wp.ufpel.edu.br\/artesvisuaislic\/files\/2024\/11\/artesvisuaislic_Pagina_09.jpg?resize=1536%2C1086&amp;ssl=1 1536w, https:\/\/i0.wp.com\/wp.ufpel.edu.br\/artesvisuaislic\/files\/2024\/11\/artesvisuaislic_Pagina_09.jpg?resize=2048%2C1448&amp;ssl=1 2048w\" sizes=\"(max-width: 1000px) 100vw, 1000px\" \/><\/p>\n<p>&nbsp;<\/p>\n<p>&nbsp;<\/p>\n","protected":false},"excerpt":{"rendered":"<p>Matriz curricular de 2011 a 2021 &#8211; vers\u00e3o 6: Matriz Curricular 2011 a 2021 &nbsp; Matriz Curricular do curso referente ao Projeto Pedag\u00f3gico do Curso 2022 [Projeto vigente \u2013 ingressantes a partir de 2022] &#8211; vers\u00e3o 7: &nbsp; Fluxograma do curso (vers\u00e3o curricular 7) Para ingressantes a partir de 2022: &nbsp; &nbsp;<\/p>\n","protected":false},"author":977,"featured_media":0,"parent":5,"menu_order":3,"comment_status":"closed","ping_status":"closed","template":"","meta":{"jetpack_post_was_ever_published":false,"footnotes":""},"class_list":["post-57","page","type-page","status-publish","hentry"],"jetpack_sharing_enabled":true,"_links":{"self":[{"href":"https:\/\/wp.ufpel.edu.br\/artesvisuaislic\/wp-json\/wp\/v2\/pages\/57","targetHints":{"allow":["GET"]}}],"collection":[{"href":"https:\/\/wp.ufpel.edu.br\/artesvisuaislic\/wp-json\/wp\/v2\/pages"}],"about":[{"href":"https:\/\/wp.ufpel.edu.br\/artesvisuaislic\/wp-json\/wp\/v2\/types\/page"}],"author":[{"embeddable":true,"href":"https:\/\/wp.ufpel.edu.br\/artesvisuaislic\/wp-json\/wp\/v2\/users\/977"}],"replies":[{"embeddable":true,"href":"https:\/\/wp.ufpel.edu.br\/artesvisuaislic\/wp-json\/wp\/v2\/comments?post=57"}],"version-history":[{"count":3,"href":"https:\/\/wp.ufpel.edu.br\/artesvisuaislic\/wp-json\/wp\/v2\/pages\/57\/revisions"}],"predecessor-version":[{"id":1298,"href":"https:\/\/wp.ufpel.edu.br\/artesvisuaislic\/wp-json\/wp\/v2\/pages\/57\/revisions\/1298"}],"up":[{"embeddable":true,"href":"https:\/\/wp.ufpel.edu.br\/artesvisuaislic\/wp-json\/wp\/v2\/pages\/5"}],"wp:attachment":[{"href":"https:\/\/wp.ufpel.edu.br\/artesvisuaislic\/wp-json\/wp\/v2\/media?parent=57"}],"curies":[{"name":"wp","href":"https:\/\/api.w.org\/{rel}","templated":true}]}}