{"id":491,"date":"2021-07-05T14:10:54","date_gmt":"2021-07-05T17:10:54","guid":{"rendered":"https:\/\/wp.ufpel.edu.br\/artesvisuaislic\/?page_id=491"},"modified":"2024-11-29T11:38:18","modified_gmt":"2024-11-29T14:38:18","slug":"estagio-obrigatorio","status":"publish","type":"page","link":"https:\/\/wp.ufpel.edu.br\/artesvisuaislic\/documentos-e-formularios\/estagios\/estagio-obrigatorio\/","title":{"rendered":"Est\u00e1gio Obrigat\u00f3rio"},"content":{"rendered":"<p>O est\u00e1gio supervisionado \u00e9 um componente curricular obrigat\u00f3rio, indispens\u00e1vel \u00e0 consolida\u00e7\u00e3o dos desempenhos profissionais desejados, inerentes ao perfil do formando, devendo o colegiado de curso aprovar o correspondente regulamento de est\u00e1gio, conforme das Diretrizes Curriculares Nacionais.<\/p>\n<ul>\n<li>Modelo do plano de atividades para os est\u00e1gios de reg\u00eancia a serem realizados nas escolas da <strong>rede estadual\u00a0<\/strong>[documento inserido em 29\/11\/2024]<\/li>\n<\/ul>\n<p><a href=\"https:\/\/wp.ufpel.edu.br\/artesvisuaislic\/files\/2024\/11\/Plano_de_Atividades_editavel_estagio_5CRE.docx\">Plano_de_Atividades_editavel_estagio_5CRE<\/a><\/p>\n","protected":false},"excerpt":{"rendered":"<p>O est\u00e1gio supervisionado \u00e9 um componente curricular obrigat\u00f3rio, indispens\u00e1vel \u00e0 consolida\u00e7\u00e3o dos desempenhos profissionais desejados, inerentes ao perfil do formando, devendo o colegiado de curso aprovar o correspondente regulamento de est\u00e1gio, conforme das Diretrizes Curriculares Nacionais. Modelo do plano de atividades para os est\u00e1gios de reg\u00eancia a serem realizados nas escolas da rede estadual\u00a0[documento inserido [&hellip;]<\/p>\n","protected":false},"author":977,"featured_media":0,"parent":54,"menu_order":1,"comment_status":"closed","ping_status":"closed","template":"","meta":{"jetpack_post_was_ever_published":false,"footnotes":""},"class_list":["post-491","page","type-page","status-publish","hentry"],"jetpack_sharing_enabled":true,"_links":{"self":[{"href":"https:\/\/wp.ufpel.edu.br\/artesvisuaislic\/wp-json\/wp\/v2\/pages\/491","targetHints":{"allow":["GET"]}}],"collection":[{"href":"https:\/\/wp.ufpel.edu.br\/artesvisuaislic\/wp-json\/wp\/v2\/pages"}],"about":[{"href":"https:\/\/wp.ufpel.edu.br\/artesvisuaislic\/wp-json\/wp\/v2\/types\/page"}],"author":[{"embeddable":true,"href":"https:\/\/wp.ufpel.edu.br\/artesvisuaislic\/wp-json\/wp\/v2\/users\/977"}],"replies":[{"embeddable":true,"href":"https:\/\/wp.ufpel.edu.br\/artesvisuaislic\/wp-json\/wp\/v2\/comments?post=491"}],"version-history":[{"count":7,"href":"https:\/\/wp.ufpel.edu.br\/artesvisuaislic\/wp-json\/wp\/v2\/pages\/491\/revisions"}],"predecessor-version":[{"id":1158,"href":"https:\/\/wp.ufpel.edu.br\/artesvisuaislic\/wp-json\/wp\/v2\/pages\/491\/revisions\/1158"}],"up":[{"embeddable":true,"href":"https:\/\/wp.ufpel.edu.br\/artesvisuaislic\/wp-json\/wp\/v2\/pages\/54"}],"wp:attachment":[{"href":"https:\/\/wp.ufpel.edu.br\/artesvisuaislic\/wp-json\/wp\/v2\/media?parent=491"}],"curies":[{"name":"wp","href":"https:\/\/api.w.org\/{rel}","templated":true}]}}

Estágio Obrigatório

<p>O estágio supervisionado é um componente curricular obrigatório, indispensável à consolidação dos desempenhos profissionais desejados, inerentes ao perfil do formando, devendo o colegiado de curso aprovar o correspondente regulamento de estágio, conforme das Diretrizes Curriculares Nacionais.</p>
<ul>
<li>Modelo do plano de atividades para os estágios de regência a serem realizados nas escolas da <strong>rede estadual </strong>[documento inserido em 29/11/2024]</li>
</ul>
<p><a href="https://wp.ufpel.edu.br/artesvisuaislic/files/2024/11/Plano_de_Atividades_editavel_estagio_5CRE.docx">Plano_de_Atividades_editavel_estagio_5CRE</a></p>

<p>O estágio supervisionado é um componente curricular obrigatório, indispensável à consolidação dos desempenhos profissionais desejados, inerentes ao perfil do formando, devendo o colegiado de curso aprovar o correspondente regulamento de estágio, conforme das Diretrizes Curriculares Nacionais. Modelo do plano de atividades para os estágios de regência a serem realizados nas escolas da rede estadual [documento inserido [&hellip;]</p>
