{"id":432,"date":"2021-04-30T09:30:20","date_gmt":"2021-04-30T12:30:20","guid":{"rendered":"https:\/\/wp.ufpel.edu.br\/artesvisuaislic\/?page_id=432"},"modified":"2025-10-09T11:35:51","modified_gmt":"2025-10-09T14:35:51","slug":"termo-de-autorizacao-tcc-biblioteca","status":"publish","type":"page","link":"https:\/\/wp.ufpel.edu.br\/artesvisuaislic\/documentos-e-formularios\/termo-de-autorizacao-tcc-biblioteca\/","title":{"rendered":"Termo de autoriza\u00e7\u00e3o TCC Biblioteca"},"content":{"rendered":"<p>O Termo de Autoriza\u00e7\u00e3o \u00e9 solicitado ao aluno ap\u00f3s a finaliza\u00e7\u00e3o do Trabalho de Conclus\u00e3o de Curso. O documento deve ser devidamente preenchido, assinado e encaminhado ao colegiado juntamente da c\u00f3pia do trabalho em formato digital.<\/p>\n<p><a href=\"https:\/\/wp.ufpel.edu.br\/artesvisuaislic\/files\/2025\/10\/Termo-TCC-e-TCCP-v04072025.pdf\">Termo TCC v04072025<\/a><\/p>\n","protected":false},"excerpt":{"rendered":"<p>O Termo de Autoriza\u00e7\u00e3o \u00e9 solicitado ao aluno ap\u00f3s a finaliza\u00e7\u00e3o do Trabalho de Conclus\u00e3o de Curso. O documento deve ser devidamente preenchido, assinado e encaminhado ao colegiado juntamente da c\u00f3pia do trabalho em formato digital. Termo TCC v04072025<\/p>\n","protected":false},"author":977,"featured_media":0,"parent":26,"menu_order":6,"comment_status":"closed","ping_status":"closed","template":"","meta":{"jetpack_post_was_ever_published":false,"footnotes":""},"class_list":["post-432","page","type-page","status-publish","hentry"],"jetpack_sharing_enabled":true,"_links":{"self":[{"href":"https:\/\/wp.ufpel.edu.br\/artesvisuaislic\/wp-json\/wp\/v2\/pages\/432","targetHints":{"allow":["GET"]}}],"collection":[{"href":"https:\/\/wp.ufpel.edu.br\/artesvisuaislic\/wp-json\/wp\/v2\/pages"}],"about":[{"href":"https:\/\/wp.ufpel.edu.br\/artesvisuaislic\/wp-json\/wp\/v2\/types\/page"}],"author":[{"embeddable":true,"href":"https:\/\/wp.ufpel.edu.br\/artesvisuaislic\/wp-json\/wp\/v2\/users\/977"}],"replies":[{"embeddable":true,"href":"https:\/\/wp.ufpel.edu.br\/artesvisuaislic\/wp-json\/wp\/v2\/comments?post=432"}],"version-history":[{"count":3,"href":"https:\/\/wp.ufpel.edu.br\/artesvisuaislic\/wp-json\/wp\/v2\/pages\/432\/revisions"}],"predecessor-version":[{"id":1300,"href":"https:\/\/wp.ufpel.edu.br\/artesvisuaislic\/wp-json\/wp\/v2\/pages\/432\/revisions\/1300"}],"up":[{"embeddable":true,"href":"https:\/\/wp.ufpel.edu.br\/artesvisuaislic\/wp-json\/wp\/v2\/pages\/26"}],"wp:attachment":[{"href":"https:\/\/wp.ufpel.edu.br\/artesvisuaislic\/wp-json\/wp\/v2\/media?parent=432"}],"curies":[{"name":"wp","href":"https:\/\/api.w.org\/{rel}","templated":true}]}}

Termo de autorização TCC Biblioteca

<p>O Termo de Autorização é solicitado ao aluno após a finalização do Trabalho de Conclusão de Curso. O documento deve ser devidamente preenchido, assinado e encaminhado ao colegiado juntamente da cópia do trabalho em formato digital.</p>
<p><a href="https://wp.ufpel.edu.br/artesvisuaislic/files/2025/10/Termo-TCC-e-TCCP-v04072025.pdf">Termo TCC v04072025</a></p>

<p>O Termo de Autorização é solicitado ao aluno após a finalização do Trabalho de Conclusão de Curso. O documento deve ser devidamente preenchido, assinado e encaminhado ao colegiado juntamente da cópia do trabalho em formato digital. Termo TCC v04072025</p>
