{"id":31,"date":"2019-12-03T12:25:41","date_gmt":"2019-12-03T15:25:41","guid":{"rendered":"https:\/\/wp.ufpel.edu.br\/artesvisuaislic\/?page_id=31"},"modified":"2019-12-05T15:39:23","modified_gmt":"2019-12-05T18:39:23","slug":"trabalhos-conclusao","status":"publish","type":"page","link":"https:\/\/wp.ufpel.edu.br\/artesvisuaislic\/trabalhos-conclusao\/","title":{"rendered":"TRABALHOS DE CONCLUS\u00c3O"},"content":{"rendered":"<p>Os Trabalhos de Conclus\u00e3o de Curso das Artes Visuais est\u00e3o dispon\u00edveis no acervo do ARTE NA ESCOLA que pode ser consultado atrav\u00e9s do link <a href=\"https:\/\/wp.ufpel.edu.br\/artenaescola\/acervo\/\">Arte na Escola UFPel<\/a><\/p>\n<h2 class=\"font_2\"><strong>Sobre o Instituto Arte na Escola<\/strong><\/h2>\n<p class=\"font_7\">O Instituto Arte na Escola \u00e9 uma associa\u00e7\u00e3o civil sem fins lucrativos que, desde 1989, qualifica, incentiva e reconhece o ensino da arte, por meio da forma\u00e7\u00e3o continuada de professores da Educa\u00e7\u00e3o B\u00e1sica.<\/p>\n<p class=\"font_7\">Tem como premissa que a Arte, enquanto objeto do saber, desenvolve nos alunos habilidades perceptivas, capacidade reflexiva e incentiva a forma\u00e7\u00e3o de uma consci\u00eancia cr\u00edtica, n\u00e3o se limitando a auto-express\u00e3o e \u00e0 criatividade.<\/p>\n<p><img data-recalc-dims=\"1\" class=\"alignnone size-full wp-image-92\" src=\"https:\/\/i0.wp.com\/wp.ufpel.edu.br\/artesvisuaislic\/files\/2019\/12\/IAE-Cor-RGB-178x159.jpg?resize=178%2C159&#038;ssl=1\" alt=\"\" width=\"178\" height=\"159\" \/><\/p>\n<p>&nbsp;<\/p>\n","protected":false},"excerpt":{"rendered":"<p>Os Trabalhos de Conclus\u00e3o de Curso das Artes Visuais est\u00e3o dispon\u00edveis no acervo do ARTE NA ESCOLA que pode ser consultado atrav\u00e9s do link Arte na Escola UFPel Sobre o Instituto Arte na Escola O Instituto Arte na Escola \u00e9 uma associa\u00e7\u00e3o civil sem fins lucrativos que, desde 1989, qualifica, incentiva e reconhece o ensino [&hellip;]<\/p>\n","protected":false},"author":977,"featured_media":0,"parent":0,"menu_order":3,"comment_status":"closed","ping_status":"closed","template":"","meta":{"jetpack_post_was_ever_published":false,"footnotes":""},"class_list":["post-31","page","type-page","status-publish","hentry"],"jetpack_sharing_enabled":true,"_links":{"self":[{"href":"https:\/\/wp.ufpel.edu.br\/artesvisuaislic\/wp-json\/wp\/v2\/pages\/31","targetHints":{"allow":["GET"]}}],"collection":[{"href":"https:\/\/wp.ufpel.edu.br\/artesvisuaislic\/wp-json\/wp\/v2\/pages"}],"about":[{"href":"https:\/\/wp.ufpel.edu.br\/artesvisuaislic\/wp-json\/wp\/v2\/types\/page"}],"author":[{"embeddable":true,"href":"https:\/\/wp.ufpel.edu.br\/artesvisuaislic\/wp-json\/wp\/v2\/users\/977"}],"replies":[{"embeddable":true,"href":"https:\/\/wp.ufpel.edu.br\/artesvisuaislic\/wp-json\/wp\/v2\/comments?post=31"}],"version-history":[{"count":5,"href":"https:\/\/wp.ufpel.edu.br\/artesvisuaislic\/wp-json\/wp\/v2\/pages\/31\/revisions"}],"predecessor-version":[{"id":94,"href":"https:\/\/wp.ufpel.edu.br\/artesvisuaislic\/wp-json\/wp\/v2\/pages\/31\/revisions\/94"}],"wp:attachment":[{"href":"https:\/\/wp.ufpel.edu.br\/artesvisuaislic\/wp-json\/wp\/v2\/media?parent=31"}],"curies":[{"name":"wp","href":"https:\/\/api.w.org\/{rel}","templated":true}]}}

TRABALHOS DE CONCLUSÃO

<p>Os Trabalhos de Conclusão de Curso das Artes Visuais estão disponíveis no acervo do ARTE NA ESCOLA que pode ser consultado através do link <a href="https://wp.ufpel.edu.br/artenaescola/acervo/">Arte na Escola UFPel</a></p>
<h2 class="font_2"><strong>Sobre o Instituto Arte na Escola</strong></h2>
<p class="font_7">O Instituto Arte na Escola é uma associação civil sem fins lucrativos que, desde 1989, qualifica, incentiva e reconhece o ensino da arte, por meio da formação continuada de professores da Educação Básica.</p>
<p class="font_7">Tem como premissa que a Arte, enquanto objeto do saber, desenvolve nos alunos habilidades perceptivas, capacidade reflexiva e incentiva a formação de uma consciência crítica, não se limitando a auto-expressão e à criatividade.</p>
<p><img data-recalc-dims="1" class="alignnone size-full wp-image-92" src="https://i0.wp.com/wp.ufpel.edu.br/artesvisuaislic/files/2019/12/IAE-Cor-RGB-178x159.jpg?resize=178%2C159&#038;ssl=1" alt="" width="178" height="159" /></p>
<p>&nbsp;</p>

<p>Os Trabalhos de Conclusão de Curso das Artes Visuais estão disponíveis no acervo do ARTE NA ESCOLA que pode ser consultado através do link Arte na Escola UFPel Sobre o Instituto Arte na Escola O Instituto Arte na Escola é uma associação civil sem fins lucrativos que, desde 1989, qualifica, incentiva e reconhece o ensino [&hellip;]</p>
