{"id":26,"date":"2019-12-03T12:23:37","date_gmt":"2019-12-03T15:23:37","guid":{"rendered":"https:\/\/wp.ufpel.edu.br\/artesvisuaislic\/?page_id=26"},"modified":"2021-07-09T10:58:02","modified_gmt":"2021-07-09T13:58:02","slug":"documentos-e-formularios","status":"publish","type":"page","link":"https:\/\/wp.ufpel.edu.br\/artesvisuaislic\/documentos-e-formularios\/","title":{"rendered":"PROCEDIMENTOS E FORMUL\u00c1RIOS"},"content":{"rendered":"<p>No menu &#8220;Procedimentos e Formul\u00e1rios&#8221; voc\u00ea encontrar\u00e1 as informa\u00e7\u00f5es mais solicitadas ao colegiado.<\/p>\n<p>No entanto, abaixo segue o link direcionado com informa\u00e7\u00f5es gerais aos alunos que est\u00e3o dispon\u00edveis na p\u00e1gina do CRA:<\/p>\n<ul id=\"menu-informacoes-academicas\" class=\"menu\">\n<li id=\"menu-item-2589\" class=\"menu-item menu-item-type-post_type menu-item-object-page menu-item-2589\"><a href=\"https:\/\/wp.ufpel.edu.br\/cra\/aproveitamento-de-disciplina\/\">Aproveitamento de estudos<\/a><\/li>\n<li id=\"menu-item-2590\" class=\"menu-item menu-item-type-post_type menu-item-object-page menu-item-2590\"><a href=\"https:\/\/wp.ufpel.edu.br\/cra\/aproveitamento-por-extraordinario-conhecimento-prova-de-proficiencia\/\">Aproveitamento por extraordin\u00e1rio conhecimento (Prova de Profici\u00eancia)<\/a><\/li>\n<li id=\"menu-item-2591\" class=\"menu-item menu-item-type-post_type menu-item-object-page menu-item-2591\"><a href=\"https:\/\/wp.ufpel.edu.br\/cra\/atestado-de-matricula\/\">Atestado de matr\u00edcula<\/a><\/li>\n<li id=\"menu-item-2592\" class=\"menu-item menu-item-type-post_type menu-item-object-page menu-item-2592\"><a href=\"https:\/\/wp.ufpel.edu.br\/cra\/avaliacao-segunda-chamada\/\">Avalia\u00e7\u00e3o \u2013 segunda chamada<\/a><\/li>\n<li id=\"menu-item-2593\" class=\"menu-item menu-item-type-post_type menu-item-object-page menu-item-2593\"><a href=\"https:\/\/wp.ufpel.edu.br\/cra\/cancelamento-de-matricula\/\">Cancelamento de matr\u00edcula<\/a><\/li>\n<li id=\"menu-item-3137\" class=\"menu-item menu-item-type-post_type menu-item-object-page menu-item-3137\"><a href=\"https:\/\/wp.ufpel.edu.br\/cra\/carteira-estudantil\/\">Carteira estudantil<\/a><\/li>\n<li id=\"menu-item-3365\" class=\"menu-item menu-item-type-post_type menu-item-object-page menu-item-has-children menu-item-3365\"><a href=\"https:\/\/wp.ufpel.edu.br\/cra\/certificado-de-conclusao-de-curso-de-graduacao\/\">Certificado de conclus\u00e3o de curso de gradua\u00e7\u00e3o<\/a>\n<ul class=\"sub-menu\">\n<li id=\"menu-item-3364\" class=\"menu-item menu-item-type-post_type menu-item-object-page menu-item-3364\"><a href=\"https:\/\/wp.ufpel.edu.br\/cra\/verificacao-de-autenticidade-de-certificado-de-conclusao-de-curso-de-graduacao\/\">Verifica\u00e7\u00e3o de autenticidade de Certificado de conclus\u00e3o de curso de gradua\u00e7\u00e3o<\/a><\/li>\n<\/ul>\n<\/li>\n<li id=\"menu-item-2682\" class=\"menu-item menu-item-type-post_type menu-item-object-page menu-item-has-children menu-item-2682\"><a href=\"https:\/\/wp.ufpel.edu.br\/cra\/colacao-de-grau\/\">Cola\u00e7\u00e3o de grau (Formatura)<\/a>\n<ul class=\"sub-menu\">\n<li id=\"menu-item-3377\" class=\"menu-item menu-item-type-post_type menu-item-object-page menu-item-3377\"><a href=\"https:\/\/wp.ufpel.edu.br\/cra\/antecipacao-da-colacao-de-grau-formatura\/\">Antecipa\u00e7\u00e3o da Cola\u00e7\u00e3o de Grau (Formatura)<\/a><\/li>\n<li id=\"menu-item-3376\" class=\"menu-item menu-item-type-post_type menu-item-object-page menu-item-3376\"><a href=\"https:\/\/wp.ufpel.edu.br\/cra\/ata-de-colacao-de-grau-formatura\/\">Ata de Cola\u00e7\u00e3o de grau (Formatura)<\/a><\/li>\n<li id=\"menu-item-3378\" class=\"menu-item menu-item-type-post_type menu-item-object-page menu-item-3378\"><a href=\"https:\/\/wp.ufpel.edu.br\/cra\/provavel-formando\/\">Prov\u00e1vel Formando<\/a><\/li>\n<\/ul>\n<\/li>\n<li id=\"menu-item-2594\" class=\"menu-item menu-item-type-post_type menu-item-object-page menu-item-2594\"><a href=\"https:\/\/wp.ufpel.edu.br\/cra\/conteudos-programaticos\/\">Conte\u00fados program\u00e1ticos<\/a><\/li>\n<li id=\"menu-item-2595\" class=\"menu-item menu-item-type-post_type menu-item-object-page menu-item-has-children menu-item-2595\"><a href=\"https:\/\/wp.ufpel.edu.br\/cra\/diploma\/\">Diploma<\/a>\n<ul class=\"sub-menu\">\n<li id=\"menu-item-2596\" class=\"menu-item menu-item-type-post_type menu-item-object-page menu-item-2596\"><a href=\"https:\/\/wp.ufpel.edu.br\/cra\/apostilamento\/\">Apostilamento<\/a><\/li>\n<li id=\"menu-item-3406\" class=\"menu-item menu-item-type-post_type menu-item-object-page menu-item-3406\"><a href=\"https:\/\/wp.ufpel.edu.br\/cra\/certidao-de-registro-de-diploma\/\">Certid\u00e3o de Registro de Diploma<\/a><\/li>\n<li id=\"menu-item-2597\" class=\"menu-item menu-item-type-post_type menu-item-object-page menu-item-2597\"><a href=\"https:\/\/wp.ufpel.edu.br\/cra\/solicitacao-de-2a-via\/\">Segunda via de diploma<\/a><\/li>\n<li id=\"menu-item-2598\" class=\"menu-item menu-item-type-post_type menu-item-object-page menu-item-2598\"><a href=\"https:\/\/wp.ufpel.edu.br\/cra\/solicitacao-de-urgencia\/\">Solicita\u00e7\u00e3o de urg\u00eancia de diploma<\/a><\/li>\n<li id=\"menu-item-2599\" class=\"menu-item menu-item-type-post_type menu-item-object-page menu-item-2599\"><a href=\"https:\/\/wp.ufpel.edu.br\/cra\/verificacao-de-autenticidade-de-diploma\/\">Verifica\u00e7\u00e3o de Autenticidade de diploma<\/a><\/li>\n<\/ul>\n<\/li>\n<li id=\"menu-item-2600\" class=\"menu-item menu-item-type-post_type menu-item-object-page menu-item-2600\"><a href=\"https:\/\/wp.ufpel.edu.br\/cra\/equivalencia-entre-componentes-curriculares\/\">Equival\u00eancia entre componentes curriculares<\/a><\/li>\n<li id=\"menu-item-2601\" class=\"menu-item menu-item-type-post_type menu-item-object-page menu-item-has-children menu-item-2601\"><a href=\"https:\/\/wp.ufpel.edu.br\/cra\/frequencia\/\">Frequ\u00eancia<\/a>\n<ul class=\"sub-menu\">\n<li id=\"menu-item-2602\" class=\"menu-item menu-item-type-post_type menu-item-object-page menu-item-2602\"><a href=\"https:\/\/wp.ufpel.edu.br\/cra\/abono-de-faltas\/\">Abono de faltas<\/a><\/li>\n<li id=\"menu-item-2603\" class=\"menu-item menu-item-type-post_type menu-item-object-page menu-item-2603\"><a href=\"https:\/\/wp.ufpel.edu.br\/cra\/exercicios-domiciliares\/\">Exerc\u00edcio domiciliar<\/a><\/li>\n<\/ul>\n<\/li>\n<li id=\"menu-item-2604\" class=\"menu-item menu-item-type-post_type menu-item-object-page menu-item-has-children menu-item-2604\"><a href=\"https:\/\/wp.ufpel.edu.br\/cra\/historico-para-alunos-formados\/\">Hist\u00f3rico<\/a>\n<ul class=\"sub-menu\">\n<li id=\"menu-item-3396\" class=\"menu-item menu-item-type-post_type menu-item-object-page menu-item-3396\"><a href=\"https:\/\/wp.ufpel.edu.br\/cra\/historico-parcial\/\">Hist\u00f3rico parcial<\/a><\/li>\n<li id=\"menu-item-3395\" class=\"menu-item menu-item-type-post_type menu-item-object-page menu-item-has-children menu-item-3395\"><a href=\"https:\/\/wp.ufpel.edu.br\/cra\/historico-final\/\">Hist\u00f3rico final<\/a>\n<ul class=\"sub-menu\">\n<li id=\"menu-item-3394\" class=\"menu-item menu-item-type-post_type menu-item-object-page menu-item-3394\"><a href=\"https:\/\/wp.ufpel.edu.br\/cra\/segunda-via-do-historico-final\/\">Segunda via do Hist\u00f3rico Final<\/a><\/li>\n<li id=\"menu-item-3393\" class=\"menu-item menu-item-type-post_type menu-item-object-page menu-item-3393\"><a href=\"https:\/\/wp.ufpel.edu.br\/cra\/verificacao-de-autenticidade-do-historico-final\/\">Verifica\u00e7\u00e3o de autenticidade do Hist\u00f3rico Final<\/a><\/li>\n<\/ul>\n<\/li>\n<\/ul>\n<\/li>\n<li id=\"menu-item-2605\" class=\"menu-item menu-item-type-post_type menu-item-object-page menu-item-2605\"><a href=\"https:\/\/wp.ufpel.edu.br\/cra\/tempo-de-permanencia-no-curso-jubilamento\/\">Jubilamento<\/a><\/li>\n<li id=\"menu-item-2606\" class=\"menu-item menu-item-type-post_type menu-item-object-page menu-item-2606\"><a href=\"https:\/\/wp.ufpel.edu.br\/cra\/matricula\/\">Matr\u00edcula<\/a><\/li>\n<li id=\"menu-item-2611\" class=\"menu-item menu-item-type-post_type menu-item-object-page menu-item-2611\"><a href=\"https:\/\/wp.ufpel.edu.br\/cra\/programa-de-mobilidade-academica\/\">Mobilidade acad\u00eamica<\/a><\/li>\n<li id=\"menu-item-3470\" class=\"menu-item menu-item-type-post_type menu-item-object-page menu-item-3470\"><a href=\"https:\/\/wp.ufpel.edu.br\/cra\/nome-social\/\">Nome Social<\/a><\/li>\n<li id=\"menu-item-2612\" class=\"menu-item menu-item-type-post_type menu-item-object-page menu-item-2612\"><a href=\"https:\/\/wp.ufpel.edu.br\/cra\/quebra-de-pre-requisito-2\/\">Quebra de pr\u00e9-requisito<\/a><\/li>\n<li id=\"menu-item-2613\" class=\"menu-item menu-item-type-post_type menu-item-object-page menu-item-2613\"><a href=\"https:\/\/wp.ufpel.edu.br\/cra\/regime-concentrado\/\">Regime concentrado<\/a><\/li>\n<li id=\"menu-item-2614\" class=\"menu-item menu-item-type-post_type menu-item-object-page menu-item-has-children menu-item-2614\"><a href=\"https:\/\/wp.ufpel.edu.br\/cra\/revalidacao-de-diplomas\/\">Revalida\u00e7\u00e3o de diplomas<\/a>\n<ul class=\"sub-menu\">\n<li id=\"menu-item-2615\" class=\"menu-item menu-item-type-post_type menu-item-object-page menu-item-2615\"><a href=\"https:\/\/wp.ufpel.edu.br\/cra\/medicina\/\">REVALIDA \u2013 Medicina<\/a><\/li>\n<\/ul>\n<\/li>\n<li id=\"menu-item-2616\" class=\"menu-item menu-item-type-post_type menu-item-object-page menu-item-2616\"><a href=\"https:\/\/wp.ufpel.edu.br\/cra\/revisao-de-desempenho\/\">Revis\u00e3o de desempenho<\/a><\/li>\n<li id=\"menu-item-2617\" class=\"menu-item menu-item-type-post_type menu-item-object-page menu-item-2617\"><a href=\"https:\/\/wp.ufpel.edu.br\/cra\/taxas-academicas\/\">Taxas Acad\u00eamicas<\/a><\/li>\n<li id=\"menu-item-2618\" class=\"menu-item menu-item-type-post_type menu-item-object-page menu-item-2618\"><a href=\"https:\/\/wp.ufpel.edu.br\/cra\/trancamentos\/\">Trancamento de matr\u00edcula<\/a><\/li>\n<li id=\"menu-item-2619\" class=\"menu-item menu-item-type-post_type menu-item-object-page menu-item-2619\"><a href=\"https:\/\/wp.ufpel.edu.br\/cra\/transito-de-notas\/\">Tr\u00e2nsito de rendimento acad\u00eamico<\/a><\/li>\n<li id=\"menu-item-2620\" class=\"menu-item menu-item-type-post_type menu-item-object-page menu-item-2620\"><a href=\"https:\/\/wp.ufpel.edu.br\/cra\/troca-de-polo-ead\/\">Troca de polo (EAD)<\/a><\/li>\n<\/ul>\n","protected":false},"excerpt":{"rendered":"<p>No menu &#8220;Procedimentos e Formul\u00e1rios&#8221; voc\u00ea encontrar\u00e1 as informa\u00e7\u00f5es mais solicitadas ao colegiado. No entanto, abaixo segue o link direcionado com informa\u00e7\u00f5es gerais aos alunos que est\u00e3o dispon\u00edveis na p\u00e1gina do CRA: Aproveitamento de estudos Aproveitamento por extraordin\u00e1rio conhecimento (Prova de Profici\u00eancia) Atestado de matr\u00edcula Avalia\u00e7\u00e3o \u2013 segunda chamada Cancelamento de matr\u00edcula Carteira estudantil Certificado [&hellip;]<\/p>\n","protected":false},"author":977,"featured_media":0,"parent":0,"menu_order":4,"comment_status":"closed","ping_status":"closed","template":"","meta":{"jetpack_post_was_ever_published":false,"footnotes":""},"class_list":["post-26","page","type-page","status-publish","hentry"],"jetpack_sharing_enabled":true,"_links":{"self":[{"href":"https:\/\/wp.ufpel.edu.br\/artesvisuaislic\/wp-json\/wp\/v2\/pages\/26","targetHints":{"allow":["GET"]}}],"collection":[{"href":"https:\/\/wp.ufpel.edu.br\/artesvisuaislic\/wp-json\/wp\/v2\/pages"}],"about":[{"href":"https:\/\/wp.ufpel.edu.br\/artesvisuaislic\/wp-json\/wp\/v2\/types\/page"}],"author":[{"embeddable":true,"href":"https:\/\/wp.ufpel.edu.br\/artesvisuaislic\/wp-json\/wp\/v2\/users\/977"}],"replies":[{"embeddable":true,"href":"https:\/\/wp.ufpel.edu.br\/artesvisuaislic\/wp-json\/wp\/v2\/comments?post=26"}],"version-history":[{"count":5,"href":"https:\/\/wp.ufpel.edu.br\/artesvisuaislic\/wp-json\/wp\/v2\/pages\/26\/revisions"}],"predecessor-version":[{"id":515,"href":"https:\/\/wp.ufpel.edu.br\/artesvisuaislic\/wp-json\/wp\/v2\/pages\/26\/revisions\/515"}],"wp:attachment":[{"href":"https:\/\/wp.ufpel.edu.br\/artesvisuaislic\/wp-json\/wp\/v2\/media?parent=26"}],"curies":[{"name":"wp","href":"https:\/\/api.w.org\/{rel}","templated":true}]}}