{"id":42,"date":"2021-03-18T17:26:41","date_gmt":"2021-03-18T20:26:41","guid":{"rendered":"https:\/\/wp.ufpel.edu.br\/artesvisuaisbach\/?page_id=42"},"modified":"2024-10-30T10:34:55","modified_gmt":"2024-10-30T13:34:55","slug":"matriz-curricular","status":"publish","type":"page","link":"https:\/\/wp.ufpel.edu.br\/artesvisuaisbach\/curso\/matriz-curricular\/","title":{"rendered":"Matriz Curricular"},"content":{"rendered":"<p><a href=\"https:\/\/wp.ufpel.edu.br\/artesvisuaisbach\/files\/2024\/10\/BACHARELADO_curriculo_curso_novo210h.pdf\">BACHARELADO_curriculo_curso<\/a><\/p>\n<p>Conhe\u00e7a a Matriz Curricular do curso:<\/p>\n<table class=\"dados-cobalto tabela-disciplinas\"><tr><th colspan=\"5\" class=\"tabela-quebra\">1\u00ba Semestre<\/th><\/tr><tr><th>C\u00f3digo<\/th><th>Disciplina \/ Pr\u00e9-requisitos<\/th><th>Car\u00e1ter<\/th><th>Cr.<\/th><th>Horas<\/th><\/tr><tr><td>05000091<\/td><td><a href=\"https:\/\/institucional.ufpel.edu.br\/disciplinas\/id\/25543\" target=\"_blank\">ATELI\u00ca DE MATERIAIS EXPRESSIVOS<\/a><\/td><td>Obrigat\u00f3ria<\/td><td>4<\/td><td>60<\/td><\/tr><tr><td>05000076<\/td><td><a href=\"https:\/\/institucional.ufpel.edu.br\/disciplinas\/id\/25528\" target=\"_blank\">ATELI\u00ca DE PROCESSOS CRIATIVOS I<\/a><\/td><td>Obrigat\u00f3ria<\/td><td>4<\/td><td>60<\/td><\/tr><tr><td>05000015<\/td><td><a href=\"https:\/\/institucional.ufpel.edu.br\/disciplinas\/id\/25467\" target=\"_blank\">FUNDAMENTOS DA LINGUAGEM VISUAL I<\/a><\/td><td>Obrigat\u00f3ria<\/td><td>4<\/td><td>60<\/td><\/tr><tr><td>05000066<\/td><td><a href=\"https:\/\/institucional.ufpel.edu.br\/disciplinas\/id\/25518\" target=\"_blank\">FUNDAMENTOS DO DESENHO I<\/a><\/td><td>Obrigat\u00f3ria<\/td><td>4<\/td><td>60<\/td><\/tr><tr><td>05000678<\/td><td><a href=\"https:\/\/institucional.ufpel.edu.br\/disciplinas\/id\/26130\" target=\"_blank\">INTRODU\u00c7\u00c3O \u00c0 ARTE CONTEMPOR\u00c2NEA<\/a><\/td><td>Obrigat\u00f3ria<\/td><td>2<\/td><td>30<\/td><\/tr><tr><td>05000075<\/td><td><a href=\"https:\/\/institucional.ufpel.edu.br\/disciplinas\/id\/25527\" target=\"_blank\">INTRODU\u00c7\u00c3O \u00c0S ARTES VISUAIS<\/a><\/td><td>Obrigat\u00f3ria<\/td><td>2<\/td><td>30<\/td><\/tr><tr><td>20000268<\/td><td><a href=\"https:\/\/institucional.ufpel.edu.br\/disciplinas\/id\/28210\" target=\"_blank\">T\u00c9CNICAS DE LEITURA E PRODU\u00c7\u00c3O DE TEXTO<\/a><\/td><td>Obrigat\u00f3ria<\/td><td>2<\/td><td>30<\/td><\/tr><tr><td>05000608<\/td><td><a href=\"https:\/\/institucional.ufpel.edu.br\/disciplinas\/id\/26060\" target=\"_blank\">TEORIAS DA ARTE<\/a><\/td><td>Obrigat\u00f3ria<\/td><td>2<\/td><td>30<\/td><\/tr><tr><th colspan=\"5\" class=\"tabela-quebra\">2\u00ba Semestre<\/th><\/tr><tr><th>C\u00f3digo<\/th><th>Disciplina \/ Pr\u00e9-requisitos<\/th><th>Car\u00e1ter<\/th><th>Cr.<\/th><th>Horas<\/th><\/tr><tr><td>05000090<\/td><td><a href=\"https:\/\/institucional.ufpel.edu.br\/disciplinas\/id\/25542\" target=\"_blank\">ATELI\u00ca DE PROCESSOS CRIATIVOS II<\/a><div class=\"tabela-detalhe-info\">05000076 - ATELI\u00ca DE PROCESSOS CRIATIVOS I<\/div><\/td><td>Obrigat\u00f3ria<\/td><td>4<\/td><td>60<\/td><\/tr><tr><td>05000679<\/td><td><a href=\"https:\/\/institucional.ufpel.edu.br\/disciplinas\/id\/26131\" target=\"_blank\">FILOSOFIA DA ARTE E DA CULTURA<\/a><\/td><td>Obrigat\u00f3ria<\/td><td>2<\/td><td>30<\/td><\/tr><tr><td>05000017<\/td><td><a href=\"https:\/\/institucional.ufpel.edu.br\/disciplinas\/id\/25469\" target=\"_blank\">FUNDAMENTOS DA LINGUAGEM VISUAL II<\/a><div class=\"tabela-detalhe-info\">05000015 - FUNDAMENTOS DA LINGUAGEM VISUAL I<\/div><\/td><td>Obrigat\u00f3ria<\/td><td>4<\/td><td>60<\/td><\/tr><tr><td>05000070<\/td><td><a href=\"https:\/\/institucional.ufpel.edu.br\/disciplinas\/id\/25522\" target=\"_blank\">FUNDAMENTOS DO DESENHO II<\/a><div class=\"tabela-detalhe-info\">05000066 - FUNDAMENTOS DO DESENHO I<\/div><\/td><td>Obrigat\u00f3ria<\/td><td>4<\/td><td>60<\/td><\/tr><tr><td>05000670<\/td><td><a href=\"https:\/\/institucional.ufpel.edu.br\/disciplinas\/id\/26122\" target=\"_blank\">ICONOLOGIA DA ARTE I<\/a><\/td><td>Obrigat\u00f3ria<\/td><td>2<\/td><td>30<\/td><\/tr><tr><td>05000018<\/td><td><a href=\"https:\/\/institucional.ufpel.edu.br\/disciplinas\/id\/25470\" target=\"_blank\">PERCEP\u00c7\u00c3O TRIDIMENSIONAL<\/a><div class=\"tabela-detalhe-info\">05000015 - FUNDAMENTOS DA LINGUAGEM VISUAL I<\/div><\/td><td>Obrigat\u00f3ria<\/td><td>4<\/td><td>60<\/td><\/tr><tr><th colspan=\"5\" class=\"tabela-quebra\">3\u00ba Semestre<\/th><\/tr><tr><th>C\u00f3digo<\/th><th>Disciplina \/ Pr\u00e9-requisitos<\/th><th>Car\u00e1ter<\/th><th>Cr.<\/th><th>Horas<\/th><\/tr><tr><td>05000067<\/td><td><a href=\"https:\/\/institucional.ufpel.edu.br\/disciplinas\/id\/25519\" target=\"_blank\">DESENHO DA FIGURA HUMANA<\/a><div class=\"tabela-detalhe-info\">05000066 - FUNDAMENTOS DO DESENHO I<\/div><\/td><td>Obrigat\u00f3ria<\/td><td>4<\/td><td>60<\/td><\/tr><tr><td>05000674<\/td><td><a href=\"https:\/\/institucional.ufpel.edu.br\/disciplinas\/id\/26126\" target=\"_blank\">ICONOLOGIA DA ARTE II<\/a><div class=\"tabela-detalhe-info\">05000670 - ICONOLOGIA DA ARTE I<\/div><\/td><td>Obrigat\u00f3ria<\/td><td>2<\/td><td>30<\/td><\/tr><tr><td>05000021<\/td><td><a href=\"https:\/\/institucional.ufpel.edu.br\/disciplinas\/id\/25473\" target=\"_blank\">INTRODU\u00c7\u00c3O \u00c0 ESCULTURA<\/a><div class=\"tabela-detalhe-info\">05000018 - PERCEP\u00c7\u00c3O TRIDIMENSIONAL<\/div><\/td><td>Obrigat\u00f3ria<\/td><td>4<\/td><td>60<\/td><\/tr><tr><td>05000020<\/td><td><a href=\"https:\/\/institucional.ufpel.edu.br\/disciplinas\/id\/25472\" target=\"_blank\">INTRODU\u00c7\u00c3O \u00c0 GRAVURA<\/a><div class=\"tabela-detalhe-info\">05000017 - FUNDAMENTOS DA LINGUAGEM VISUAL II<\/div><\/td><td>Obrigat\u00f3ria<\/td><td>4<\/td><td>60<\/td><\/tr><tr><td>05000022<\/td><td><a href=\"https:\/\/institucional.ufpel.edu.br\/disciplinas\/id\/25474\" target=\"_blank\">INTRODU\u00c7\u00c3O \u00c0 PINTURA<\/a><div class=\"tabela-detalhe-info\">05000017 - FUNDAMENTOS DA LINGUAGEM VISUAL II<\/div><\/td><td>Obrigat\u00f3ria<\/td><td>4<\/td><td>60<\/td><\/tr><tr><td>05000117<\/td><td><a href=\"https:\/\/institucional.ufpel.edu.br\/disciplinas\/id\/25569\" target=\"_blank\">PRODU\u00c7\u00c3O TEXTUAL EM ARTES<\/a><div class=\"tabela-detalhe-info\">20000268 - T\u00c9CNICAS DE LEITURA E PRODU\u00c7\u00c3O DE TEXTO<\/div><\/td><td>Obrigat\u00f3ria<\/td><td>2<\/td><td>30<\/td><\/tr><tr><th colspan=\"5\" class=\"tabela-quebra\">4\u00ba Semestre<\/th><\/tr><tr><th>C\u00f3digo<\/th><th>Disciplina \/ Pr\u00e9-requisitos<\/th><th>Car\u00e1ter<\/th><th>Cr.<\/th><th>Horas<\/th><\/tr><tr><td>05000077<\/td><td><a href=\"https:\/\/institucional.ufpel.edu.br\/disciplinas\/id\/25529\" target=\"_blank\">INTRODU\u00c7\u00c3O \u00c0 FOTOGRAFIA<\/a><\/td><td>Obrigat\u00f3ria<\/td><td>4<\/td><td>60<\/td><\/tr><tr><td>05000089<\/td><td><a href=\"https:\/\/institucional.ufpel.edu.br\/disciplinas\/id\/25541\" target=\"_blank\">SEMI\u00d3TICA<\/a><\/td><td>Obrigat\u00f3ria<\/td><td>2<\/td><td>30<\/td><\/tr><tr><th colspan=\"5\" class=\"tabela-quebra\">5\u00ba Semestre<\/th><\/tr><tr><th>C\u00f3digo<\/th><th>Disciplina \/ Pr\u00e9-requisitos<\/th><th>Car\u00e1ter<\/th><th>Cr.<\/th><th>Horas<\/th><\/tr><tr><td>05000043<\/td><td><a href=\"https:\/\/institucional.ufpel.edu.br\/disciplinas\/id\/25495\" target=\"_blank\">AN\u00c1LISE DA PRODU\u00c7\u00c3O ART\u00cdSTICA<\/a><\/td><td>Obrigat\u00f3ria<\/td><td>4<\/td><td>60<\/td><\/tr><tr><th colspan=\"5\" class=\"tabela-quebra\">6\u00ba Semestre<\/th><\/tr><tr><th>C\u00f3digo<\/th><th>Disciplina \/ Pr\u00e9-requisitos<\/th><th>Car\u00e1ter<\/th><th>Cr.<\/th><th>Horas<\/th><\/tr><tr><td>05001854<\/td><td><a href=\"https:\/\/institucional.ufpel.edu.br\/disciplinas\/id\/45584\" target=\"_blank\">METODOLOGIAS DA PESQUISA EM ARTES<\/a><\/td><td>Obrigat\u00f3ria<\/td><td>2<\/td><td>30<\/td><\/tr><tr><th colspan=\"5\" class=\"tabela-quebra\">7\u00ba Semestre<\/th><\/tr><tr><th>C\u00f3digo<\/th><th>Disciplina \/ Pr\u00e9-requisitos<\/th><th>Car\u00e1ter<\/th><th>Cr.<\/th><th>Horas<\/th><\/tr><tr><td>05000130<\/td><td><a href=\"https:\/\/institucional.ufpel.edu.br\/disciplinas\/id\/25582\" target=\"_blank\">PR\u00c1TICA PROFISSIONAL I<\/a><div class=\"tabela-detalhe-info\">M\u00ednimo de 2040 hras<\/div><\/td><td>Obrigat\u00f3ria<\/td><td>2<\/td><td>30<\/td><\/tr><tr><td>05001855<\/td><td><a href=\"https:\/\/institucional.ufpel.edu.br\/disciplinas\/id\/45588\" target=\"_blank\">TRABALHO DE CONCLUS\u00c3O DE CURSO I<\/a><div class=\"tabela-detalhe-info\">M\u00ednimo de 2040 hras<\/div><\/td><td>Obrigat\u00f3ria<\/td><td>12<\/td><td>180<\/td><\/tr><tr><th colspan=\"5\" class=\"tabela-quebra\">8\u00ba Semestre<\/th><\/tr><tr><th>C\u00f3digo<\/th><th>Disciplina \/ Pr\u00e9-requisitos<\/th><th>Car\u00e1ter<\/th><th>Cr.<\/th><th>Horas<\/th><\/tr><tr><td>05000131<\/td><td><a href=\"https:\/\/institucional.ufpel.edu.br\/disciplinas\/id\/25583\" target=\"_blank\">PR\u00c1TICA PROFISSIONAL II<\/a><div class=\"tabela-detalhe-info\">05000130 - PR\u00c1TICA PROFISSIONAL I<\/div><\/td><td>Obrigat\u00f3ria<\/td><td>2<\/td><td>30<\/td><\/tr><tr><td>05001856<\/td><td><a href=\"https:\/\/institucional.ufpel.edu.br\/disciplinas\/id\/45589\" target=\"_blank\">TRABALHO DE CONCLUS\u00c3O DE CURSO II<\/a><div class=\"tabela-detalhe-info\">M\u00ednimo de 2040 hras<\/div><\/td><td>Obrigat\u00f3ria<\/td><td>12<\/td><td>180<\/td><\/tr><tr><th colspan=\"5\" class=\"tabela-quebra\">66<\/th><\/tr><tr><th>C\u00f3digo<\/th><th>Disciplina \/ Pr\u00e9-requisitos<\/th><th>Car\u00e1ter<\/th><th>Cr.<\/th><th>Horas<\/th><\/tr><tr><td>05000078<\/td><td><a href=\"https:\/\/institucional.ufpel.edu.br\/disciplinas\/id\/25530\" target=\"_blank\">ATELI\u00ca LIVRE I<\/a><\/td><td>Obrigat\u00f3ria<\/td><td>4<\/td><td>60<\/td><\/tr><tr><td>05000098<\/td><td><a href=\"https:\/\/institucional.ufpel.edu.br\/disciplinas\/id\/25550\" target=\"_blank\">ATELI\u00ca LIVRE II<\/a><\/td><td>Obrigat\u00f3ria<\/td><td>4<\/td><td>60<\/td><\/tr><tr><td>05000133<\/td><td><a href=\"https:\/\/institucional.ufpel.edu.br\/disciplinas\/id\/25585\" target=\"_blank\">ATELI\u00ca LIVRE III<\/a><\/td><td>Obrigat\u00f3ria<\/td><td>4<\/td><td>60<\/td><\/tr><tr><th colspan=\"5\" class=\"tabela-quebra\">COMPLEMENTARES<\/th><\/tr><tr><th>C\u00f3digo<\/th><th>Disciplina \/ Pr\u00e9-requisitos<\/th><th>Car\u00e1ter<\/th><th>Cr.<\/th><th>Horas<\/th><\/tr><tr><td>05001857<\/td><td><a href=\"https:\/\/institucional.ufpel.edu.br\/disciplinas\/id\/45590\" target=\"_blank\">ATIVIDADES COMPLEMENTARES<\/a><\/td><td>Atividade complementar<\/td><td><\/td><td>210<\/td><\/tr><tr><th colspan=\"5\" class=\"tabela-quebra\">OPTATIVAS<\/th><\/tr><tr><th>C\u00f3digo<\/th><th>Disciplina \/ Pr\u00e9-requisitos<\/th><th>Car\u00e1ter<\/th><th>Cr.<\/th><th>Horas<\/th><\/tr><tr><td>05000612<\/td><td><a href=\"https:\/\/institucional.ufpel.edu.br\/disciplinas\/id\/26064\" target=\"_blank\">ARTE CONTEMPOR\u00c2NEA<\/a><div class=\"tabela-detalhe-info\">05000609 - HIST\u00d3RIA DA ARTE BRASILEIRA I<\/div><\/td><td>Optativa<\/td><td>2<\/td><td>30<\/td><\/tr><tr><td>05000127<\/td><td><a href=\"https:\/\/institucional.ufpel.edu.br\/disciplinas\/id\/25579\" target=\"_blank\">ATELI\u00ca DE ARTE PROPOSITIVA<\/a><\/td><td>Optativa<\/td><td>4<\/td><td>60<\/td><\/tr><tr><td>05000083<\/td><td><a href=\"https:\/\/institucional.ufpel.edu.br\/disciplinas\/id\/25535\" target=\"_blank\">ATELI\u00ca DE ARTES DO V\u00cdDEO<\/a><\/td><td>Optativa<\/td><td>4<\/td><td>60<\/td><\/tr><tr><td>05000125<\/td><td><a href=\"https:\/\/institucional.ufpel.edu.br\/disciplinas\/id\/25577\" target=\"_blank\">ATELI\u00ca DE ARTE T\u00caXTIL I<\/a><\/td><td>Optativa<\/td><td>4<\/td><td>60<\/td><\/tr><tr><td>05000126<\/td><td><a href=\"https:\/\/institucional.ufpel.edu.br\/disciplinas\/id\/25578\" target=\"_blank\">ATELI\u00ca DE ARTE T\u00caXTIL II<\/a><div class=\"tabela-detalhe-info\">05000125 - ATELI\u00ca DE ARTE T\u00caXTIL I<\/div><\/td><td>Optativa<\/td><td>4<\/td><td>60<\/td><\/tr><tr><td>05000081<\/td><td><a href=\"https:\/\/institucional.ufpel.edu.br\/disciplinas\/id\/25533\" target=\"_blank\">ATELI\u00ca DE CER\u00c2MICA I<\/a><div class=\"tabela-detalhe-info\">05000018 - PERCEP\u00c7\u00c3O TRIDIMENSIONAL<\/div><\/td><td>Optativa<\/td><td>4<\/td><td>60<\/td><\/tr><tr><td>05000095<\/td><td><a href=\"https:\/\/institucional.ufpel.edu.br\/disciplinas\/id\/25547\" target=\"_blank\">ATELI\u00ca DE CER\u00c2MICA II<\/a><div class=\"tabela-detalhe-info\">05000081 - ATELI\u00ca DE CER\u00c2MICA I<\/div><\/td><td>Optativa<\/td><td>4<\/td><td>60<\/td><\/tr><tr><td>05000120<\/td><td><a href=\"https:\/\/institucional.ufpel.edu.br\/disciplinas\/id\/25572\" target=\"_blank\">ATELI\u00ca DE CER\u00c2MICA III<\/a><div class=\"tabela-detalhe-info\">05000095 - ATELI\u00ca DE CER\u00c2MICA II<\/div><\/td><td>Optativa<\/td><td>4<\/td><td>60<\/td><\/tr><tr><td>05000092<\/td><td><a href=\"https:\/\/institucional.ufpel.edu.br\/disciplinas\/id\/25544\" target=\"_blank\">ATELI\u00ca DE DESENHO I<\/a><div class=\"tabela-detalhe-info\">05000067 - DESENHO DA FIGURA HUMANA<\/div><\/td><td>Optativa<\/td><td>4<\/td><td>60<\/td><\/tr><tr><td>05000100<\/td><td><a href=\"https:\/\/institucional.ufpel.edu.br\/disciplinas\/id\/25552\" target=\"_blank\">ATELI\u00ca DE DESENHO II<\/a><div class=\"tabela-detalhe-info\">05000092 - ATELI\u00ca DE DESENHO I<\/div><\/td><td>Optativa<\/td><td>4<\/td><td>60<\/td><\/tr><tr><td>05000122<\/td><td><a href=\"https:\/\/institucional.ufpel.edu.br\/disciplinas\/id\/25574\" target=\"_blank\">ATELI\u00ca DE DESENHO III<\/a><div class=\"tabela-detalhe-info\">05000100 - ATELI\u00ca DE DESENHO II<\/div><\/td><td>Optativa<\/td><td>4<\/td><td>60<\/td><\/tr><tr><td>05000080<\/td><td><a href=\"https:\/\/institucional.ufpel.edu.br\/disciplinas\/id\/25532\" target=\"_blank\">ATELI\u00ca DE ESCULTURA I<\/a><div class=\"tabela-detalhe-info\">05000021 - INTRODU\u00c7\u00c3O \u00c0 ESCULTURA<\/div><\/td><td>Optativa<\/td><td>4<\/td><td>60<\/td><\/tr><tr><td>05000102<\/td><td><a href=\"https:\/\/institucional.ufpel.edu.br\/disciplinas\/id\/25554\" target=\"_blank\">ATELI\u00ca DE ESCULTURA II<\/a><div class=\"tabela-detalhe-info\">05000080 - ATELI\u00ca DE ESCULTURA I<\/div><\/td><td>Optativa<\/td><td>4<\/td><td>60<\/td><\/tr><tr><td>05000119<\/td><td><a href=\"https:\/\/institucional.ufpel.edu.br\/disciplinas\/id\/25571\" target=\"_blank\">ATELI\u00ca DE ESCULTURA III<\/a><div class=\"tabela-detalhe-info\">05000102 - ATELI\u00ca DE ESCULTURA II<\/div><\/td><td>Optativa<\/td><td>4<\/td><td>60<\/td><\/tr><tr><td>05000082<\/td><td><a href=\"https:\/\/institucional.ufpel.edu.br\/disciplinas\/id\/25534\" target=\"_blank\">ATELI\u00ca DE GRAVURA I<\/a><div class=\"tabela-detalhe-info\">05000020 - INTRODU\u00c7\u00c3O \u00c0 GRAVURA<\/div><\/td><td>Optativa<\/td><td>4<\/td><td>60<\/td><\/tr><tr><td>05000096<\/td><td><a href=\"https:\/\/institucional.ufpel.edu.br\/disciplinas\/id\/25548\" target=\"_blank\">ATELI\u00ca DE GRAVURA II<\/a><div class=\"tabela-detalhe-info\">05000082 - ATELI\u00ca DE GRAVURA I<\/div><\/td><td>Optativa<\/td><td>4<\/td><td>60<\/td><\/tr><tr><td>05000121<\/td><td><a href=\"https:\/\/institucional.ufpel.edu.br\/disciplinas\/id\/25573\" target=\"_blank\">ATELI\u00ca DE GRAVURA III<\/a><div class=\"tabela-detalhe-info\">05000096 - ATELI\u00ca DE GRAVURA II<\/div><\/td><td>Optativa<\/td><td>4<\/td><td>60<\/td><\/tr><tr><td>05000124<\/td><td><a href=\"https:\/\/institucional.ufpel.edu.br\/disciplinas\/id\/25576\" target=\"_blank\">ATELI\u00ca DE PERFORMANCE<\/a><\/td><td>Optativa<\/td><td>4<\/td><td>60<\/td><\/tr><tr><td>05000079<\/td><td><a href=\"https:\/\/institucional.ufpel.edu.br\/disciplinas\/id\/25531\" target=\"_blank\">ATELI\u00ca DE PINTURA I<\/a><div class=\"tabela-detalhe-info\">05000022 - INTRODU\u00c7\u00c3O \u00c0 PINTURA<\/div><\/td><td>Optativa<\/td><td>4<\/td><td>60<\/td><\/tr><tr><td>05000101<\/td><td><a href=\"https:\/\/institucional.ufpel.edu.br\/disciplinas\/id\/25553\" target=\"_blank\">ATELI\u00ca DE PINTURA II<\/a><div class=\"tabela-detalhe-info\">05000079 - ATELI\u00ca DE PINTURA I<\/div><\/td><td>Optativa<\/td><td>4<\/td><td>60<\/td><\/tr><tr><td>05000118<\/td><td><a href=\"https:\/\/institucional.ufpel.edu.br\/disciplinas\/id\/25570\" target=\"_blank\">ATELI\u00ca DE PINTURA III<\/a><div class=\"tabela-detalhe-info\">05000082 - ATELI\u00ca DE GRAVURA I<\/div><\/td><td>Optativa<\/td><td>4<\/td><td>60<\/td><\/tr><tr><td>05000034<\/td><td><a href=\"https:\/\/institucional.ufpel.edu.br\/disciplinas\/id\/25486\" target=\"_blank\">CINEMA<\/a><\/td><td>Optativa<\/td><td>4<\/td><td>60<\/td><\/tr><tr><td>05000029<\/td><td><a href=\"https:\/\/institucional.ufpel.edu.br\/disciplinas\/id\/25481\" target=\"_blank\">CINEMA E ARTES VISUAIS<\/a><div class=\"tabela-detalhe-info\">05000034 - CINEMA<\/div><\/td><td>Optativa<\/td><td>2<\/td><td>30<\/td><\/tr><tr><td>05000614<\/td><td><a href=\"https:\/\/institucional.ufpel.edu.br\/disciplinas\/id\/26066\" target=\"_blank\">CULTURA BRASILEIRA<\/a><\/td><td>Optativa<\/td><td>2<\/td><td>30<\/td><\/tr><tr><td>05000617<\/td><td><a href=\"https:\/\/institucional.ufpel.edu.br\/disciplinas\/id\/26069\" target=\"_blank\">FILOSOFIA DA ARTE II<\/a><\/td><td>Optativa<\/td><td>2<\/td><td>30<\/td><\/tr><tr><td>05000618<\/td><td><a href=\"https:\/\/institucional.ufpel.edu.br\/disciplinas\/id\/26070\" target=\"_blank\">FILOSOFIA DA ARTE III<\/a><\/td><td>Optativa<\/td><td>2<\/td><td>30<\/td><\/tr><tr><td>05000675<\/td><td><a href=\"https:\/\/institucional.ufpel.edu.br\/disciplinas\/id\/26127\" target=\"_blank\">FUNDAMENTOS DA COMUNICA\u00c7\u00c3O<\/a><\/td><td>Optativa<\/td><td>2<\/td><td>30<\/td><\/tr><tr><td>05000609<\/td><td><a href=\"https:\/\/institucional.ufpel.edu.br\/disciplinas\/id\/26061\" target=\"_blank\">HIST\u00d3RIA DA ARTE BRASILEIRA I<\/a><\/td><td>Optativa<\/td><td>2<\/td><td>30<\/td><\/tr><tr><td>05000611<\/td><td><a href=\"https:\/\/institucional.ufpel.edu.br\/disciplinas\/id\/26063\" target=\"_blank\">HIST\u00d3RIA DA ARTE BRASILEIRA II<\/a><\/td><td>Optativa<\/td><td>2<\/td><td>30<\/td><\/tr><tr><td>05000620<\/td><td><a href=\"https:\/\/institucional.ufpel.edu.br\/disciplinas\/id\/26072\" target=\"_blank\">HIST\u00d3RIA DA ARTE I<\/a><\/td><td>Optativa<\/td><td>2<\/td><td>30<\/td><\/tr><tr><td>05000621<\/td><td><a href=\"https:\/\/institucional.ufpel.edu.br\/disciplinas\/id\/26073\" target=\"_blank\">HIST\u00d3RIA DA ARTE II<\/a><\/td><td>Optativa<\/td><td>2<\/td><td>30<\/td><\/tr><tr><td>05000623<\/td><td><a href=\"https:\/\/institucional.ufpel.edu.br\/disciplinas\/id\/26075\" target=\"_blank\">HIST\u00d3RIA DA ARTE III<\/a><\/td><td>Optativa<\/td><td>2<\/td><td>30<\/td><\/tr><tr><td>05000624<\/td><td><a href=\"https:\/\/institucional.ufpel.edu.br\/disciplinas\/id\/26076\" target=\"_blank\">HIST\u00d3RIA DA ARTE IV<\/a><\/td><td>Optativa<\/td><td>4<\/td><td>60<\/td><\/tr><tr><td>05000026<\/td><td><a href=\"https:\/\/institucional.ufpel.edu.br\/disciplinas\/id\/25478\" target=\"_blank\">HIST\u00d3RIA EM QUADRINHOS<\/a><\/td><td>Optativa<\/td><td>4<\/td><td>60<\/td><\/tr><tr><td>05000123<\/td><td><a href=\"https:\/\/institucional.ufpel.edu.br\/disciplinas\/id\/25575\" target=\"_blank\">INSTALA\u00c7\u00c3O E SITE SPECIFIC<\/a><\/td><td>Optativa<\/td><td>4<\/td><td>60<\/td><\/tr><tr><td>05000042<\/td><td><a href=\"https:\/\/institucional.ufpel.edu.br\/disciplinas\/id\/25494\" target=\"_blank\">JOGOS E BRINQUEDOS<\/a><div class=\"tabela-detalhe-info\">05000018 - PERCEP\u00c7\u00c3O TRIDIMENSIONAL<\/div><\/td><td>Optativa<\/td><td>4<\/td><td>60<\/td><\/tr><tr><td>05000093<\/td><td><a href=\"https:\/\/institucional.ufpel.edu.br\/disciplinas\/id\/25545\" target=\"_blank\">LABORAT\u00d3RIO DE ARTE E DESIGN <\/a><\/td><td>Optativa<\/td><td>4<\/td><td>60<\/td><\/tr><tr><td>05000099<\/td><td><a href=\"https:\/\/institucional.ufpel.edu.br\/disciplinas\/id\/25551\" target=\"_blank\">LABORAT\u00d3RIO DE ARTE E TECNOLOGIA I<\/a><div class=\"tabela-detalhe-info\">05000093 - LABORAT\u00d3RIO DE ARTE E DESIGN <\/div><\/td><td>Optativa<\/td><td>4<\/td><td>60<\/td><\/tr><tr><td>05000094<\/td><td><a href=\"https:\/\/institucional.ufpel.edu.br\/disciplinas\/id\/25546\" target=\"_blank\">LABORAT\u00d3RIO EM FOTOGRAFIA I<\/a><div class=\"tabela-detalhe-info\">05000077 - INTRODU\u00c7\u00c3O \u00c0 FOTOGRAFIA<\/div><\/td><td>Optativa<\/td><td>4<\/td><td>60<\/td><\/tr><tr><td>05000106<\/td><td><a href=\"https:\/\/institucional.ufpel.edu.br\/disciplinas\/id\/25558\" target=\"_blank\">LABORAT\u00d3RIO EM FOTOGRAFIA II<\/a><div class=\"tabela-detalhe-info\">05000094 - LABORAT\u00d3RIO EM FOTOGRAFIA I<\/div><\/td><td>Optativa<\/td><td>4<\/td><td>60<\/td><\/tr><tr><td>20000084<\/td><td><a href=\"https:\/\/institucional.ufpel.edu.br\/disciplinas\/id\/28026\" target=\"_blank\">L\u00cdNGUA BRASILEIRA DE SINAIS I ( LIBRAS I )<\/a><\/td><td>Optativa<\/td><td>4<\/td><td>60<\/td><\/tr><tr><td>05000028<\/td><td><a href=\"https:\/\/institucional.ufpel.edu.br\/disciplinas\/id\/25480\" target=\"_blank\">PRINC\u00cdPIOS PRESERV.BENS ART.E CULTURAIS<\/a><div class=\"tabela-detalhe-info\">05000091 - ATELI\u00ca DE MATERIAIS EXPRESSIVOS<\/div><\/td><td>Optativa<\/td><td>4<\/td><td>60<\/td><\/tr><tr><td>05000708<\/td><td><a href=\"https:\/\/institucional.ufpel.edu.br\/disciplinas\/id\/26160\" target=\"_blank\">PRODU\u00c7\u00c3O CULTURAL<\/a><\/td><td>Optativa<\/td><td>4<\/td><td>60<\/td><\/tr><tr><td>05000709<\/td><td><a href=\"https:\/\/institucional.ufpel.edu.br\/disciplinas\/id\/26161\" target=\"_blank\">REPRESENTA\u00c7\u00c3O GR\u00c1FICA E DIGITAL I<\/a><\/td><td>Optativa<\/td><td>4<\/td><td>60<\/td><\/tr><tr><td>05000710<\/td><td><a href=\"https:\/\/institucional.ufpel.edu.br\/disciplinas\/id\/26162\" target=\"_blank\">REPRESENTA\u00c7\u00c3O GR\u00c1FICA E DIGITAL II<\/a><div class=\"tabela-detalhe-info\">05000709 - REPRESENTA\u00c7\u00c3O GR\u00c1FICA E DIGITAL I<\/div><\/td><td>Optativa<\/td><td>4<\/td><td>60<\/td><\/tr><tr><td>05000128<\/td><td><a href=\"https:\/\/institucional.ufpel.edu.br\/disciplinas\/id\/25580\" target=\"_blank\">SEMIN\u00c1RIO DE T\u00d3PICOS ESPECIAIS<\/a><\/td><td>Optativa<\/td><td>4<\/td><td>60<\/td><\/tr><tr><td>05000024<\/td><td><a href=\"https:\/\/institucional.ufpel.edu.br\/disciplinas\/id\/25476\" target=\"_blank\">SERIGRAFIA I<\/a><div class=\"tabela-detalhe-info\">05000020 - INTRODU\u00c7\u00c3O \u00c0 GRAVURA<\/div><\/td><td>Optativa<\/td><td>4<\/td><td>60<\/td><\/tr><tr><td>05000025<\/td><td><a href=\"https:\/\/institucional.ufpel.edu.br\/disciplinas\/id\/25477\" target=\"_blank\">SERIGRAFIA II<\/a><div class=\"tabela-detalhe-info\">05000024 - SERIGRAFIA I<\/div><\/td><td>Optativa<\/td><td>4<\/td><td>60<\/td><\/tr><tr><td>05000616<\/td><td><a href=\"https:\/\/institucional.ufpel.edu.br\/disciplinas\/id\/26068\" target=\"_blank\">TEORIA DAS IMAGENS T\u00c9CNICAS<\/a><div class=\"tabela-detalhe-info\">05000017 - FUNDAMENTOS DA LINGUAGEM VISUAL II<\/div><\/td><td>Optativa<\/td><td>2<\/td><td>30<\/td><\/tr><tr><td>05000613<\/td><td><a href=\"https:\/\/institucional.ufpel.edu.br\/disciplinas\/id\/26065\" target=\"_blank\">TEORIA E CR\u00cdTICA DA ARTE<\/a><\/td><td>Optativa<\/td><td>3<\/td><td>45<\/td><\/tr><tr><td>05000619<\/td><td><a href=\"https:\/\/institucional.ufpel.edu.br\/disciplinas\/id\/26071\" target=\"_blank\">VANGUARDAS ART\u00cdSTICAS<\/a><\/td><td>Optativa<\/td><td>2<\/td><td>30<\/td><\/tr><tr><th colspan=\"5\" class=\"tabela-quebra\">99<\/th><\/tr><tr><th>C\u00f3digo<\/th><th>Disciplina \/ Pr\u00e9-requisitos<\/th><th>Car\u00e1ter<\/th><th>Cr.<\/th><th>Horas<\/th><\/tr><tr><td>05001158<\/td><td><a href=\"https:\/\/institucional.ufpel.edu.br\/disciplinas\/id\/35205\" target=\"_blank\">ARTE E G\u00caNERO<\/a><\/td><td>Optativa<\/td><td>4<\/td><td>60<\/td><\/tr><tr><td>05001159<\/td><td><a href=\"https:\/\/institucional.ufpel.edu.br\/disciplinas\/id\/35206\" target=\"_blank\">SEMIN\u00c1RIO DE T\u00d3PICOS ESPECIAIS II<\/a><\/td><td>Optativa<\/td><td>4<\/td><td>60<\/td><\/tr><tr><td>05001160<\/td><td><a href=\"https:\/\/institucional.ufpel.edu.br\/disciplinas\/id\/35207\" target=\"_blank\">SEMIN\u00c1RIO DE T\u00d3PICOS ESPECIAIS III<\/a><\/td><td>Optativa<\/td><td>4<\/td><td>60<\/td><\/tr><\/table>\n<p>&nbsp;<\/p>\n","protected":false},"excerpt":{"rendered":"<p>BACHARELADO_curriculo_curso Conhe\u00e7a a Matriz Curricular do curso: &nbsp;<\/p>\n","protected":false},"author":1094,"featured_media":0,"parent":8,"menu_order":0,"comment_status":"closed","ping_status":"closed","template":"","meta":{"jetpack_post_was_ever_published":false,"footnotes":""},"class_list":["post-42","page","type-page","status-publish","hentry"],"jetpack_sharing_enabled":true,"_links":{"self":[{"href":"https:\/\/wp.ufpel.edu.br\/artesvisuaisbach\/wp-json\/wp\/v2\/pages\/42","targetHints":{"allow":["GET"]}}],"collection":[{"href":"https:\/\/wp.ufpel.edu.br\/artesvisuaisbach\/wp-json\/wp\/v2\/pages"}],"about":[{"href":"https:\/\/wp.ufpel.edu.br\/artesvisuaisbach\/wp-json\/wp\/v2\/types\/page"}],"author":[{"embeddable":true,"href":"https:\/\/wp.ufpel.edu.br\/artesvisuaisbach\/wp-json\/wp\/v2\/users\/1094"}],"replies":[{"embeddable":true,"href":"https:\/\/wp.ufpel.edu.br\/artesvisuaisbach\/wp-json\/wp\/v2\/comments?post=42"}],"version-history":[{"count":5,"href":"https:\/\/wp.ufpel.edu.br\/artesvisuaisbach\/wp-json\/wp\/v2\/pages\/42\/revisions"}],"predecessor-version":[{"id":684,"href":"https:\/\/wp.ufpel.edu.br\/artesvisuaisbach\/wp-json\/wp\/v2\/pages\/42\/revisions\/684"}],"up":[{"embeddable":true,"href":"https:\/\/wp.ufpel.edu.br\/artesvisuaisbach\/wp-json\/wp\/v2\/pages\/8"}],"wp:attachment":[{"href":"https:\/\/wp.ufpel.edu.br\/artesvisuaisbach\/wp-json\/wp\/v2\/media?parent=42"}],"curies":[{"name":"wp","href":"https:\/\/api.w.org\/{rel}","templated":true}]}}