{"id":39,"date":"2021-03-18T17:26:20","date_gmt":"2021-03-18T20:26:20","guid":{"rendered":"https:\/\/wp.ufpel.edu.br\/artesvisuaisbach\/?page_id=39"},"modified":"2023-08-31T17:45:37","modified_gmt":"2023-08-31T20:45:37","slug":"projeto-pedagogico","status":"publish","type":"page","link":"https:\/\/wp.ufpel.edu.br\/artesvisuaisbach\/curso\/projeto-pedagogico\/","title":{"rendered":"Projeto Pedag\u00f3gico"},"content":{"rendered":"<p><strong>O que \u00e9?<\/strong><\/p>\n<p>O Projeto Pedag\u00f3gico do curso (PPC) \u00e9 o documento que se caracteriza como um instrumento de gest\u00e3o em prol da forma\u00e7\u00e3o profissional e cidad\u00e3 dos estudantes, devendo explicitar esta forma\u00e7\u00e3o em suas dimens\u00f5es did\u00e1tico-pedag\u00f3gica e administrativa. O PPC \u00e9 o documento legal institucional que possibilita a organiza\u00e7\u00e3o e registros dos cursos de gradua\u00e7\u00e3o da UFPel.<\/p>\n<p><a href=\"https:\/\/wp.ufpel.edu.br\/artesvisuaisbach\/files\/2023\/08\/PROJETO_PEDAGOGICO_DO_CURSO___AJUSTES__BAV_18082023.pdf\">Projeto Pedag\u00f3gico do Curso<\/a><\/p>\n","protected":false},"excerpt":{"rendered":"<p>O que \u00e9? O Projeto Pedag\u00f3gico do curso (PPC) \u00e9 o documento que se caracteriza como um instrumento de gest\u00e3o em prol da forma\u00e7\u00e3o profissional e cidad\u00e3 dos estudantes, devendo explicitar esta forma\u00e7\u00e3o em suas dimens\u00f5es did\u00e1tico-pedag\u00f3gica e administrativa. O PPC \u00e9 o documento legal institucional que possibilita a organiza\u00e7\u00e3o e registros dos cursos de [&hellip;]<\/p>\n","protected":false},"author":1094,"featured_media":0,"parent":8,"menu_order":0,"comment_status":"closed","ping_status":"closed","template":"","meta":{"jetpack_post_was_ever_published":false,"footnotes":""},"class_list":["post-39","page","type-page","status-publish","hentry"],"jetpack_sharing_enabled":true,"_links":{"self":[{"href":"https:\/\/wp.ufpel.edu.br\/artesvisuaisbach\/wp-json\/wp\/v2\/pages\/39","targetHints":{"allow":["GET"]}}],"collection":[{"href":"https:\/\/wp.ufpel.edu.br\/artesvisuaisbach\/wp-json\/wp\/v2\/pages"}],"about":[{"href":"https:\/\/wp.ufpel.edu.br\/artesvisuaisbach\/wp-json\/wp\/v2\/types\/page"}],"author":[{"embeddable":true,"href":"https:\/\/wp.ufpel.edu.br\/artesvisuaisbach\/wp-json\/wp\/v2\/users\/1094"}],"replies":[{"embeddable":true,"href":"https:\/\/wp.ufpel.edu.br\/artesvisuaisbach\/wp-json\/wp\/v2\/comments?post=39"}],"version-history":[{"count":5,"href":"https:\/\/wp.ufpel.edu.br\/artesvisuaisbach\/wp-json\/wp\/v2\/pages\/39\/revisions"}],"predecessor-version":[{"id":576,"href":"https:\/\/wp.ufpel.edu.br\/artesvisuaisbach\/wp-json\/wp\/v2\/pages\/39\/revisions\/576"}],"up":[{"embeddable":true,"href":"https:\/\/wp.ufpel.edu.br\/artesvisuaisbach\/wp-json\/wp\/v2\/pages\/8"}],"wp:attachment":[{"href":"https:\/\/wp.ufpel.edu.br\/artesvisuaisbach\/wp-json\/wp\/v2\/media?parent=39"}],"curies":[{"name":"wp","href":"https:\/\/api.w.org\/{rel}","templated":true}]}}