{"id":131,"date":"2021-07-05T10:52:41","date_gmt":"2021-07-05T13:52:41","guid":{"rendered":"https:\/\/wp.ufpel.edu.br\/artesvisuaisbach\/?page_id=131"},"modified":"2025-06-25T15:21:36","modified_gmt":"2025-06-25T18:21:36","slug":"estagio-nao-obrigatorio","status":"publish","type":"page","link":"https:\/\/wp.ufpel.edu.br\/artesvisuaisbach\/procedimentos-e-formularios\/estagio-nao-obrigatorio\/","title":{"rendered":"Est\u00e1gio N\u00e3o-Obrigat\u00f3rio"},"content":{"rendered":"<p>Conforme as Diretrizes Curriculares em vigor, o est\u00e1gio para o Bacharelado em Artes Visuais n\u00e3o \u00e9 obrigat\u00f3rio, portanto a carga hor\u00e1ria realizada nesta atividade \u00e9 acrescida \u00e0 carga hor\u00e1ria regular e obrigat\u00f3ria do curso.<\/p>\n<p><strong>DOCUMENTA\u00c7\u00c3O<\/strong><\/p>\n<p><a href=\"https:\/\/wp.ufpel.edu.br\/artesvisuaisbach\/files\/2021\/07\/Termo-de-Compromisso-UFPel-como-INSTITUICAO-DE-ENSINO-5.doc\">Termo-de-Compromisso-UFPel-como-INSTITUICAO-DE-ENSINO<\/a> (quando aluno da UFPel realiza est\u00e1gio em outra empresa)<\/p>\n<p><a href=\"https:\/\/wp.ufpel.edu.br\/artesvisuaisbach\/files\/2021\/07\/Termo-de-Compromisso-UFPel-como-PARTE-CONCEDENTE3-3.doc\">Termo-de-Compromisso-UFPel-como-PARTE-CONCEDENTE<\/a> (quando aluno da UFPel realiza est\u00e1gio dentro da pr\u00f3pria UFPel)<\/p>\n<p><a href=\"https:\/\/wp.ufpel.edu.br\/artesvisuaisbach\/files\/2021\/07\/Plano-de-Trabalho.docx\">Plano-de-Trabalho<\/a><\/p>\n<p><a href=\"https:\/\/wp.ufpel.edu.br\/artesvisuaisbach\/files\/2021\/10\/Termo-de-Responsabilidade-Estagio-Nao-Obrigatorio_DuasPartes.docx\">Termo-de-Responsabilidade-Estagio-Nao-Obrigatorio_DuasPartes<\/a>\u00a0(em fun\u00e7\u00e3o da pandemia de Covid-19)<\/p>\n<p><a href=\"https:\/\/wp.ufpel.edu.br\/artesvisuaisbach\/files\/2021\/07\/Termo-Aditivo-TCE.doc\">Termo-Aditivo-TCE<\/a> (\u00c9 o documento que altera algum item do\u00a0<b>Termo<\/b>\u00a0de Compromisso de\u00a0<b>Est\u00e1gio<\/b>\u00a0ou prorroga o tempo estabelecido para o\u00a0<b>Est\u00e1gio<\/b> no contrato.)<\/p>\n<p>&nbsp;<\/p>\n<p><strong>NORMAS E LEGISLA\u00c7\u00c3O<\/strong><\/p>\n<p>CAP\u00cdTULO II<br \/>\nDA DEFINI\u00c7\u00c3O, CLASSIFICA\u00c7\u00c3O E OBJETIVOS<br \/>\nArt. 5\u00ba \u00c9 responsabilidade da Universidade Federal de Pelotas, atrav\u00e9s dos Colegiados de Cursos, analisar e determinar que a atividade proposta pelo estagi\u00e1rio fa\u00e7a parte integrante de sua forma\u00e7\u00e3o.<br \/>\nArt. 6\u00ba A realiza\u00e7\u00e3o do est\u00e1gio, obrigat\u00f3rio ou n\u00e3o-obrigat\u00f3rio, na Universidade Federal de Pelotas,<br \/>\nobservar\u00e1 dentre outros, os seguintes requisitos:<br \/>\nI &#8211; matr\u00edcula e freq\u00fc\u00eancia regular do estudante em curso de educa\u00e7\u00e3o superior, de educa\u00e7\u00e3o profissional e de ensino m\u00e9dio, e atestados pela institui\u00e7\u00e3o de ensino;<br \/>\nII &#8211; celebra\u00e7\u00e3o de Termo de Compromisso entre o estudante, a unidade da UFPel concedente do est\u00e1gio e a institui\u00e7\u00e3o de ensino; e<br \/>\nIII &#8211; compatibilidade entre as atividades desenvolvidas no est\u00e1gio e aquelas previstas no termo de compromisso.<\/p>\n<p>CAP\u00cdTULO VI<br \/>\nDOS REQUISITOS<br \/>\nArt. 23 S\u00e3o requisitos do educando para realiza\u00e7\u00e3o de est\u00e1gio n\u00e3o obrigat\u00f3rio no \u00e2mbito da Universidade Federal de Pelotas, al\u00e9m dos estabelecidos no art. 8\u00ba desta Resolu\u00e7\u00e3o, e no projeto pedag\u00f3gico dos cursos:<br \/>\nI &#8211; ter cursado, no m\u00ednimo, o 1\u00ba semestre do seu curso de gradua\u00e7\u00e3o;<br \/>\nII &#8211; n\u00e3o ser aluno formando no semestre acad\u00eamico de ingresso no est\u00e1gio;<br \/>\nIII &#8211; n\u00e3o ter outras modalidades de bolsa, exceto aquelas vinculadas \u00e0 Pr\u00f3-Reitoria de<br \/>\nAssist\u00eancia Estudantil \u2013 moradia, alimenta\u00e7\u00e3o e transporte;<br \/>\nIV &#8211; n\u00e3o apresentar mais do que 2 (duas) reprova\u00e7\u00f5es ou infrequ\u00eancias.<\/p>\n<p>CAP\u00cdTULO III<br \/>\nDO EST\u00c1GIO<br \/>\nArt. 10 A jornada de atividade em est\u00e1gio ser\u00e1 de 4 (quatro) horas di\u00e1rias e 20 (vinte) horas semanais ou de 6 (seis) horas di\u00e1rias e 30 (trinta) horas semanais, observado o hor\u00e1rio de funcionamento do \u00f3rg\u00e3o ou entidade, desde que compat\u00edvel com o hor\u00e1rio escolar.<\/p>\n<p>\u00a7 1\u00ba \u00c9 vedada \u00e0 realiza\u00e7\u00e3o de carga hor\u00e1ria di\u00e1ria superior \u00e0 prevista no caput deste artigo, sendo<br \/>\nproibida a compensa\u00e7\u00e3o de hor\u00e1rio, salvo quando justificada e devidamente autorizada por escrito<br \/>\npela chefia imediata, hip\u00f3tese em que o estagi\u00e1rio dever\u00e1 compensar o hor\u00e1rio n\u00e3o trabalhado at\u00e9 o<br \/>\nm\u00eas subseq\u00fcente ao da ocorr\u00eancia.<br \/>\n\u00a7 2\u00ba \u00c9 assegurado ao estagi\u00e1rio, nos per\u00edodos de avalia\u00e7\u00e3o de aprendizagem pelas institui\u00e7\u00f5es de<br \/>\nensino, carga hor\u00e1ria reduzida pelo menos \u00e0 metade, segundo estipulado no termo de compromisso<br \/>\ne mediante comprova\u00e7\u00e3o.<\/p>\n<p>&nbsp;<\/p>\n<p>Legisla\u00e7\u00e3o sobre Est\u00e1gio<\/p>\n<p><a href=\"http:\/\/www.planalto.gov.br\/ccivil_03\/_ato2007-2010\/2008\/lei\/l11788.htm\">Lei 11788\/2008<\/a>\u00a0\u2013 Disp\u00f5e sobre est\u00e1gio de estudantes<\/p>\n<p><a href=\"https:\/\/wp.ufpel.edu.br\/cec\/files\/2013\/04\/cartilha_lei_estagio.pdf\">Cartilha M<\/a>TE\u00a0\u2013 Cartilha Esclarecedora Sobre a Lei do Est\u00e1gio \u2013 Minist\u00e9rio do Trabalho e Emprego<\/p>\n<p>&nbsp;<\/p>\n<p>Resolu\u00e7\u00f5es COCEPE<\/p>\n<p><a href=\"https:\/\/wp.ufpel.edu.br\/scs\/files\/2010\/08\/2009_03.pdf\">03\/2009<\/a>\u00a0\u2013\u00a0Normatiza os Est\u00e1gios obrigat\u00f3rios e n\u00e3o obrigat\u00f3rios, concedidos pela Universidade Federal de Pelotas<\/p>\n<p><a href=\"https:\/\/wp.ufpel.edu.br\/scs\/files\/2010\/08\/2009_04.pdf\">04\/2009<\/a>\u00a0\u2013 Normatiza os Est\u00e1gios obrigat\u00f3rios e n\u00e3o obrigat\u00f3rios realizados por alunos da UFPel, nos termos desta Resolu\u00e7\u00e3o<\/p>\n<p><a href=\"https:\/\/wp.ufpel.edu.br\/cec\/files\/2013\/04\/estagio_na_ufpel.pdf\">Est\u00e1gio na UFPEL<\/a>\u00a0\u2013\u00a0Manual de est\u00e1gio na Universidade Federal de Pelotas<\/p>\n","protected":false},"excerpt":{"rendered":"<p>Conforme as Diretrizes Curriculares em vigor, o est\u00e1gio para o Bacharelado em Artes Visuais n\u00e3o \u00e9 obrigat\u00f3rio, portanto a carga hor\u00e1ria realizada nesta atividade \u00e9 acrescida \u00e0 carga hor\u00e1ria regular e obrigat\u00f3ria do curso. DOCUMENTA\u00c7\u00c3O Termo-de-Compromisso-UFPel-como-INSTITUICAO-DE-ENSINO (quando aluno da UFPel realiza est\u00e1gio em outra empresa) Termo-de-Compromisso-UFPel-como-PARTE-CONCEDENTE (quando aluno da UFPel realiza est\u00e1gio dentro da pr\u00f3pria [&hellip;]<\/p>\n","protected":false},"author":1094,"featured_media":0,"parent":12,"menu_order":0,"comment_status":"closed","ping_status":"closed","template":"","meta":{"jetpack_post_was_ever_published":false,"footnotes":""},"class_list":["post-131","page","type-page","status-publish","hentry"],"jetpack_sharing_enabled":true,"_links":{"self":[{"href":"https:\/\/wp.ufpel.edu.br\/artesvisuaisbach\/wp-json\/wp\/v2\/pages\/131","targetHints":{"allow":["GET"]}}],"collection":[{"href":"https:\/\/wp.ufpel.edu.br\/artesvisuaisbach\/wp-json\/wp\/v2\/pages"}],"about":[{"href":"https:\/\/wp.ufpel.edu.br\/artesvisuaisbach\/wp-json\/wp\/v2\/types\/page"}],"author":[{"embeddable":true,"href":"https:\/\/wp.ufpel.edu.br\/artesvisuaisbach\/wp-json\/wp\/v2\/users\/1094"}],"replies":[{"embeddable":true,"href":"https:\/\/wp.ufpel.edu.br\/artesvisuaisbach\/wp-json\/wp\/v2\/comments?post=131"}],"version-history":[{"count":8,"href":"https:\/\/wp.ufpel.edu.br\/artesvisuaisbach\/wp-json\/wp\/v2\/pages\/131\/revisions"}],"predecessor-version":[{"id":573,"href":"https:\/\/wp.ufpel.edu.br\/artesvisuaisbach\/wp-json\/wp\/v2\/pages\/131\/revisions\/573"}],"up":[{"embeddable":true,"href":"https:\/\/wp.ufpel.edu.br\/artesvisuaisbach\/wp-json\/wp\/v2\/pages\/12"}],"wp:attachment":[{"href":"https:\/\/wp.ufpel.edu.br\/artesvisuaisbach\/wp-json\/wp\/v2\/media?parent=131"}],"curies":[{"name":"wp","href":"https:\/\/api.w.org\/{rel}","templated":true}]}}