{"id":13,"date":"2021-03-16T22:12:57","date_gmt":"2021-03-17T01:12:57","guid":{"rendered":"https:\/\/wp.ufpel.edu.br\/artesvisuaisbach\/?page_id=13"},"modified":"2026-02-20T14:46:23","modified_gmt":"2026-02-20T17:46:23","slug":"horarios","status":"publish","type":"page","link":"https:\/\/wp.ufpel.edu.br\/artesvisuaisbach\/horarios\/","title":{"rendered":"HOR\u00c1RIOS"},"content":{"rendered":"<p><strong>Semestre 2026\/1<\/strong> (atualizado em 20\/02\/2026)<\/p>\n<p><a href=\"https:\/\/wp.ufpel.edu.br\/artesvisuaisbach\/files\/2026\/02\/ARTES-VISUAIS-BACHARELADO_2026-01.pdf\">ARTES VISUAIS BACHARELADO_2026-01<\/a><\/p>\n<p>___________<\/p>\n<p><strong>Semestre 2025\/2 <\/strong>(atualizado em 14\/08\/2025)<\/p>\n<p><a href=\"https:\/\/wp.ufpel.edu.br\/artesvisuaisbach\/files\/2025\/08\/Horario-BACHARELADO_2025_2-11082025v3.pdf\">Horario BACHARELADO_2025_2<\/a><\/p>\n<p>____________<\/p>\n<p><strong>Semestre 2025\/1 <\/strong>(atualizado em 28\/04\/2025)<\/p>\n<p><a href=\"https:\/\/wp.ufpel.edu.br\/artesvisuaisbach\/files\/2025\/04\/Horario-BACHARELADO_2025-1-03042025-1.pdf\">Horario BACHARELADO_2025-1<\/a><\/p>\n<p>____________<\/p>\n<p><strong>Semestre 2024\/2 <\/strong>(atualizado em 19\/11)<\/p>\n<p><a href=\"https:\/\/wp.ufpel.edu.br\/artesvisuaisbach\/files\/2024\/11\/Horario-BACHARELADO_2024-2-06112024.pdf\">Horario BACHARELADO_2024-2<\/a><\/p>\n<p>____________<\/p>\n<p><strong><a href=\"https:\/\/wp.ufpel.edu.br\/artesvisuaisbach\/files\/2024\/03\/HORA\u0301RIO_BAV_2024_1-06032024.pdf\">HORA\u0301RIO_BAV_2024_1 06032024<\/a><\/strong><\/p>\n<p>Hor\u00e1rio BACHARELADO 2024\/01<\/p>\n<p>____________<\/p>\n<p><strong>Semestre 2023\/2 <\/strong>(postado em 21\/09)<\/p>\n<p><a href=\"https:\/\/wp.ufpel.edu.br\/artesvisuaisbach\/files\/2023\/09\/Horario-BACHARELADO_previa_2023-2_21092023.pdf\">Horario BACHARELADO 2023-2<\/a><\/p>\n<p>____________<\/p>\n<p><strong>Semestre 2023\/1 <\/strong>(postado em 09\/05)<\/p>\n<p><a href=\"https:\/\/wp.ufpel.edu.br\/artesvisuaisbach\/files\/2023\/05\/HORA\u0301RIO_BAV_2023_1_09052023.pdf\">Hor\u00e1rio Artes Visuais BACHARELADO 2023\/1<\/a><\/p>\n<p>____________<\/p>\n<p><strong>Semestre 2022\/2 (30\/01 a 13\/05\/2022) atualizado em 15\/12<\/strong><\/p>\n<p><a href=\"https:\/\/wp.ufpel.edu.br\/artesvisuaisbach\/files\/2022\/12\/Horario-BACHARELADO-2022-2_15122022.pdf\">Horario BACHARELADO 2022 2<\/a><\/p>\n<p><strong>\u00a0<\/strong>___________<\/p>\n<p><strong>Semestre 2022\/1 (ano civil 2022) <\/strong><\/p>\n<p><strong><a href=\"https:\/\/wp.ufpel.edu.br\/artesvisuaisbach\/files\/2022\/07\/HORARIO_BAV_2022_1.pdf\">HOR\u00c1RIO_BAV_2022_1<\/a><\/strong><\/p>\n<p><strong>\u00a0<\/strong>___________<\/p>\n<p><strong>Semestre 2021\/2 (ano civil 2022)<\/strong><\/p>\n<p><a href=\"https:\/\/wp.ufpel.edu.br\/artesvisuaisbach\/files\/2022\/02\/HORARIOS-2021_2-BAV-2.pdf\">HOR\u00c1RIOS 2021_2 BAV<\/a><\/p>\n<p><a href=\"https:\/\/wp.ufpel.edu.br\/artesvisuaisbach\/files\/2022\/02\/ORIENTACOES-MATRICULA-final.pdf\">Orienta\u00e7\u00f5es sobre Matr\u00edcula no Cobalto<\/a><\/p>\n<p>___________<\/p>\n<p><strong>Semestre 2021\/1<\/strong><\/p>\n<p><a href=\"https:\/\/wp.ufpel.edu.br\/artesvisuaisbach\/files\/2021\/07\/horarios-para-pagina-20-julho.pdf\">Hor\u00e1rios 2021\/1<\/a><\/p>\n","protected":false},"excerpt":{"rendered":"<p>Semestre 2026\/1 (atualizado em 20\/02\/2026) ARTES VISUAIS BACHARELADO_2026-01 ___________ Semestre 2025\/2 (atualizado em 14\/08\/2025) Horario BACHARELADO_2025_2 ____________ Semestre 2025\/1 (atualizado em 28\/04\/2025) Horario BACHARELADO_2025-1 ____________ Semestre 2024\/2 (atualizado em 19\/11) Horario BACHARELADO_2024-2 ____________ HORA\u0301RIO_BAV_2024_1 06032024 Hor\u00e1rio BACHARELADO 2024\/01 ____________ Semestre 2023\/2 (postado em 21\/09) Horario BACHARELADO 2023-2 ____________ Semestre 2023\/1 (postado em 09\/05) Hor\u00e1rio Artes [&hellip;]<\/p>\n","protected":false},"author":1094,"featured_media":0,"parent":0,"menu_order":5,"comment_status":"closed","ping_status":"closed","template":"","meta":{"jetpack_post_was_ever_published":false,"footnotes":""},"class_list":["post-13","page","type-page","status-publish","hentry"],"jetpack_sharing_enabled":true,"_links":{"self":[{"href":"https:\/\/wp.ufpel.edu.br\/artesvisuaisbach\/wp-json\/wp\/v2\/pages\/13","targetHints":{"allow":["GET"]}}],"collection":[{"href":"https:\/\/wp.ufpel.edu.br\/artesvisuaisbach\/wp-json\/wp\/v2\/pages"}],"about":[{"href":"https:\/\/wp.ufpel.edu.br\/artesvisuaisbach\/wp-json\/wp\/v2\/types\/page"}],"author":[{"embeddable":true,"href":"https:\/\/wp.ufpel.edu.br\/artesvisuaisbach\/wp-json\/wp\/v2\/users\/1094"}],"replies":[{"embeddable":true,"href":"https:\/\/wp.ufpel.edu.br\/artesvisuaisbach\/wp-json\/wp\/v2\/comments?post=13"}],"version-history":[{"count":3,"href":"https:\/\/wp.ufpel.edu.br\/artesvisuaisbach\/wp-json\/wp\/v2\/pages\/13\/revisions"}],"predecessor-version":[{"id":774,"href":"https:\/\/wp.ufpel.edu.br\/artesvisuaisbach\/wp-json\/wp\/v2\/pages\/13\/revisions\/774"}],"wp:attachment":[{"href":"https:\/\/wp.ufpel.edu.br\/artesvisuaisbach\/wp-json\/wp\/v2\/media?parent=13"}],"curies":[{"name":"wp","href":"https:\/\/api.w.org\/{rel}","templated":true}]}}