{"id":125,"date":"2021-06-29T14:31:12","date_gmt":"2021-06-29T17:31:12","guid":{"rendered":"https:\/\/wp.ufpel.edu.br\/artesvisuaisbach\/?page_id=125"},"modified":"2025-05-15T15:28:06","modified_gmt":"2025-05-15T18:28:06","slug":"formacao-complementar","status":"publish","type":"page","link":"https:\/\/wp.ufpel.edu.br\/artesvisuaisbach\/curso\/formacao-complementar\/","title":{"rendered":"Forma\u00e7\u00e3o Complementar"},"content":{"rendered":"<div id=\"tudo\">\n<div id=\"conteudo\" class=\"textosite_recuo\">\n<p>Al\u00e9m das disciplinas obrigat\u00f3rias, o aluno precisa cumprir <strong>210h de Atividades Complementares<\/strong> e <strong>40 cr\u00e9ditos de Forma\u00e7\u00e3o Livre atrav\u00e9s de Disciplinas Optativas do Curso<\/strong> divididas entre te\u00f3ricas e pr\u00e1ticas.<\/p>\n<p>&nbsp;<\/p>\n<\/div>\n<ul>\n<li><strong>Atividades Complementares:<\/strong><\/li>\n<\/ul>\n<div id=\"conteudo\" class=\"textosite_recuo\">\n<p>Essa etapa compreende as componentes e os saberes complementares necess\u00e1rios para uma forma\u00e7\u00e3o qualificada do futuro profissional. S\u00e3o consideradas a participa\u00e7\u00e3o do aluno nas atividades de ensino, extens\u00e3o e pesquisa, promovidas pela UFPel e demais institui\u00e7\u00f5es em n\u00edvel local, regional, nacional e ou internacional. Compreendendo a participa\u00e7\u00e3o em eventos de natureza art\u00edstica e\/ou cient\u00edfica, tais como: exposi\u00e7\u00f5es de arte, palestras, oficinas e cursos, media\u00e7\u00f5es, curadoria, monitoria, inicia\u00e7\u00e3o cient\u00edfica, assim como as experi\u00eancias profissionais, premia\u00e7\u00f5es, distin\u00e7\u00f5es e demais atividades pertinentes ao campo das artes visuais. Em forma\u00e7\u00e3o complementar o aluno dever\u00e1 totalizar um m\u00ednimo de 210 horas preferencialmente distribu\u00eddas de forma a contemplar o equil\u00edbrio entre as atividades de ensino, pesquisa e extens\u00e3o.<\/p>\n<div id=\"tabelas\">\n<table class=\"tabela\" border=\"0\" width=\"100%\" cellspacing=\"1\" cellpadding=\"5\">\n<tbody>\n<tr>\n<td class=\"titulos_menores\" colspan=\"3\" bgcolor=\"#A7A7A7\">tabela de par\u00e2metros para as atividades complementares<\/td>\n<\/tr>\n<tr>\n<td valign=\"top\" bgcolor=\"#CCCCCC\" width=\"25%\">Grupos de Atividades<\/td>\n<td valign=\"top\" bgcolor=\"#CCCCCC\" width=\"56%\">Modalidade de Atividades<\/td>\n<td valign=\"top\" bgcolor=\"#CCCCCC\" width=\"19%\">m\u00e1x. de horas<\/td>\n<\/tr>\n<tr>\n<td rowspan=\"5\" valign=\"middle\" bgcolor=\"#E6E6E6\">Atividades de ensino<\/td>\n<td valign=\"top\" bgcolor=\"#E6E6E6\">Disciplinas excedentes ou disciplinas n\u00e3o previstas na estrutura curricular do curso de Artes Visuais<\/td>\n<td valign=\"top\" bgcolor=\"#E6E6E6\">136h<\/td>\n<\/tr>\n<tr>\n<td valign=\"top\" bgcolor=\"#E6E6E6\">Oficinas e cursos realizados<\/td>\n<td valign=\"top\" bgcolor=\"#E6E6E6\">80h<\/td>\n<\/tr>\n<tr>\n<td valign=\"top\" bgcolor=\"#E6E6E6\">Monitorias<\/td>\n<td valign=\"top\" bgcolor=\"#E6E6E6\">136h<\/td>\n<\/tr>\n<tr>\n<td valign=\"top\" bgcolor=\"#E6E6E6\">Visitas programadas\/t\u00e9cnicas extracurriculares<\/td>\n<td valign=\"top\" bgcolor=\"#E6E6E6\">30h<\/td>\n<\/tr>\n<tr>\n<td valign=\"top\" bgcolor=\"#E6E6E6\">Atividades acad\u00eamicas \u00e0 dist\u00e2ncia extracurriculares<\/td>\n<td valign=\"top\" bgcolor=\"#E6E6E6\">30h<\/td>\n<\/tr>\n<tr>\n<td rowspan=\"5\" valign=\"middle\" bgcolor=\"#E6E6E6\">Atividades de pesquisa<\/td>\n<td valign=\"top\" bgcolor=\"#E6E6E6\">Inicia\u00e7\u00e3o Cient\u00edfica<\/td>\n<td valign=\"top\" bgcolor=\"#E6E6E6\">68h<\/td>\n<\/tr>\n<tr>\n<td valign=\"top\" bgcolor=\"#E6E6E6\">Pesquisa orientada e ou pesquisa em po\u00e9ticas<\/td>\n<td valign=\"top\" bgcolor=\"#E6E6E6\">136h<\/td>\n<\/tr>\n<tr>\n<td valign=\"top\" bgcolor=\"#E6E6E6\">Resumos em anais, posters<\/td>\n<td valign=\"top\" bgcolor=\"#E6E6E6\">68h<\/td>\n<\/tr>\n<tr>\n<td valign=\"top\" bgcolor=\"#E6E6E6\">Produ\u00e7\u00e3o de Artigos, ilustra\u00e7\u00f5es, hist\u00f3rias em quadrinhos<\/td>\n<td valign=\"top\" bgcolor=\"#E6E6E6\">68h<\/td>\n<\/tr>\n<tr>\n<td valign=\"top\" bgcolor=\"#E6E6E6\">Participa\u00e7\u00e3o em eventos cient\u00edficos: ouvinte e\/ou palestrante<\/td>\n<td valign=\"top\" bgcolor=\"#E6E6E6\">68h<\/td>\n<\/tr>\n<tr>\n<td rowspan=\"5\" valign=\"middle\" bgcolor=\"#E6E6E6\">Atividades de extens\u00e3o<\/td>\n<td valign=\"top\" bgcolor=\"#E6E6E6\">Participa\u00e7\u00e3o em Projetos e Programas de Extens\u00e3o<\/td>\n<td valign=\"top\" bgcolor=\"#E6E6E6\">136h<\/td>\n<\/tr>\n<tr>\n<td valign=\"top\" bgcolor=\"#E6E6E6\">Participa\u00e7\u00f5es em Exposi\u00e7\u00f5es: individuais, coletivas, sal\u00e3o de artes<\/td>\n<td valign=\"top\" bgcolor=\"#E6E6E6\">136h<\/td>\n<\/tr>\n<tr>\n<td valign=\"top\" bgcolor=\"#E6E6E6\">Execu\u00e7\u00e3o\/ colabora\u00e7\u00e3o em organiza\u00e7\u00e3o de eventos (mostras, exposi\u00e7\u00f5es, oficinas, palestras na \u00e1rea de artes de Artes Visuais e afins)<\/td>\n<td valign=\"top\" bgcolor=\"#E6E6E6\">136h<\/td>\n<\/tr>\n<tr>\n<td valign=\"top\" bgcolor=\"#E6E6E6\">Media\u00e7\u00f5es de exposi\u00e7\u00f5es, trabalho voluntariado comunit\u00e1rio<\/td>\n<td valign=\"top\" bgcolor=\"#E6E6E6\">68h<\/td>\n<\/tr>\n<tr>\n<td valign=\"top\" bgcolor=\"#E6E6E6\">Outras (viv\u00eancia profissional complementar, administra\u00e7\u00e3o e representa\u00e7\u00e3o em entidades estudantis)<\/td>\n<td valign=\"top\" bgcolor=\"#E6E6E6\">136h<\/td>\n<\/tr>\n<\/tbody>\n<\/table>\n<p><strong><span class=\"quadrado_func\">Como fa\u00e7o para validar minhas comprova\u00e7\u00f5es?<\/span><\/strong><\/p>\n<p>Voc\u00ea deve entrar em contato com o colegiado e marcar um hor\u00e1rio para levar os comprovantes originais, com c\u00f3pias, que ficar\u00e3o registradas como atividades complementares de acordo com o par\u00e2metro expresso nas tabelas. Procure guardar os comprovantes e lev\u00e1-los em bom n\u00famero para dinamizar o trabalho.<\/p>\n<p>&nbsp;<\/p>\n<\/div>\n<ul>\n<li><strong>Forma\u00e7\u00e3o Livre (Optativas do Curso Te\u00f3ricas e Pr\u00e1ticas)<\/strong><\/li>\n<\/ul>\n<\/div>\n<\/div>\n<div id=\"footer\">\n<div id=\"footer_inside\">S\u00e3o necess\u00e1rias 7 pr\u00e1ticas de 4 cr\u00e9ditos (28 cr\u00e9ditos) + 6 te\u00f3ricas de 2 cr\u00e9ditos (12 cr\u00e9ditos), totalizando 40 cr\u00e9ditos de optativas do curso para forma\u00e7\u00e3o livre.<\/div>\n<\/div>\n<div><\/div>\n<div><\/div>\n<div>&#8212;&#8212;&#8212;&#8212;&#8212;&#8212;&#8212;&#8212;&#8212;&#8212;&#8212;&#8212;&#8212;&#8212;&#8212;&#8212;&#8211;<\/div>\n<div>\n<p>Considerando a possibilidade dos alunos realizarem cursos de aperfei\u00e7oamento para complementar a carga hor\u00e1ria de atividades complementares, sugere-se a realiza\u00e7\u00e3o de cursos gratuitos, com certifica\u00e7\u00e3o, produzidos por institui\u00e7\u00f5es p\u00fablicas de ensino superior e pelo Enap, conforme segue:<\/p>\n<p>&nbsp;<\/p>\n<ul>\n<li>\n<h4>Plataforma Moodle do IFRS:<\/h4>\n<\/li>\n<\/ul>\n<p><a href=\"https:\/\/moodle.ifrs.edu.br\/\">https:\/\/moodle.ifrs.edu.br\/<\/a><\/p>\n<p>Cursos abertos online:\u00a0<a href=\"https:\/\/moodle.ifrs.edu.br\/course\/index.php?categoryid=38\">https:\/\/moodle.ifrs.edu.br\/course\/index.php?categoryid=38<\/a><\/p>\n<p>&nbsp;<\/p>\n<ul>\n<li>\n<h4>Plataforma Mundi do IFSUL:<\/h4>\n<\/li>\n<\/ul>\n<p><a href=\"https:\/\/mundi.ifsul.edu.br\/portal\/\">https:\/\/mundi.ifsul.edu.br\/portal\/<\/a><\/p>\n<p>&nbsp;<\/p>\n<ul>\n<li>\n<h4><strong>Plataforma L\u00famina da UFRGS:<\/strong><\/h4>\n<\/li>\n<\/ul>\n<p><a href=\"https:\/\/lumina.ufrgs.br\/\">https:\/\/lumina.ufrgs.br\/<\/a><\/p>\n<p>&nbsp;<\/p>\n<ul>\n<li>\n<h4><strong>ENAP:<\/strong><\/h4>\n<\/li>\n<\/ul>\n<p><a href=\"https:\/\/www.enap.gov.br\/pt\/\">https:\/\/www.enap.gov.br\/pt\/<\/a><\/p>\n<p><a href=\"https:\/\/www.enap.gov.br\/pt\/busca?searchword=&amp;tipo=cursos\">https:\/\/www.enap.gov.br\/pt\/busca?searchword=&amp;tipo=cursos<\/a><\/p>\n<\/div>\n","protected":false},"excerpt":{"rendered":"<p>Al\u00e9m das disciplinas obrigat\u00f3rias, o aluno precisa cumprir 210h de Atividades Complementares e 40 cr\u00e9ditos de Forma\u00e7\u00e3o Livre atrav\u00e9s de Disciplinas Optativas do Curso divididas entre te\u00f3ricas e pr\u00e1ticas. &nbsp; Atividades Complementares: Essa etapa compreende as componentes e os saberes complementares necess\u00e1rios para uma forma\u00e7\u00e3o qualificada do futuro profissional. S\u00e3o consideradas a participa\u00e7\u00e3o do aluno [&hellip;]<\/p>\n","protected":false},"author":1094,"featured_media":0,"parent":8,"menu_order":0,"comment_status":"closed","ping_status":"closed","template":"","meta":{"jetpack_post_was_ever_published":false,"footnotes":""},"class_list":["post-125","page","type-page","status-publish","hentry"],"jetpack_sharing_enabled":true,"_links":{"self":[{"href":"https:\/\/wp.ufpel.edu.br\/artesvisuaisbach\/wp-json\/wp\/v2\/pages\/125","targetHints":{"allow":["GET"]}}],"collection":[{"href":"https:\/\/wp.ufpel.edu.br\/artesvisuaisbach\/wp-json\/wp\/v2\/pages"}],"about":[{"href":"https:\/\/wp.ufpel.edu.br\/artesvisuaisbach\/wp-json\/wp\/v2\/types\/page"}],"author":[{"embeddable":true,"href":"https:\/\/wp.ufpel.edu.br\/artesvisuaisbach\/wp-json\/wp\/v2\/users\/1094"}],"replies":[{"embeddable":true,"href":"https:\/\/wp.ufpel.edu.br\/artesvisuaisbach\/wp-json\/wp\/v2\/comments?post=125"}],"version-history":[{"count":6,"href":"https:\/\/wp.ufpel.edu.br\/artesvisuaisbach\/wp-json\/wp\/v2\/pages\/125\/revisions"}],"predecessor-version":[{"id":724,"href":"https:\/\/wp.ufpel.edu.br\/artesvisuaisbach\/wp-json\/wp\/v2\/pages\/125\/revisions\/724"}],"up":[{"embeddable":true,"href":"https:\/\/wp.ufpel.edu.br\/artesvisuaisbach\/wp-json\/wp\/v2\/pages\/8"}],"wp:attachment":[{"href":"https:\/\/wp.ufpel.edu.br\/artesvisuaisbach\/wp-json\/wp\/v2\/media?parent=125"}],"curies":[{"name":"wp","href":"https:\/\/api.w.org\/{rel}","templated":true}]}}