{"id":114,"date":"2021-06-29T13:48:00","date_gmt":"2021-06-29T16:48:00","guid":{"rendered":"https:\/\/wp.ufpel.edu.br\/artesvisuaisbach\/?page_id=114"},"modified":"2021-06-29T13:49:39","modified_gmt":"2021-06-29T16:49:39","slug":"proposta-de-formacao","status":"publish","type":"page","link":"https:\/\/wp.ufpel.edu.br\/artesvisuaisbach\/curso\/proposta-de-formacao\/","title":{"rendered":"Proposta de Forma\u00e7\u00e3o"},"content":{"rendered":"<p><span class=\"textosite_recuo\">O curso de Bacharelado em Artes Visuais visa \u00e0 forma\u00e7\u00e3o integral dos estudantes para atuar no \u00e2mbito da arte e da cultura. Essa forma\u00e7\u00e3o est\u00e1 pautada no pleno desenvolvimento das compet\u00eancias e habilidades espec\u00edficas das linguagens visuais, segundo tr\u00eas n\u00edveis irradiadores de conhecimento: n\u00edvel b\u00e1sico, n\u00edvel de desenvolvimento e n\u00edvel de aprofundamento.<br \/>\nO n\u00edvel b\u00e1sico compreende as disciplinas de fundamenta\u00e7\u00e3o te\u00f3rico\/pr\u00e1tica obrigat\u00f3rias, que promover\u00e3o o conhecimento introdut\u00f3rio \u00e0s artes visuais: percep\u00e7\u00e3o, aprecia\u00e7\u00e3o e cria\u00e7\u00e3o em artes, fundamentos da linguagem visual, experimenta\u00e7\u00e3o com os materiais e t\u00e9cnicas pr\u00f3prias dos diferentes saberes, conhecimento das teorias, hist\u00f3ria e est\u00e9tica. Esta etapa est\u00e1 dividida ao longo dos tr\u00eas primeiros semestres.<br \/>\nO n\u00edvel de desenvolvimento est\u00e1 distribu\u00eddo ao longo do 4\u00ba, 5\u00ba e 6\u00ba semestre, compreendendo um conjunto de disciplinas optativas, que devem ser selecionadas conforme as necessidades individuais de cada aluno. \u00c9 um n\u00facleo espec\u00edfico para favorecimento da autonomia do estudante na escolha de seu pr\u00f3prio percurso de forma\u00e7\u00e3o dentro do que o curso oferece.<br \/>\nO n\u00edvel de aprofundamento oportuniza o desenvolvimento de uma produ\u00e7\u00e3o art\u00edstica, contemplando a totalidade do processo criativo: percurso, sistematiza\u00e7\u00e3o e significa\u00e7\u00e3o. Nessa etapa distribu\u00edda ao longo dos dois \u00faltimos semestres, o aluno trabalha sob a orienta\u00e7\u00e3o de um professor.<\/span><\/p>\n<p><strong><span class=\"quadrado_func\">Onde atua o graduado de bacharelado em artes visuais?<\/span><\/strong><span class=\"textosite_recuo\"><br \/>\nO profissional de artes visuais atua junto aos setores da arte e da cultura, seja como produtor, cr\u00edtico, pesquisador, gestor, educador e divulgador das artes visuais, podendo exercer essas atividades em diferentes espa\u00e7os culturais, sejam eles institucionais (Universidades, Museus, Institutos Culturais, Funda\u00e7\u00f5es, Centros e Casas de Cultura, Secretarias de Cultura, Galerias, etc.) e\/ou informais (ateli\u00eas, coletivos, produtoras, ag\u00eancias, espa\u00e7os expositivos, etc.).<\/span><\/p>\n<p><strong><span class=\"quadrado_func\">Perfil do profissional egresso<\/span><\/strong><br \/>\n<span class=\"textosite_recuo\">O profissional formado em artes visuais se caracteriza pela atua\u00e7\u00e3o junto ao circuito ampliado da arte e da cultura, desempenhando atividades como produtor nas \u00e1reas compat\u00edveis com as especificidades de sua forma\u00e7\u00e3o (pintura, gravura, escultura, desenho, cer\u00e2mica, fotografia e outros), como pesquisador em po\u00e9ticas visuais, como idealizador, gestor e promotor de eventos e espa\u00e7os culturais (institucionais e\/ou informais), como desenvolvedor e divulgador das manifesta\u00e7\u00f5es art\u00edsticas e culturais da sociedade.<\/span><\/p>\n<p><strong><span class=\"quadrado_func\">Compet\u00eancias e habilidades<\/span><\/strong><\/p>\n<p><span class=\"textosite_recuo\">O aluno do Bacharelado em Artes Visuais deve estar aberto e disposto ao aprendizado, compreendendo que o desenvolvimento dos saberes e conhecimentos necess\u00e1rios a vida e a pr\u00e1tica profissional exigem uma postura aut\u00f4noma, voltada para al\u00e9m dos conhecimentos proporcionados pela universidade. Cabe ao aluno a motiva\u00e7\u00e3o para buscar e mapear os diversos espa\u00e7os de aprendizado a partir de experi\u00eancias profissionais, participa\u00e7\u00e3o em eventos e demais atividades, sejam em ambiente acad\u00eamico, institucional e\/ou espa\u00e7os informais.<br \/>\nCom rela\u00e7\u00e3o ao aprendizado das pr\u00e1ticas profissionais, o estudante de artes visuais precisa, obrigatoriamente, conhecer e saber empregar desde as ferramentas tradicionais da \u00e1rea at\u00e9 \u00e0quelas provenientes do avan\u00e7o tecnol\u00f3gico. O futuro profissional precisa desenvolver um conjunto de habilidades pr\u00f3prias da \u00e1rea, que articuladas lhe conferem as compet\u00eancias necess\u00e1rias para elaborar propostas originais, criativas e eficazes.<br \/>\nCom rela\u00e7\u00e3o \u00e0s habilidades pr\u00f3prias a todo estudante de ensino superior, incentivamos os estudantes ao contato amplo e irrestrito tanto aos campos espec\u00edficos das artes visuais como em suas interdisciplinaridades (design, cinema, patrim\u00f4nio, etc). O aluno deve, por exemplo, ser capaz de ler e desenvolver um pensar cr\u00edtico, no sentido amplo, a partir dos textos, v\u00eddeos, sons e imagens que s\u00e3o utilizados nas componentes curriculares<\/span><\/p>\n","protected":false},"excerpt":{"rendered":"<p>O curso de Bacharelado em Artes Visuais visa \u00e0 forma\u00e7\u00e3o integral dos estudantes para atuar no \u00e2mbito da arte e da cultura. Essa forma\u00e7\u00e3o est\u00e1 pautada no pleno desenvolvimento das compet\u00eancias e habilidades espec\u00edficas das linguagens visuais, segundo tr\u00eas n\u00edveis irradiadores de conhecimento: n\u00edvel b\u00e1sico, n\u00edvel de desenvolvimento e n\u00edvel de aprofundamento. O n\u00edvel b\u00e1sico [&hellip;]<\/p>\n","protected":false},"author":1094,"featured_media":0,"parent":8,"menu_order":4,"comment_status":"closed","ping_status":"closed","template":"","meta":{"jetpack_post_was_ever_published":false,"footnotes":""},"class_list":["post-114","page","type-page","status-publish","hentry"],"jetpack_sharing_enabled":true,"_links":{"self":[{"href":"https:\/\/wp.ufpel.edu.br\/artesvisuaisbach\/wp-json\/wp\/v2\/pages\/114","targetHints":{"allow":["GET"]}}],"collection":[{"href":"https:\/\/wp.ufpel.edu.br\/artesvisuaisbach\/wp-json\/wp\/v2\/pages"}],"about":[{"href":"https:\/\/wp.ufpel.edu.br\/artesvisuaisbach\/wp-json\/wp\/v2\/types\/page"}],"author":[{"embeddable":true,"href":"https:\/\/wp.ufpel.edu.br\/artesvisuaisbach\/wp-json\/wp\/v2\/users\/1094"}],"replies":[{"embeddable":true,"href":"https:\/\/wp.ufpel.edu.br\/artesvisuaisbach\/wp-json\/wp\/v2\/comments?post=114"}],"version-history":[{"count":3,"href":"https:\/\/wp.ufpel.edu.br\/artesvisuaisbach\/wp-json\/wp\/v2\/pages\/114\/revisions"}],"predecessor-version":[{"id":120,"href":"https:\/\/wp.ufpel.edu.br\/artesvisuaisbach\/wp-json\/wp\/v2\/pages\/114\/revisions\/120"}],"up":[{"embeddable":true,"href":"https:\/\/wp.ufpel.edu.br\/artesvisuaisbach\/wp-json\/wp\/v2\/pages\/8"}],"wp:attachment":[{"href":"https:\/\/wp.ufpel.edu.br\/artesvisuaisbach\/wp-json\/wp\/v2\/media?parent=114"}],"curies":[{"name":"wp","href":"https:\/\/api.w.org\/{rel}","templated":true}]}}