{"id":337,"date":"2026-04-04T08:52:32","date_gmt":"2026-04-04T11:52:32","guid":{"rendered":"https:\/\/wp.ufpel.edu.br\/artesonora\/?page_id=337"},"modified":"2026-04-04T08:58:47","modified_gmt":"2026-04-04T11:58:47","slug":"meridianos-da-escuta","status":"publish","type":"page","link":"https:\/\/wp.ufpel.edu.br\/artesonora\/meridianos-da-escuta\/","title":{"rendered":"Meridianos da Escuta"},"content":{"rendered":"<p><img class=\"wp-image-291 aligncenter\" src=\"https:\/\/wp.ufpel.edu.br\/artesonora\/files\/2026\/02\/LOGO-400x400.png\" alt=\"\" width=\"219\" height=\"219\" srcset=\"https:\/\/wp.ufpel.edu.br\/artesonora\/files\/2026\/02\/LOGO-400x400.png 400w, https:\/\/wp.ufpel.edu.br\/artesonora\/files\/2026\/02\/LOGO-200x200.png 200w, https:\/\/wp.ufpel.edu.br\/artesonora\/files\/2026\/02\/LOGO-768x768.png 768w, https:\/\/wp.ufpel.edu.br\/artesonora\/files\/2026\/02\/LOGO.png 1024w\" sizes=\"(max-width: 219px) 100vw, 219px\" \/><\/p>\n<h1 style=\"text-align: center;\"><strong>Ciclo de concertos Meridianos da Escuta<\/strong><\/h1>\n<h2>CHAMADA<\/h2>\n<p>O grupo de pesquisa\u00a0<em>Arte Sonora<\/em>, em parceria com os grupos de pesquisa\u00a0<em>Composi\u00e7\u00e3o UECE<\/em>\u00a0(UECE) e\u00a0<em>Som, m\u00fasica, m\u00eddia e espacialidade<\/em>\u00a0(UFC), tem o prazer de anunciar a chamada de obras eletroac\u00fasticas\/acusm\u00e1ticas.<\/p>\n<p><strong>PER\u00cdODO DE INSCRI\u00c7\u00c3O<\/strong><\/p>\n<p>De 23\/02\/2026 at\u00e9 o dia 26\/04\/2026.<\/p>\n<p><strong>ELEGIBILIDADE<\/strong><\/p>\n<p>Compositoras\/es brasileiras\/os e estrangeiras\/os. N\u00e3o h\u00e1 limite de idade.<\/p>\n<p><strong>SOBRE AS OBRAS<\/strong><\/p>\n<p>As pe\u00e7as devem ser originais. Arranjos, adapta\u00e7\u00f5es e transcri\u00e7\u00f5es n\u00e3o s\u00e3o eleg\u00edveis.<\/p>\n<p><strong>LOCAIS<\/strong><\/p>\n<p>Os locais dos concertos ser\u00e3o divulgados em tempo oportuno nos sites e redes sociais oficiais do evento:<\/p>\n<p><a href=\"https:\/\/www.instagram.com\/meridianosdaescuta\/\">https:\/\/www.instagram.com\/meridianosdaescuta\/<\/a><br \/>\n<a href=\"https:\/\/wp.ufpel.edu.br\/artesonora\/\">https:\/\/wp.ufpel.edu.br\/artesonora\/<\/a><\/p>\n<p>Maiores informa\u00e7\u00f5es em:<br \/>\n<a href=\"https:\/\/wp.ufpel.edu.br\/artesonora\/files\/2026\/02\/Chamada-Meridianos-da-Escuta-2026-27-1.pdf\">Chamada Meridianos da Escuta (2026)<\/a><br \/>\nInscri\u00e7\u00f5es:<br \/>\n<a href=\"https:\/\/forms.gle\/xQ4Hfcj9GAbvhjkV6\">https:\/\/forms.gle\/xQ4Hfcj9GAbvhjkV6<\/a><br \/>\nTermo de autoriza\u00e7\u00e3o para difus\u00e3o e publica\u00e7\u00e3o:<br \/>\n<a href=\"https:\/\/docs.google.com\/document\/d\/19ErMUYrAzdPA1z6Z7TSSFV-mcboIOI_7cqk99uK8wyU\/edit?usp=sharing\">https:\/\/docs.google.com\/document\/d\/19ErMUYrAzdPA1z6Z7TSSFV-mcboIOI_7cqk99uK8wyU\/edit?usp=sharing\u00a0<\/a><\/p>\n<h2>LISTA DE OBRAS SELECIONADAS<\/h2>\n<p>Informa\u00e7\u00f5es em breve.<\/p>\n<h2>PROGRAMA\u00c7\u00c3O<\/h2>\n<p>Informa\u00e7\u00f5es em breve.<\/p>\n<p>&nbsp;<\/p>\n<h2><\/h2>\n<p>&nbsp;<\/p>\n","protected":false},"excerpt":{"rendered":"<p>Ciclo de concertos Meridianos da Escuta CHAMADA O grupo de pesquisa\u00a0Arte Sonora, em parceria com os grupos de pesquisa\u00a0Composi\u00e7\u00e3o UECE\u00a0(UECE) e\u00a0Som, m\u00fasica, m\u00eddia e espacialidade\u00a0(UFC), tem o prazer de anunciar a chamada de obras eletroac\u00fasticas\/acusm\u00e1ticas. PER\u00cdODO DE INSCRI\u00c7\u00c3O De 23\/02\/2026 at\u00e9 o dia 26\/04\/2026. ELEGIBILIDADE Compositoras\/es brasileiras\/os e estrangeiras\/os. N\u00e3o h\u00e1 limite de idade. SOBRE [&hellip;]<\/p>\n","protected":false},"author":1447,"featured_media":0,"parent":0,"menu_order":0,"comment_status":"closed","ping_status":"closed","template":"","meta":{"footnotes":""},"class_list":["post-337","page","type-page","status-publish","hentry"],"_links":{"self":[{"href":"https:\/\/wp.ufpel.edu.br\/artesonora\/wp-json\/wp\/v2\/pages\/337","targetHints":{"allow":["GET"]}}],"collection":[{"href":"https:\/\/wp.ufpel.edu.br\/artesonora\/wp-json\/wp\/v2\/pages"}],"about":[{"href":"https:\/\/wp.ufpel.edu.br\/artesonora\/wp-json\/wp\/v2\/types\/page"}],"author":[{"embeddable":true,"href":"https:\/\/wp.ufpel.edu.br\/artesonora\/wp-json\/wp\/v2\/users\/1447"}],"replies":[{"embeddable":true,"href":"https:\/\/wp.ufpel.edu.br\/artesonora\/wp-json\/wp\/v2\/comments?post=337"}],"version-history":[{"count":3,"href":"https:\/\/wp.ufpel.edu.br\/artesonora\/wp-json\/wp\/v2\/pages\/337\/revisions"}],"predecessor-version":[{"id":342,"href":"https:\/\/wp.ufpel.edu.br\/artesonora\/wp-json\/wp\/v2\/pages\/337\/revisions\/342"}],"wp:attachment":[{"href":"https:\/\/wp.ufpel.edu.br\/artesonora\/wp-json\/wp\/v2\/media?parent=337"}],"curies":[{"name":"wp","href":"https:\/\/api.w.org\/{rel}","templated":true}]}}