{"id":277,"date":"2026-02-03T08:52:56","date_gmt":"2026-02-03T11:52:56","guid":{"rendered":"https:\/\/wp.ufpel.edu.br\/artesonora\/?page_id=277"},"modified":"2026-02-07T07:06:51","modified_gmt":"2026-02-07T10:06:51","slug":"eventos","status":"publish","type":"page","link":"https:\/\/wp.ufpel.edu.br\/artesonora\/eventos\/","title":{"rendered":"Eventos"},"content":{"rendered":"<p><strong>Eventos<\/strong><\/p>\n<p>Chamada p\u00fablica: Ciclo de concertos Meridianos da Escuta (UFPel, UECE, UFC).<br \/>\n<img class=\"wp-image-283 alignleft\" src=\"https:\/\/wp.ufpel.edu.br\/artesonora\/files\/2026\/02\/Meridianos-da-escuta-400x400.jpg\" alt=\"\" width=\"297\" height=\"297\" srcset=\"https:\/\/wp.ufpel.edu.br\/artesonora\/files\/2026\/02\/Meridianos-da-escuta-400x400.jpg 400w, https:\/\/wp.ufpel.edu.br\/artesonora\/files\/2026\/02\/Meridianos-da-escuta-200x200.jpg 200w, https:\/\/wp.ufpel.edu.br\/artesonora\/files\/2026\/02\/Meridianos-da-escuta-768x768.jpg 768w, https:\/\/wp.ufpel.edu.br\/artesonora\/files\/2026\/02\/Meridianos-da-escuta.jpg 1024w\" sizes=\"(max-width: 297px) 100vw, 297px\" \/><\/p>\n<p>&nbsp;<\/p>\n<p>&nbsp;<\/p>\n<p>Maiores informa\u00e7\u00f5es em breve.<\/p>\n<p>&nbsp;<\/p>\n","protected":false},"excerpt":{"rendered":"<p>Eventos Chamada p\u00fablica: Ciclo de concertos Meridianos da Escuta (UFPel, UECE, UFC). &nbsp; &nbsp; Maiores informa\u00e7\u00f5es em breve. &nbsp;<\/p>\n","protected":false},"author":1447,"featured_media":0,"parent":0,"menu_order":0,"comment_status":"closed","ping_status":"closed","template":"","meta":{"footnotes":""},"class_list":["post-277","page","type-page","status-publish","hentry"],"_links":{"self":[{"href":"https:\/\/wp.ufpel.edu.br\/artesonora\/wp-json\/wp\/v2\/pages\/277","targetHints":{"allow":["GET"]}}],"collection":[{"href":"https:\/\/wp.ufpel.edu.br\/artesonora\/wp-json\/wp\/v2\/pages"}],"about":[{"href":"https:\/\/wp.ufpel.edu.br\/artesonora\/wp-json\/wp\/v2\/types\/page"}],"author":[{"embeddable":true,"href":"https:\/\/wp.ufpel.edu.br\/artesonora\/wp-json\/wp\/v2\/users\/1447"}],"replies":[{"embeddable":true,"href":"https:\/\/wp.ufpel.edu.br\/artesonora\/wp-json\/wp\/v2\/comments?post=277"}],"version-history":[{"count":3,"href":"https:\/\/wp.ufpel.edu.br\/artesonora\/wp-json\/wp\/v2\/pages\/277\/revisions"}],"predecessor-version":[{"id":287,"href":"https:\/\/wp.ufpel.edu.br\/artesonora\/wp-json\/wp\/v2\/pages\/277\/revisions\/287"}],"wp:attachment":[{"href":"https:\/\/wp.ufpel.edu.br\/artesonora\/wp-json\/wp\/v2\/media?parent=277"}],"curies":[{"name":"wp","href":"https:\/\/api.w.org\/{rel}","templated":true}]}}