{"id":248,"date":"2025-12-08T07:49:29","date_gmt":"2025-12-08T10:49:29","guid":{"rendered":"https:\/\/wp.ufpel.edu.br\/artesonora\/?page_id=248"},"modified":"2025-12-08T07:59:12","modified_gmt":"2025-12-08T10:59:12","slug":"materiais-didaticos","status":"publish","type":"page","link":"https:\/\/wp.ufpel.edu.br\/artesonora\/producao\/materiais-didaticos\/","title":{"rendered":"Materiais did\u00e1ticos"},"content":{"rendered":"<p class=\"style-scope ytd-watch-metadata\"><strong>Dr. Gabriel Xavier<\/strong><\/p>\n<p><a href=\"https:\/\/youtu.be\/iYI-xTHAPMg\">Atonalidade e dodecafonismo, com Prof. Dr. Gabriel Xavier (UNESP)<\/a><\/p>\n<p><strong>Dr. Germ\u00e1n E. Gras<\/strong><\/p>\n<p class=\"style-scope ytd-watch-metadata\"><a href=\"https:\/\/youtu.be\/CwW5iOr3_wA\">M\u00fasica instrumental em diferentes forma\u00e7\u00f5es, Pt. 1, Prof. Dr. Germ\u00e1n Gras (UECE)<\/a><\/p>\n<p class=\"style-scope ytd-watch-metadata\"><a href=\"https:\/\/youtu.be\/AHg-zfFowzQ\">M\u00fasica instrumental em diferentes forma\u00e7\u00f5es, Pt. 2, Prof. Dr. Germ\u00e1n Gras (UECE)<\/a><\/p>\n<p><strong>Dr. Claudio Vitale<\/strong><\/p>\n<p class=\"style-scope ytd-watch-metadata\"><a href=\"https:\/\/youtu.be\/sMSabxlWpDw\">Timbre: Correntes est\u00e9ticas do s\u00e9culo XX, com Prof. Dr. Claudio Vitale<\/a><\/p>\n<p><strong>Mnda. Brenda Nat\u00e1lia Bastos<br \/>\n<\/strong><\/p>\n<p class=\"style-scope ytd-watch-metadata\"><a href=\"https:\/\/youtu.be\/BKgguPpS2I0\">Processo criativo em anima\u00e7\u00e3o e composi\u00e7\u00e3o musical, com Mnda. Brenda Bastos (PPG-Artes, UFPA)<\/a><\/p>\n<p><strong>\u00a0<\/strong><\/p>\n","protected":false},"excerpt":{"rendered":"<p>Dr. Gabriel Xavier Atonalidade e dodecafonismo, com Prof. Dr. Gabriel Xavier (UNESP) Dr. Germ\u00e1n E. Gras M\u00fasica instrumental em diferentes forma\u00e7\u00f5es, Pt. 1, Prof. Dr. Germ\u00e1n Gras (UECE) M\u00fasica instrumental em diferentes forma\u00e7\u00f5es, Pt. 2, Prof. Dr. Germ\u00e1n Gras (UECE) Dr. Claudio Vitale Timbre: Correntes est\u00e9ticas do s\u00e9culo XX, com Prof. Dr. Claudio Vitale Mnda. [&hellip;]<\/p>\n","protected":false},"author":1447,"featured_media":0,"parent":89,"menu_order":0,"comment_status":"closed","ping_status":"closed","template":"","meta":{"footnotes":""},"class_list":["post-248","page","type-page","status-publish","hentry"],"_links":{"self":[{"href":"https:\/\/wp.ufpel.edu.br\/artesonora\/wp-json\/wp\/v2\/pages\/248","targetHints":{"allow":["GET"]}}],"collection":[{"href":"https:\/\/wp.ufpel.edu.br\/artesonora\/wp-json\/wp\/v2\/pages"}],"about":[{"href":"https:\/\/wp.ufpel.edu.br\/artesonora\/wp-json\/wp\/v2\/types\/page"}],"author":[{"embeddable":true,"href":"https:\/\/wp.ufpel.edu.br\/artesonora\/wp-json\/wp\/v2\/users\/1447"}],"replies":[{"embeddable":true,"href":"https:\/\/wp.ufpel.edu.br\/artesonora\/wp-json\/wp\/v2\/comments?post=248"}],"version-history":[{"count":3,"href":"https:\/\/wp.ufpel.edu.br\/artesonora\/wp-json\/wp\/v2\/pages\/248\/revisions"}],"predecessor-version":[{"id":254,"href":"https:\/\/wp.ufpel.edu.br\/artesonora\/wp-json\/wp\/v2\/pages\/248\/revisions\/254"}],"up":[{"embeddable":true,"href":"https:\/\/wp.ufpel.edu.br\/artesonora\/wp-json\/wp\/v2\/pages\/89"}],"wp:attachment":[{"href":"https:\/\/wp.ufpel.edu.br\/artesonora\/wp-json\/wp\/v2\/media?parent=248"}],"curies":[{"name":"wp","href":"https:\/\/api.w.org\/{rel}","templated":true}]}}