{"id":19,"date":"2018-11-19T09:06:35","date_gmt":"2018-11-19T11:06:35","guid":{"rendered":"https:\/\/wp.ufpel.edu.br\/artesead\/?page_id=19"},"modified":"2020-04-09T09:53:12","modified_gmt":"2020-04-09T12:53:12","slug":"processo-seletivo","status":"publish","type":"page","link":"https:\/\/wp.ufpel.edu.br\/artesead\/processo-seletivo\/","title":{"rendered":"Processo Seletivo"},"content":{"rendered":"<p>O Exame de Sele\u00e7\u00e3o ao Curso ser\u00e1 realizado em 01 fase, por uma Comiss\u00e3o de Avalia\u00e7\u00e3o, e contemplar\u00e1 apenas a Prova de T\u00edtulos, respeitando o isolamento social em fun\u00e7\u00e3o da pandemia covid-19.<\/p>\n<p>A etapa \u00e9 classificat\u00f3ria e na hip\u00f3tese de que existam menos candidatos do que o n\u00famero de vagas ofertadas todos os inscritos que contemplem os requisitos b\u00e1sicos para participar do certame ser\u00e3o imediatamente aprovados.<\/p>\n<p>&nbsp;<\/p>\n","protected":false},"excerpt":{"rendered":"<p>O Exame de Sele\u00e7\u00e3o ao Curso ser\u00e1 realizado em 01 fase, por uma Comiss\u00e3o de Avalia\u00e7\u00e3o, e contemplar\u00e1 apenas a Prova de T\u00edtulos, respeitando o isolamento social em fun\u00e7\u00e3o da pandemia covid-19. A etapa \u00e9 classificat\u00f3ria e na hip\u00f3tese de que existam menos candidatos do que o n\u00famero de vagas ofertadas todos os inscritos que [&hellip;]<\/p>\n","protected":false},"author":891,"featured_media":0,"parent":0,"menu_order":0,"comment_status":"closed","ping_status":"closed","template":"","meta":{"jetpack_post_was_ever_published":false,"footnotes":""},"class_list":["post-19","page","type-page","status-publish","hentry"],"jetpack_sharing_enabled":true,"jetpack_shortlink":"https:\/\/wp.me\/PawIux-j","jetpack-related-posts":[],"_links":{"self":[{"href":"https:\/\/wp.ufpel.edu.br\/artesead\/wp-json\/wp\/v2\/pages\/19","targetHints":{"allow":["GET"]}}],"collection":[{"href":"https:\/\/wp.ufpel.edu.br\/artesead\/wp-json\/wp\/v2\/pages"}],"about":[{"href":"https:\/\/wp.ufpel.edu.br\/artesead\/wp-json\/wp\/v2\/types\/page"}],"author":[{"embeddable":true,"href":"https:\/\/wp.ufpel.edu.br\/artesead\/wp-json\/wp\/v2\/users\/891"}],"replies":[{"embeddable":true,"href":"https:\/\/wp.ufpel.edu.br\/artesead\/wp-json\/wp\/v2\/comments?post=19"}],"version-history":[{"count":5,"href":"https:\/\/wp.ufpel.edu.br\/artesead\/wp-json\/wp\/v2\/pages\/19\/revisions"}],"predecessor-version":[{"id":238,"href":"https:\/\/wp.ufpel.edu.br\/artesead\/wp-json\/wp\/v2\/pages\/19\/revisions\/238"}],"wp:attachment":[{"href":"https:\/\/wp.ufpel.edu.br\/artesead\/wp-json\/wp\/v2\/media?parent=19"}],"curies":[{"name":"wp","href":"https:\/\/api.w.org\/{rel}","templated":true}]}}

<p>O Exame de Seleção ao Curso será realizado em 01 fase, por uma Comissão de Avaliação, e contemplará apenas a Prova de Títulos, respeitando o isolamento social em função da pandemia covid-19.</p>
<p>A etapa é classificatória e na hipótese de que existam menos candidatos do que o número de vagas ofertadas todos os inscritos que contemplem os requisitos básicos para participar do certame serão imediatamente aprovados.</p>
<p>&nbsp;</p>

<p>O Exame de Seleção ao Curso será realizado em 01 fase, por uma Comissão de Avaliação, e contemplará apenas a Prova de Títulos, respeitando o isolamento social em função da pandemia covid-19. A etapa é classificatória e na hipótese de que existam menos candidatos do que o número de vagas ofertadas todos os inscritos que [&hellip;]</p>
