{"id":112,"date":"2018-12-07T15:23:46","date_gmt":"2018-12-07T17:23:46","guid":{"rendered":"https:\/\/wp.ufpel.edu.br\/artesead\/?page_id=112"},"modified":"2021-03-14T22:16:03","modified_gmt":"2021-03-15T01:16:03","slug":"corpo-docente","status":"publish","type":"page","link":"https:\/\/wp.ufpel.edu.br\/artesead\/corpo-docente\/","title":{"rendered":"Corpo Docente"},"content":{"rendered":"<p>Docentes do curso de Especializa\u00e7\u00e3o em Artes<\/p>\n<p><span style=\"color: #333333\"><strong><a style=\"color: #333333\" href=\"http:\/\/lattes.cnpq.br\/6634546415784744\">Alexandra Gon\u00e7alves Dias<\/a>\u00a0<\/strong><\/span><\/p>\n<p><span style=\"color: #333333\"><a style=\"color: #333333\" href=\"http:\/\/lattes.cnpq.br\/2781742033248654\"><strong>Daniela da Cruz Schneider<\/strong><\/a><\/span><\/p>\n<p><span style=\"color: #333333\"><a style=\"color: #333333\" href=\"http:\/\/lattes.cnpq.br\/8229279571627360\"><strong>Josias Pereira <\/strong><\/a><\/span><\/p>\n<p><span style=\"color: #333333\"><a style=\"color: #333333\" href=\"http:\/\/lattes.cnpq.br\/3702939909138472\"><strong>Juliana Corr\u00eaa Hermes Angeli<\/strong><\/a><\/span><\/p>\n<p><span style=\"color: #333333\"><a style=\"color: #333333\" href=\"http:\/\/lattes.cnpq.br\/9870907593588455\"><strong>Kelly Wendt<\/strong><\/a><\/span><\/p>\n<p><span style=\"color: #333333\"><a style=\"color: #333333\" href=\"http:\/\/lattes.cnpq.br\/9606353077803212\"><strong>Lauer Alves Nunes dos Santos<\/strong><\/a><\/span><\/p>\n<p><span style=\"color: #333333\"><a style=\"color: #333333\" href=\"http:\/\/lattes.cnpq.br\/3111614571120324\"><strong>Michael Abrantes Kerr<\/strong><\/a><\/span><\/p>\n<p><span style=\"color: #333333\"><a style=\"color: #333333\" href=\"http:\/\/lattes.cnpq.br\/6907741358466235\"><strong>Paula Garcia Lima<\/strong><\/a><\/span><\/p>\n<p><span style=\"color: #333333\"><a style=\"color: #333333\" href=\"http:\/\/lattes.cnpq.br\/9583509400822379\"><strong>Roberta Coelho Barros<\/strong><\/a><\/span><\/p>\n<p><span style=\"color: #333333\"><a style=\"color: #333333\" href=\"http:\/\/lattes.cnpq.br\/742742101991800\"><strong>Roberto Heiden<\/strong><\/a><\/span><\/p>\n<hr \/>\n<p><a href=\"https:\/\/i0.wp.com\/wp.ufpel.edu.br\/artesead\/files\/2021\/02\/web_ead-08-07.png?ssl=1\"><img data-recalc-dims=\"1\" loading=\"lazy\" decoding=\"async\" data-attachment-id=\"439\" data-permalink=\"https:\/\/wp.ufpel.edu.br\/artesead\/?attachment_id=439\" data-orig-file=\"https:\/\/i0.wp.com\/wp.ufpel.edu.br\/artesead\/files\/2021\/02\/web_ead-08-07.png?fit=941%2C326&amp;ssl=1\" data-orig-size=\"941,326\" data-comments-opened=\"0\" data-image-meta=\"{&quot;aperture&quot;:&quot;0&quot;,&quot;credit&quot;:&quot;&quot;,&quot;camera&quot;:&quot;&quot;,&quot;caption&quot;:&quot;&quot;,&quot;created_timestamp&quot;:&quot;0&quot;,&quot;copyright&quot;:&quot;&quot;,&quot;focal_length&quot;:&quot;0&quot;,&quot;iso&quot;:&quot;0&quot;,&quot;shutter_speed&quot;:&quot;0&quot;,&quot;title&quot;:&quot;&quot;,&quot;orientation&quot;:&quot;0&quot;}\" data-image-title=\"web_ead-08-07\" data-image-description=\"\" data-image-caption=\"\" data-medium-file=\"https:\/\/i0.wp.com\/wp.ufpel.edu.br\/artesead\/files\/2021\/02\/web_ead-08-07.png?fit=400%2C139&amp;ssl=1\" data-large-file=\"https:\/\/i0.wp.com\/wp.ufpel.edu.br\/artesead\/files\/2021\/02\/web_ead-08-07.png?fit=810%2C281&amp;ssl=1\" class=\" wp-image-439 aligncenter\" src=\"https:\/\/i0.wp.com\/wp.ufpel.edu.br\/artesead\/files\/2021\/02\/web_ead-08-07.png?resize=210%2C73&#038;ssl=1\" alt=\"\" width=\"210\" height=\"73\" srcset=\"https:\/\/i0.wp.com\/wp.ufpel.edu.br\/artesead\/files\/2021\/02\/web_ead-08-07.png?w=941&amp;ssl=1 941w, https:\/\/i0.wp.com\/wp.ufpel.edu.br\/artesead\/files\/2021\/02\/web_ead-08-07.png?resize=400%2C139&amp;ssl=1 400w, https:\/\/i0.wp.com\/wp.ufpel.edu.br\/artesead\/files\/2021\/02\/web_ead-08-07.png?resize=768%2C266&amp;ssl=1 768w\" sizes=\"auto, (max-width: 210px) 100vw, 210px\" \/><\/a><\/p>\n","protected":false},"excerpt":{"rendered":"<p>Docentes do curso de Especializa\u00e7\u00e3o em Artes Alexandra Gon\u00e7alves Dias\u00a0 Daniela da Cruz Schneider Josias Pereira Juliana Corr\u00eaa Hermes Angeli Kelly Wendt Lauer Alves Nunes dos Santos Michael Abrantes Kerr Paula Garcia Lima Roberta Coelho Barros Roberto Heiden<\/p>\n","protected":false},"author":891,"featured_media":0,"parent":0,"menu_order":0,"comment_status":"closed","ping_status":"closed","template":"","meta":{"jetpack_post_was_ever_published":false,"footnotes":""},"class_list":["post-112","page","type-page","status-publish","hentry"],"jetpack_sharing_enabled":true,"jetpack_shortlink":"https:\/\/wp.me\/PawIux-1O","jetpack-related-posts":[],"_links":{"self":[{"href":"https:\/\/wp.ufpel.edu.br\/artesead\/wp-json\/wp\/v2\/pages\/112","targetHints":{"allow":["GET"]}}],"collection":[{"href":"https:\/\/wp.ufpel.edu.br\/artesead\/wp-json\/wp\/v2\/pages"}],"about":[{"href":"https:\/\/wp.ufpel.edu.br\/artesead\/wp-json\/wp\/v2\/types\/page"}],"author":[{"embeddable":true,"href":"https:\/\/wp.ufpel.edu.br\/artesead\/wp-json\/wp\/v2\/users\/891"}],"replies":[{"embeddable":true,"href":"https:\/\/wp.ufpel.edu.br\/artesead\/wp-json\/wp\/v2\/comments?post=112"}],"version-history":[{"count":6,"href":"https:\/\/wp.ufpel.edu.br\/artesead\/wp-json\/wp\/v2\/pages\/112\/revisions"}],"predecessor-version":[{"id":482,"href":"https:\/\/wp.ufpel.edu.br\/artesead\/wp-json\/wp\/v2\/pages\/112\/revisions\/482"}],"wp:attachment":[{"href":"https:\/\/wp.ufpel.edu.br\/artesead\/wp-json\/wp\/v2\/media?parent=112"}],"curies":[{"name":"wp","href":"https:\/\/api.w.org\/{rel}","templated":true}]}}

<p>Docentes do curso de Especialização em Artes</p>
<p><span style="color: #333333"><strong><a style="color: #333333" href="http://lattes.cnpq.br/6634546415784744">Alexandra Gonçalves Dias</a> </strong></span></p>
<p><span style="color: #333333"><a style="color: #333333" href="http://lattes.cnpq.br/2781742033248654"><strong>Daniela da Cruz Schneider</strong></a></span></p>
<p><span style="color: #333333"><a style="color: #333333" href="http://lattes.cnpq.br/8229279571627360"><strong>Josias Pereira </strong></a></span></p>
<p><span style="color: #333333"><a style="color: #333333" href="http://lattes.cnpq.br/3702939909138472"><strong>Juliana Corrêa Hermes Angeli</strong></a></span></p>
<p><span style="color: #333333"><a style="color: #333333" href="http://lattes.cnpq.br/9870907593588455"><strong>Kelly Wendt</strong></a></span></p>
<p><span style="color: #333333"><a style="color: #333333" href="http://lattes.cnpq.br/9606353077803212"><strong>Lauer Alves Nunes dos Santos</strong></a></span></p>
<p><span style="color: #333333"><a style="color: #333333" href="http://lattes.cnpq.br/3111614571120324"><strong>Michael Abrantes Kerr</strong></a></span></p>
<p><span style="color: #333333"><a style="color: #333333" href="http://lattes.cnpq.br/6907741358466235"><strong>Paula Garcia Lima</strong></a></span></p>
<p><span style="color: #333333"><a style="color: #333333" href="http://lattes.cnpq.br/9583509400822379"><strong>Roberta Coelho Barros</strong></a></span></p>
<p><span style="color: #333333"><a style="color: #333333" href="http://lattes.cnpq.br/742742101991800"><strong>Roberto Heiden</strong></a></span></p>
<hr />
<p><a href="https://i0.wp.com/wp.ufpel.edu.br/artesead/files/2021/02/web_ead-08-07.png?ssl=1"><img data-recalc-dims="1" loading="lazy" decoding="async" data-attachment-id="439" data-permalink="https://wp.ufpel.edu.br/artesead/?attachment_id=439" data-orig-file="https://i0.wp.com/wp.ufpel.edu.br/artesead/files/2021/02/web_ead-08-07.png?fit=941%2C326&amp;ssl=1" data-orig-size="941,326" data-comments-opened="0" data-image-meta="{&quot;aperture&quot;:&quot;0&quot;,&quot;credit&quot;:&quot;&quot;,&quot;camera&quot;:&quot;&quot;,&quot;caption&quot;:&quot;&quot;,&quot;created_timestamp&quot;:&quot;0&quot;,&quot;copyright&quot;:&quot;&quot;,&quot;focal_length&quot;:&quot;0&quot;,&quot;iso&quot;:&quot;0&quot;,&quot;shutter_speed&quot;:&quot;0&quot;,&quot;title&quot;:&quot;&quot;,&quot;orientation&quot;:&quot;0&quot;}" data-image-title="web_ead-08-07" data-image-description="" data-image-caption="" data-medium-file="https://i0.wp.com/wp.ufpel.edu.br/artesead/files/2021/02/web_ead-08-07.png?fit=400%2C139&amp;ssl=1" data-large-file="https://i0.wp.com/wp.ufpel.edu.br/artesead/files/2021/02/web_ead-08-07.png?fit=810%2C281&amp;ssl=1" class=" wp-image-439 aligncenter" src="https://i0.wp.com/wp.ufpel.edu.br/artesead/files/2021/02/web_ead-08-07.png?resize=210%2C73&#038;ssl=1" alt="" width="210" height="73" srcset="https://i0.wp.com/wp.ufpel.edu.br/artesead/files/2021/02/web_ead-08-07.png?w=941&amp;ssl=1 941w, https://i0.wp.com/wp.ufpel.edu.br/artesead/files/2021/02/web_ead-08-07.png?resize=400%2C139&amp;ssl=1 400w, https://i0.wp.com/wp.ufpel.edu.br/artesead/files/2021/02/web_ead-08-07.png?resize=768%2C266&amp;ssl=1 768w" sizes="auto, (max-width: 210px) 100vw, 210px" /></a></p>

<p>Docentes do curso de Especialização em Artes Alexandra Gonçalves Dias  Daniela da Cruz Schneider Josias Pereira Juliana Corrêa Hermes Angeli Kelly Wendt Lauer Alves Nunes dos Santos Michael Abrantes Kerr Paula Garcia Lima Roberta Coelho Barros Roberto Heiden</p>
