{"id":1903,"date":"2019-10-04T16:30:41","date_gmt":"2019-10-04T19:30:41","guid":{"rendered":"https:\/\/wp.ufpel.edu.br\/artenaescola\/?page_id=1903"},"modified":"2020-06-01T11:56:53","modified_gmt":"2020-06-01T14:56:53","slug":"livros-e-books","status":"publish","type":"page","link":"https:\/\/wp.ufpel.edu.br\/artenaescola\/publicacoes\/livros-e-books\/","title":{"rendered":"Livros E-books"},"content":{"rendered":"<p>Links para livros e-books publicados<\/p>\n<hr \/>\n<p style=\"text-align: center\"><strong><a href=\"http:\/\/guaiaca.ufpel.edu.br:8080\/bitstream\/prefix\/4190\/3\/Transgressoes_de_Pandora_ebook.pdf\">Transgress\u00f5es de Pandora<\/a><\/strong><\/p>\n<p><a href=\"http:\/\/guaiaca.ufpel.edu.br:8080\/bitstream\/prefix\/4190\/3\/Transgressoes_de_Pandora_ebook.pdf\"><img loading=\"lazy\" decoding=\"async\" class=\"aligncenter size-full wp-image-1906\" src=\"https:\/\/wp.ufpel.edu.br\/artenaescola\/files\/2019\/10\/capa-livro-Transgress\u00f5es-de-Pandora.png\" alt=\"\" width=\"529\" height=\"607\" srcset=\"https:\/\/wp.ufpel.edu.br\/artenaescola\/files\/2019\/10\/capa-livro-Transgress\u00f5es-de-Pandora.png 529w, https:\/\/wp.ufpel.edu.br\/artenaescola\/files\/2019\/10\/capa-livro-Transgress\u00f5es-de-Pandora-139x159.png 139w, https:\/\/wp.ufpel.edu.br\/artenaescola\/files\/2019\/10\/capa-livro-Transgress\u00f5es-de-Pandora-277x318.png 277w\" sizes=\"auto, (max-width: 529px) 100vw, 529px\" \/><\/a><\/p>\n<hr \/>\n<p style=\"text-align: center\"><a href=\"https:\/\/drive.google.com\/file\/d\/1tCoD5KZoOXpouotI82HCzVhtM3sVDvT6\/view?usp=sharing\"><strong>Mem\u00f3rias e perspectivas contempor\u00e2neas da arte-educa\u00e7\u00e3o no RS<\/strong><\/a><\/p>\n<p><a href=\"https:\/\/drive.google.com\/file\/d\/1tCoD5KZoOXpouotI82HCzVhtM3sVDvT6\/view?usp=sharing\"><img loading=\"lazy\" decoding=\"async\" class=\"aligncenter size-full wp-image-1905\" src=\"https:\/\/wp.ufpel.edu.br\/artenaescola\/files\/2019\/10\/capa-livro-Mem\u00f3rias-e-perspectivas-contempor\u00e2neas-da-arte-educa\u00e7\u00e3o-no-RS.png\" alt=\"\" width=\"462\" height=\"654\" srcset=\"https:\/\/wp.ufpel.edu.br\/artenaescola\/files\/2019\/10\/capa-livro-Mem\u00f3rias-e-perspectivas-contempor\u00e2neas-da-arte-educa\u00e7\u00e3o-no-RS.png 462w, https:\/\/wp.ufpel.edu.br\/artenaescola\/files\/2019\/10\/capa-livro-Mem\u00f3rias-e-perspectivas-contempor\u00e2neas-da-arte-educa\u00e7\u00e3o-no-RS-112x159.png 112w, https:\/\/wp.ufpel.edu.br\/artenaescola\/files\/2019\/10\/capa-livro-Mem\u00f3rias-e-perspectivas-contempor\u00e2neas-da-arte-educa\u00e7\u00e3o-no-RS-225x318.png 225w\" sizes=\"auto, (max-width: 462px) 100vw, 462px\" \/><\/a><\/p>\n<hr \/>\n<p style=\"text-align: center\"><strong><a href=\"https:\/\/ebooks.fav.ufg.br\/livros\/11livro\/index.html\">Visualidades e Cotidiano no ensino da arte<\/a><\/strong><\/p>\n<p><a href=\"https:\/\/ebooks.fav.ufg.br\/livros\/11livro\/index.html\"><img loading=\"lazy\" decoding=\"async\" class=\"aligncenter size-full wp-image-1909\" src=\"https:\/\/wp.ufpel.edu.br\/artenaescola\/files\/2019\/10\/capa-livro-Visualidades-e-Cotidiano-no-ensino-da-arte.png\" alt=\"\" width=\"1421\" height=\"737\" srcset=\"https:\/\/wp.ufpel.edu.br\/artenaescola\/files\/2019\/10\/capa-livro-Visualidades-e-Cotidiano-no-ensino-da-arte.png 1421w, https:\/\/wp.ufpel.edu.br\/artenaescola\/files\/2019\/10\/capa-livro-Visualidades-e-Cotidiano-no-ensino-da-arte-212x110.png 212w, https:\/\/wp.ufpel.edu.br\/artenaescola\/files\/2019\/10\/capa-livro-Visualidades-e-Cotidiano-no-ensino-da-arte-424x220.png 424w, https:\/\/wp.ufpel.edu.br\/artenaescola\/files\/2019\/10\/capa-livro-Visualidades-e-Cotidiano-no-ensino-da-arte-768x398.png 768w\" sizes=\"auto, (max-width: 1421px) 100vw, 1421px\" \/><\/a><\/p>\n","protected":false},"excerpt":{"rendered":"<p>Links para livros e-books publicados Transgress\u00f5es de Pandora Mem\u00f3rias e perspectivas contempor\u00e2neas da arte-educa\u00e7\u00e3o no RS Visualidades e Cotidiano no ensino da arte<\/p>\n","protected":false},"author":645,"featured_media":0,"parent":98,"menu_order":99,"comment_status":"closed","ping_status":"closed","template":"","meta":{"footnotes":""},"class_list":["post-1903","page","type-page","status-publish","hentry"],"yoast_head":"<!-- This site is optimized with the Yoast SEO plugin v26.7 - https:\/\/yoast.com\/wordpress\/plugins\/seo\/ -->\n<title>Livros E-books &#8226; Projeto Arte na Escola<\/title>\n<meta name=\"robots\" content=\"index, follow, max-snippet:-1, max-image-preview:large, max-video-preview:-1\" \/>\n<link rel=\"canonical\" href=\"https:\/\/wp.ufpel.edu.br\/artenaescola\/publicacoes\/livros-e-books\/\" \/>\n<meta property=\"og:locale\" content=\"pt_BR\" \/>\n<meta property=\"og:type\" content=\"article\" \/>\n<meta property=\"og:title\" content=\"Livros E-books &#8226; Projeto Arte na Escola\" \/>\n<meta property=\"og:description\" content=\"Links para livros e-books publicados Transgress\u00f5es de Pandora Mem\u00f3rias e perspectivas contempor\u00e2neas da arte-educa\u00e7\u00e3o no RS Visualidades e Cotidiano no ensino da arte\" \/>\n<meta property=\"og:url\" content=\"https:\/\/wp.ufpel.edu.br\/artenaescola\/publicacoes\/livros-e-books\/\" \/>\n<meta property=\"og:site_name\" content=\"Projeto Arte na Escola\" \/>\n<meta property=\"article:modified_time\" content=\"2020-06-01T14:56:53+00:00\" \/>\n<meta property=\"og:image\" content=\"https:\/\/wp.ufpel.edu.br\/artenaescola\/files\/2019\/10\/capa-livro-Transgress\u00f5es-de-Pandora.png\" \/>\n<meta name=\"twitter:card\" content=\"summary_large_image\" \/>\n<script type=\"application\/ld+json\" class=\"yoast-schema-graph\">{\"@context\":\"https:\/\/schema.org\",\"@graph\":[{\"@type\":\"WebPage\",\"@id\":\"https:\/\/wp.ufpel.edu.br\/artenaescola\/publicacoes\/livros-e-books\/\",\"url\":\"https:\/\/wp.ufpel.edu.br\/artenaescola\/publicacoes\/livros-e-books\/\",\"name\":\"Livros E-books &#8226; Projeto Arte na Escola\",\"isPartOf\":{\"@id\":\"https:\/\/wp.ufpel.edu.br\/artenaescola\/#website\"},\"primaryImageOfPage\":{\"@id\":\"https:\/\/wp.ufpel.edu.br\/artenaescola\/publicacoes\/livros-e-books\/#primaryimage\"},\"image\":{\"@id\":\"https:\/\/wp.ufpel.edu.br\/artenaescola\/publicacoes\/livros-e-books\/#primaryimage\"},\"thumbnailUrl\":\"https:\/\/wp.ufpel.edu.br\/artenaescola\/files\/2019\/10\/capa-livro-Visualidades-e-Cotidiano-no-ensino-da-arte.png\",\"datePublished\":\"2019-10-04T19:30:41+00:00\",\"dateModified\":\"2020-06-01T14:56:53+00:00\",\"breadcrumb\":{\"@id\":\"https:\/\/wp.ufpel.edu.br\/artenaescola\/publicacoes\/livros-e-books\/#breadcrumb\"},\"inLanguage\":\"pt-BR\",\"potentialAction\":[{\"@type\":\"ReadAction\",\"target\":[\"https:\/\/wp.ufpel.edu.br\/artenaescola\/publicacoes\/livros-e-books\/\"]}]},{\"@type\":\"ImageObject\",\"inLanguage\":\"pt-BR\",\"@id\":\"https:\/\/wp.ufpel.edu.br\/artenaescola\/publicacoes\/livros-e-books\/#primaryimage\",\"url\":\"https:\/\/wp.ufpel.edu.br\/artenaescola\/files\/2019\/10\/capa-livro-Visualidades-e-Cotidiano-no-ensino-da-arte.png\",\"contentUrl\":\"https:\/\/wp.ufpel.edu.br\/artenaescola\/files\/2019\/10\/capa-livro-Visualidades-e-Cotidiano-no-ensino-da-arte.png\",\"width\":1421,\"height\":737},{\"@type\":\"BreadcrumbList\",\"@id\":\"https:\/\/wp.ufpel.edu.br\/artenaescola\/publicacoes\/livros-e-books\/#breadcrumb\",\"itemListElement\":[{\"@type\":\"ListItem\",\"position\":1,\"name\":\"In\u00edcio\",\"item\":\"https:\/\/wp.ufpel.edu.br\/artenaescola\/\"},{\"@type\":\"ListItem\",\"position\":2,\"name\":\"Publica\u00e7\u00f5es\",\"item\":\"https:\/\/wp.ufpel.edu.br\/artenaescola\/publicacoes\/\"},{\"@type\":\"ListItem\",\"position\":3,\"name\":\"Livros E-books\"}]},{\"@type\":\"WebSite\",\"@id\":\"https:\/\/wp.ufpel.edu.br\/artenaescola\/#website\",\"url\":\"https:\/\/wp.ufpel.edu.br\/artenaescola\/\",\"name\":\"Projeto Arte na Escola\",\"description\":\"Polo UFPel\",\"publisher\":{\"@id\":\"https:\/\/wp.ufpel.edu.br\/artenaescola\/#organization\"},\"potentialAction\":[{\"@type\":\"SearchAction\",\"target\":{\"@type\":\"EntryPoint\",\"urlTemplate\":\"https:\/\/wp.ufpel.edu.br\/artenaescola\/?s={search_term_string}\"},\"query-input\":{\"@type\":\"PropertyValueSpecification\",\"valueRequired\":true,\"valueName\":\"search_term_string\"}}],\"inLanguage\":\"pt-BR\"},{\"@type\":\"Organization\",\"@id\":\"https:\/\/wp.ufpel.edu.br\/artenaescola\/#organization\",\"name\":\"arte na escola Ufpel\",\"url\":\"https:\/\/wp.ufpel.edu.br\/artenaescola\/\",\"logo\":{\"@type\":\"ImageObject\",\"inLanguage\":\"pt-BR\",\"@id\":\"https:\/\/wp.ufpel.edu.br\/artenaescola\/#\/schema\/logo\/image\/\",\"url\":\"https:\/\/wp.ufpel.edu.br\/artenaescola\/files\/2016\/06\/IAE-Cor-RGB.jpg\",\"contentUrl\":\"https:\/\/wp.ufpel.edu.br\/artenaescola\/files\/2016\/06\/IAE-Cor-RGB.jpg\",\"width\":750,\"height\":669,\"caption\":\"arte na escola Ufpel\"},\"image\":{\"@id\":\"https:\/\/wp.ufpel.edu.br\/artenaescola\/#\/schema\/logo\/image\/\"}}]}<\/script>\n<!-- \/ Yoast SEO plugin. -->","yoast_head_json":{"title":"Livros E-books &#8226; Projeto Arte na Escola","robots":{"index":"index","follow":"follow","max-snippet":"max-snippet:-1","max-image-preview":"max-image-preview:large","max-video-preview":"max-video-preview:-1"},"canonical":"https:\/\/wp.ufpel.edu.br\/artenaescola\/publicacoes\/livros-e-books\/","og_locale":"pt_BR","og_type":"article","og_title":"Livros E-books &#8226; Projeto Arte na Escola","og_description":"Links para livros e-books publicados Transgress\u00f5es de Pandora Mem\u00f3rias e perspectivas contempor\u00e2neas da arte-educa\u00e7\u00e3o no RS Visualidades e Cotidiano no ensino da arte","og_url":"https:\/\/wp.ufpel.edu.br\/artenaescola\/publicacoes\/livros-e-books\/","og_site_name":"Projeto Arte na Escola","article_modified_time":"2020-06-01T14:56:53+00:00","og_image":[{"url":"https:\/\/wp.ufpel.edu.br\/artenaescola\/files\/2019\/10\/capa-livro-Transgress\u00f5es-de-Pandora.png","type":"","width":"","height":""}],"twitter_card":"summary_large_image","schema":{"@context":"https:\/\/schema.org","@graph":[{"@type":"WebPage","@id":"https:\/\/wp.ufpel.edu.br\/artenaescola\/publicacoes\/livros-e-books\/","url":"https:\/\/wp.ufpel.edu.br\/artenaescola\/publicacoes\/livros-e-books\/","name":"Livros E-books &#8226; Projeto Arte na Escola","isPartOf":{"@id":"https:\/\/wp.ufpel.edu.br\/artenaescola\/#website"},"primaryImageOfPage":{"@id":"https:\/\/wp.ufpel.edu.br\/artenaescola\/publicacoes\/livros-e-books\/#primaryimage"},"image":{"@id":"https:\/\/wp.ufpel.edu.br\/artenaescola\/publicacoes\/livros-e-books\/#primaryimage"},"thumbnailUrl":"https:\/\/wp.ufpel.edu.br\/artenaescola\/files\/2019\/10\/capa-livro-Visualidades-e-Cotidiano-no-ensino-da-arte.png","datePublished":"2019-10-04T19:30:41+00:00","dateModified":"2020-06-01T14:56:53+00:00","breadcrumb":{"@id":"https:\/\/wp.ufpel.edu.br\/artenaescola\/publicacoes\/livros-e-books\/#breadcrumb"},"inLanguage":"pt-BR","potentialAction":[{"@type":"ReadAction","target":["https:\/\/wp.ufpel.edu.br\/artenaescola\/publicacoes\/livros-e-books\/"]}]},{"@type":"ImageObject","inLanguage":"pt-BR","@id":"https:\/\/wp.ufpel.edu.br\/artenaescola\/publicacoes\/livros-e-books\/#primaryimage","url":"https:\/\/wp.ufpel.edu.br\/artenaescola\/files\/2019\/10\/capa-livro-Visualidades-e-Cotidiano-no-ensino-da-arte.png","contentUrl":"https:\/\/wp.ufpel.edu.br\/artenaescola\/files\/2019\/10\/capa-livro-Visualidades-e-Cotidiano-no-ensino-da-arte.png","width":1421,"height":737},{"@type":"BreadcrumbList","@id":"https:\/\/wp.ufpel.edu.br\/artenaescola\/publicacoes\/livros-e-books\/#breadcrumb","itemListElement":[{"@type":"ListItem","position":1,"name":"In\u00edcio","item":"https:\/\/wp.ufpel.edu.br\/artenaescola\/"},{"@type":"ListItem","position":2,"name":"Publica\u00e7\u00f5es","item":"https:\/\/wp.ufpel.edu.br\/artenaescola\/publicacoes\/"},{"@type":"ListItem","position":3,"name":"Livros E-books"}]},{"@type":"WebSite","@id":"https:\/\/wp.ufpel.edu.br\/artenaescola\/#website","url":"https:\/\/wp.ufpel.edu.br\/artenaescola\/","name":"Projeto Arte na Escola","description":"Polo UFPel","publisher":{"@id":"https:\/\/wp.ufpel.edu.br\/artenaescola\/#organization"},"potentialAction":[{"@type":"SearchAction","target":{"@type":"EntryPoint","urlTemplate":"https:\/\/wp.ufpel.edu.br\/artenaescola\/?s={search_term_string}"},"query-input":{"@type":"PropertyValueSpecification","valueRequired":true,"valueName":"search_term_string"}}],"inLanguage":"pt-BR"},{"@type":"Organization","@id":"https:\/\/wp.ufpel.edu.br\/artenaescola\/#organization","name":"arte na escola Ufpel","url":"https:\/\/wp.ufpel.edu.br\/artenaescola\/","logo":{"@type":"ImageObject","inLanguage":"pt-BR","@id":"https:\/\/wp.ufpel.edu.br\/artenaescola\/#\/schema\/logo\/image\/","url":"https:\/\/wp.ufpel.edu.br\/artenaescola\/files\/2016\/06\/IAE-Cor-RGB.jpg","contentUrl":"https:\/\/wp.ufpel.edu.br\/artenaescola\/files\/2016\/06\/IAE-Cor-RGB.jpg","width":750,"height":669,"caption":"arte na escola Ufpel"},"image":{"@id":"https:\/\/wp.ufpel.edu.br\/artenaescola\/#\/schema\/logo\/image\/"}}]}},"_links":{"self":[{"href":"https:\/\/wp.ufpel.edu.br\/artenaescola\/wp-json\/wp\/v2\/pages\/1903","targetHints":{"allow":["GET"]}}],"collection":[{"href":"https:\/\/wp.ufpel.edu.br\/artenaescola\/wp-json\/wp\/v2\/pages"}],"about":[{"href":"https:\/\/wp.ufpel.edu.br\/artenaescola\/wp-json\/wp\/v2\/types\/page"}],"author":[{"embeddable":true,"href":"https:\/\/wp.ufpel.edu.br\/artenaescola\/wp-json\/wp\/v2\/users\/645"}],"replies":[{"embeddable":true,"href":"https:\/\/wp.ufpel.edu.br\/artenaescola\/wp-json\/wp\/v2\/comments?post=1903"}],"version-history":[{"count":3,"href":"https:\/\/wp.ufpel.edu.br\/artenaescola\/wp-json\/wp\/v2\/pages\/1903\/revisions"}],"predecessor-version":[{"id":1910,"href":"https:\/\/wp.ufpel.edu.br\/artenaescola\/wp-json\/wp\/v2\/pages\/1903\/revisions\/1910"}],"up":[{"embeddable":true,"href":"https:\/\/wp.ufpel.edu.br\/artenaescola\/wp-json\/wp\/v2\/pages\/98"}],"wp:attachment":[{"href":"https:\/\/wp.ufpel.edu.br\/artenaescola\/wp-json\/wp\/v2\/media?parent=1903"}],"curies":[{"name":"wp","href":"https:\/\/api.w.org\/{rel}","templated":true}]}}