{"id":49,"date":"2020-06-16T14:31:11","date_gmt":"2020-06-16T17:31:11","guid":{"rendered":"https:\/\/wp.ufpel.edu.br\/arteirosdocotidiano\/?page_id=49"},"modified":"2020-08-10T17:41:22","modified_gmt":"2020-08-10T20:41:22","slug":"2016-2","status":"publish","type":"page","link":"https:\/\/wp.ufpel.edu.br\/arteirosdocotidiano\/2016-2\/","title":{"rendered":"2016"},"content":{"rendered":"<p style=\"text-align: justify\">Tema: Imagem<\/p>\n<p>&#8220;Desde seu inicio, em 2010, foram privilegiadas tem\u00e1ticas de modo a fornecer tanto questionamentos te\u00f3ricos quanto a elabora\u00e7\u00e3o de pr\u00e1ticas que vinculem aprendizado e experimenta\u00e7\u00e3o, agregando-se valores \u00e0 forma\u00e7\u00e3o s\u00f3cio-escolar desses estudantes. A tem\u00e1tica IMAGEM, presente no cotidiano dos alunos, traz quest\u00f5es a serem trabalhadas em uma \u00e9poca na qual tudo gira em torno das imagens, abarcando nesse tema a est\u00e9tica, o corpo, a identidade, a internet e m\u00e1scaras, dentre outras quest\u00f5es trabalhadas e desenvolvidas atrav\u00e9s da arte\/educa\u00e7\u00e3o na edi\u00e7\u00e3o de 2016&#8221; (MACHADO, 2016).<\/p>\n<p>Bolsista Respons\u00e1vel: Lucas Machado<\/p>\n<p>&nbsp;<\/p>\n\n\t\t<style type=\"text\/css\">\n\t\t\t#gallery-1 {\n\t\t\t\tmargin: auto;\n\t\t\t}\n\t\t\t#gallery-1 .gallery-item {\n\t\t\t\tfloat: left;\n\t\t\t\tmargin-top: 10px;\n\t\t\t\ttext-align: center;\n\t\t\t\twidth: 20%;\n\t\t\t}\n\t\t\t#gallery-1 img {\n\t\t\t\tborder: 2px solid #cfcfcf;\n\t\t\t}\n\t\t\t#gallery-1 .gallery-caption {\n\t\t\t\tmargin-left: 0;\n\t\t\t}\n\t\t\t\/* see gallery_shortcode() in wp-includes\/media.php *\/\n\t\t<\/style>\n\t\t<div id='gallery-1' class='gallery galleryid-49 gallery-columns-5 gallery-size-thumbnail'><dl class='gallery-item'>\n\t\t\t<dt class='gallery-icon landscape'>\n\t\t\t\t<a href='https:\/\/wp.ufpel.edu.br\/arteirosdocotidiano\/files\/2020\/08\/DSCN0575-scaled.jpg'><img width=\"200\" height=\"200\" src=\"https:\/\/wp.ufpel.edu.br\/arteirosdocotidiano\/files\/2020\/08\/DSCN0575-200x200.jpg\" class=\"attachment-thumbnail size-thumbnail\" alt=\"\" \/><\/a>\n\t\t\t<\/dt><\/dl><dl class='gallery-item'>\n\t\t\t<dt class='gallery-icon landscape'>\n\t\t\t\t<a href='https:\/\/wp.ufpel.edu.br\/arteirosdocotidiano\/files\/2020\/08\/DSC_0033-scaled.jpg'><img width=\"200\" height=\"200\" src=\"https:\/\/wp.ufpel.edu.br\/arteirosdocotidiano\/files\/2020\/08\/DSC_0033-200x200.jpg\" class=\"attachment-thumbnail size-thumbnail\" alt=\"\" \/><\/a>\n\t\t\t<\/dt><\/dl><dl class='gallery-item'>\n\t\t\t<dt class='gallery-icon landscape'>\n\t\t\t\t<a href='https:\/\/wp.ufpel.edu.br\/arteirosdocotidiano\/files\/2020\/08\/DSC_0027-scaled.jpg'><img width=\"200\" height=\"200\" src=\"https:\/\/wp.ufpel.edu.br\/arteirosdocotidiano\/files\/2020\/08\/DSC_0027-200x200.jpg\" class=\"attachment-thumbnail size-thumbnail\" alt=\"\" \/><\/a>\n\t\t\t<\/dt><\/dl><dl class='gallery-item'>\n\t\t\t<dt class='gallery-icon landscape'>\n\t\t\t\t<a href='https:\/\/wp.ufpel.edu.br\/arteirosdocotidiano\/files\/2020\/08\/DSC_0028-scaled.jpg'><img width=\"200\" height=\"200\" src=\"https:\/\/wp.ufpel.edu.br\/arteirosdocotidiano\/files\/2020\/08\/DSC_0028-200x200.jpg\" class=\"attachment-thumbnail size-thumbnail\" alt=\"\" \/><\/a>\n\t\t\t<\/dt><\/dl><dl class='gallery-item'>\n\t\t\t<dt class='gallery-icon landscape'>\n\t\t\t\t<a href='https:\/\/wp.ufpel.edu.br\/arteirosdocotidiano\/files\/2020\/08\/DSC_0063-scaled.jpg'><img width=\"200\" height=\"200\" src=\"https:\/\/wp.ufpel.edu.br\/arteirosdocotidiano\/files\/2020\/08\/DSC_0063-200x200.jpg\" class=\"attachment-thumbnail size-thumbnail\" alt=\"\" \/><\/a>\n\t\t\t<\/dt><\/dl><br style=\"clear: both\" \/>\n\t\t<\/div>\n\n","protected":false},"excerpt":{"rendered":"<p>Tema: Imagem &#8220;Desde seu inicio, em 2010, foram privilegiadas tem\u00e1ticas de modo a fornecer tanto questionamentos te\u00f3ricos quanto a elabora\u00e7\u00e3o de pr\u00e1ticas que vinculem aprendizado e experimenta\u00e7\u00e3o, agregando-se valores \u00e0 forma\u00e7\u00e3o s\u00f3cio-escolar desses estudantes. A tem\u00e1tica IMAGEM, presente no cotidiano dos alunos, traz quest\u00f5es a serem trabalhadas em uma \u00e9poca na qual tudo gira em [&hellip;]<\/p>\n","protected":false},"author":1015,"featured_media":0,"parent":0,"menu_order":0,"comment_status":"closed","ping_status":"closed","template":"","meta":{"footnotes":""},"class_list":["post-49","page","type-page","status-publish","hentry"],"_links":{"self":[{"href":"https:\/\/wp.ufpel.edu.br\/arteirosdocotidiano\/wp-json\/wp\/v2\/pages\/49","targetHints":{"allow":["GET"]}}],"collection":[{"href":"https:\/\/wp.ufpel.edu.br\/arteirosdocotidiano\/wp-json\/wp\/v2\/pages"}],"about":[{"href":"https:\/\/wp.ufpel.edu.br\/arteirosdocotidiano\/wp-json\/wp\/v2\/types\/page"}],"author":[{"embeddable":true,"href":"https:\/\/wp.ufpel.edu.br\/arteirosdocotidiano\/wp-json\/wp\/v2\/users\/1015"}],"replies":[{"embeddable":true,"href":"https:\/\/wp.ufpel.edu.br\/arteirosdocotidiano\/wp-json\/wp\/v2\/comments?post=49"}],"version-history":[{"count":4,"href":"https:\/\/wp.ufpel.edu.br\/arteirosdocotidiano\/wp-json\/wp\/v2\/pages\/49\/revisions"}],"predecessor-version":[{"id":212,"href":"https:\/\/wp.ufpel.edu.br\/arteirosdocotidiano\/wp-json\/wp\/v2\/pages\/49\/revisions\/212"}],"wp:attachment":[{"href":"https:\/\/wp.ufpel.edu.br\/arteirosdocotidiano\/wp-json\/wp\/v2\/media?parent=49"}],"curies":[{"name":"wp","href":"https:\/\/api.w.org\/{rel}","templated":true}]}}

<p style="text-align: justify">Tema: Imagem</p>
<p>&#8220;Desde seu inicio, em 2010, foram privilegiadas temáticas de modo a fornecer tanto questionamentos teóricos quanto a elaboração de práticas que vinculem aprendizado e experimentação, agregando-se valores à formação sócio-escolar desses estudantes. A temática IMAGEM, presente no cotidiano dos alunos, traz questões a serem trabalhadas em uma época na qual tudo gira em torno das imagens, abarcando nesse tema a estética, o corpo, a identidade, a internet e máscaras, dentre outras questões trabalhadas e desenvolvidas através da arte/educação na edição de 2016&#8221; (MACHADO, 2016).</p>
<p>Bolsista Responsável: Lucas Machado</p>
<p>&nbsp;</p>

		<style type="text/css">
			#gallery-1 {
				margin: auto;
			}
			#gallery-1 .gallery-item {
				float: left;
				margin-top: 10px;
				text-align: center;
				width: 20%;
			}
			#gallery-1 img {
				border: 2px solid #cfcfcf;
			}
			#gallery-1 .gallery-caption {
				margin-left: 0;
			}
			/* see gallery_shortcode() in wp-includes/media.php */
		</style>
		<div id='gallery-1' class='gallery galleryid-49 gallery-columns-5 gallery-size-thumbnail'><dl class='gallery-item'>
			<dt class='gallery-icon landscape'>
				<a href='https://wp.ufpel.edu.br/arteirosdocotidiano/files/2020/08/DSCN0575-scaled.jpg'><img width="200" height="200" src="https://wp.ufpel.edu.br/arteirosdocotidiano/files/2020/08/DSCN0575-200x200.jpg" class="attachment-thumbnail size-thumbnail" alt="" /></a>
			</dt></dl><dl class='gallery-item'>
			<dt class='gallery-icon landscape'>
				<a href='https://wp.ufpel.edu.br/arteirosdocotidiano/files/2020/08/DSC_0033-scaled.jpg'><img width="200" height="200" src="https://wp.ufpel.edu.br/arteirosdocotidiano/files/2020/08/DSC_0033-200x200.jpg" class="attachment-thumbnail size-thumbnail" alt="" /></a>
			</dt></dl><dl class='gallery-item'>
			<dt class='gallery-icon landscape'>
				<a href='https://wp.ufpel.edu.br/arteirosdocotidiano/files/2020/08/DSC_0027-scaled.jpg'><img width="200" height="200" src="https://wp.ufpel.edu.br/arteirosdocotidiano/files/2020/08/DSC_0027-200x200.jpg" class="attachment-thumbnail size-thumbnail" alt="" /></a>
			</dt></dl><dl class='gallery-item'>
			<dt class='gallery-icon landscape'>
				<a href='https://wp.ufpel.edu.br/arteirosdocotidiano/files/2020/08/DSC_0028-scaled.jpg'><img width="200" height="200" src="https://wp.ufpel.edu.br/arteirosdocotidiano/files/2020/08/DSC_0028-200x200.jpg" class="attachment-thumbnail size-thumbnail" alt="" /></a>
			</dt></dl><dl class='gallery-item'>
			<dt class='gallery-icon landscape'>
				<a href='https://wp.ufpel.edu.br/arteirosdocotidiano/files/2020/08/DSC_0063-scaled.jpg'><img width="200" height="200" src="https://wp.ufpel.edu.br/arteirosdocotidiano/files/2020/08/DSC_0063-200x200.jpg" class="attachment-thumbnail size-thumbnail" alt="" /></a>
			</dt></dl><br style="clear: both" />
		</div>

<p>Tema: Imagem &#8220;Desde seu inicio, em 2010, foram privilegiadas temáticas de modo a fornecer tanto questionamentos teóricos quanto a elaboração de práticas que vinculem aprendizado e experimentação, agregando-se valores à formação sócio-escolar desses estudantes. A temática IMAGEM, presente no cotidiano dos alunos, traz questões a serem trabalhadas em uma época na qual tudo gira em [&hellip;]</p>
