{"id":42,"date":"2020-06-16T14:31:11","date_gmt":"2020-06-16T17:31:11","guid":{"rendered":"https:\/\/wp.ufpel.edu.br\/arteirosdocotidiano\/?page_id=42"},"modified":"2022-05-10T10:33:28","modified_gmt":"2022-05-10T13:33:28","slug":"edicoes","status":"publish","type":"page","link":"https:\/\/wp.ufpel.edu.br\/arteirosdocotidiano\/edicoes\/","title":{"rendered":"Sobre"},"content":{"rendered":"<p style=\"text-align: justify;\">O <strong>Arteiros do Cotidiano<\/strong>\u00a0\u00e9 um projeto de extens\u00e3o vinculado \u00e0s disciplinas de Artes Visuais na Educa\u00e7\u00e3o II e III, do curso de Artes Visuais \u2013 Modalidade Licenciatura, do Centro de Artes, que contemplam conte\u00fados voltados para as possibilidades metodol\u00f3gicas do ensino de Artes Visuais na Educa\u00e7\u00e3o B\u00e1sica.<\/p>\n<p style=\"text-align: justify;\">\u00a0Nesse sentido, \u00e9 de fundamental import\u00e2ncia o desenvolvimento de uma aprendizagem acad\u00eamica no contexto da participa\u00e7\u00e3o socialmente ativa, experimentando o mundo de forma significativa, e interpretando os fatos cotidianos articulados aos conte\u00fados disciplinares. Sendo assim, o referido projeto \u00e9 uma complementa\u00e7\u00e3o \u00e0s atividades presenciais das duas disciplinas, elaborado com o intuito de estimular a rela\u00e7\u00e3o dos acad\u00eamicos com a realidade escolar do munic\u00edpio de Pelotas, privilegiando processos (auto)formadores. Ele contempla a realiza\u00e7\u00e3o de atividades te\u00f3ricas e pr\u00e1ticas com estudantes da educa\u00e7\u00e3o b\u00e1sica, explorando diferentes linguagens art\u00edsticas, assim como: o desenho, a colagem, a pintura, a gravura, a fotografia e o v\u00eddeo, dentre outras, oportunizando \u00e0 comunidade escolar pelotense discuss\u00f5es po\u00e9ticas acerca das rela\u00e7\u00f5es do homem contempor\u00e2neo com o meio, e aos acad\u00eamicos, pr\u00e1ticas docentes em sintonia com a realidade escolar.<\/p>\n<p>\u00a0Tem como objetivo geral criar um espa\u00e7o de forma\u00e7\u00e3o te\u00f3rico\/pr\u00e1tica aos acad\u00eamicos, com vistas ao desenvolvimento de pr\u00e1ticas pedag\u00f3gicas fundamentadas no contato direto com a realidade, tamb\u00e9m motivando estudantes do ensino fundamental a expressarem e representarem ideias, conceitos, emo\u00e7\u00f5es e sensa\u00e7\u00f5es por meio de po\u00e9ticas individuais e coletivas. Tais a\u00e7\u00f5es desenvolvidas buscam ampliar as possibilidades de reflex\u00e3o e pr\u00e1tica do ensino das Artes Visuais. O projeto atua no sentido de atender demandas sociais. Enquanto os acad\u00eamicos conhecem as comunidades e as escolas, eles interferem e entendem melhor os meandros do funcionamento das institui\u00e7\u00f5es escolares, o que possibilita a constru\u00e7\u00e3o de um di\u00e1logo afinado com as necessidades comunit\u00e1rias.<\/p>\n<article><strong>EDI\u00c7\u00d5ES DO PROJETO<\/strong><\/article>\n<article>\n<article class=\"single_post_inside\">BOLSISTAS:<\/article>\n<article><a href=\"https:\/\/wp.ufpel.edu.br\/arteirosdocotidiano\/2010-2\/\">2010<\/a> &#8211; Silvia Escobar<\/article>\n<article><\/article>\n<article><\/article>\n<article><a href=\"https:\/\/wp.ufpel.edu.br\/arteirosdocotidiano\/2011-2\/\">2011<\/a> &#8211; Amanda Ribeiro Corr\u00eaa<\/article>\n<article><\/article>\n<article><\/article>\n<article><a href=\"https:\/\/wp.ufpel.edu.br\/arteirosdocotidiano\/2012-2\/\">2012<\/a> &#8211; Juliano Petitot<\/article>\n<article><\/article>\n<article><\/article>\n<article><a href=\"https:\/\/wp.ufpel.edu.br\/arteirosdocotidiano\/2013-2\/\">2013\/<\/a><a href=\"https:\/\/wp.ufpel.edu.br\/arteirosdocotidiano\/2014-2\/\">2014<\/a>\/<a href=\"https:\/\/wp.ufpel.edu.br\/arteirosdocotidiano\/2015-2\/\">2015<\/a>&#8211; Su\u00e9len Silva da Silveira.<\/article>\n<article><\/article>\n<article><\/article>\n<article><a href=\"https:\/\/wp.ufpel.edu.br\/arteirosdocotidiano\/2016-2\/\">2016<\/a> &#8211; Lucas Machado<\/article>\n<article><\/article>\n<article><\/article>\n<article><a href=\"https:\/\/wp.ufpel.edu.br\/arteirosdocotidiano\/2017-2\/\">2017\/<\/a><a href=\"https:\/\/wp.ufpel.edu.br\/arteirosdocotidiano\/2018-2\/\">2018<\/a>&#8211; Dhara Fernanda Nunes Carrara<\/article>\n<article><\/article>\n<article><\/article>\n<article>2019\/2020 &#8211; \u00cdtalo Franco Costa<\/article>\n<article><\/article>\n<article><\/article>\n<article>2021\/2022 -Ana Beatriz Reinoso Rosse<\/article>\n<\/article>\n","protected":false},"excerpt":{"rendered":"<p>O Arteiros do Cotidiano\u00a0\u00e9 um projeto de extens\u00e3o vinculado \u00e0s disciplinas de Artes Visuais na Educa\u00e7\u00e3o II e III, do curso de Artes Visuais \u2013 Modalidade Licenciatura, do Centro de Artes, que contemplam conte\u00fados voltados para as possibilidades metodol\u00f3gicas do ensino de Artes Visuais na Educa\u00e7\u00e3o B\u00e1sica. \u00a0Nesse sentido, \u00e9 de fundamental import\u00e2ncia o desenvolvimento [&hellip;]<\/p>\n","protected":false},"author":1015,"featured_media":0,"parent":0,"menu_order":0,"comment_status":"closed","ping_status":"closed","template":"","meta":{"footnotes":""},"class_list":["post-42","page","type-page","status-publish","hentry"],"_links":{"self":[{"href":"https:\/\/wp.ufpel.edu.br\/arteirosdocotidiano\/wp-json\/wp\/v2\/pages\/42","targetHints":{"allow":["GET"]}}],"collection":[{"href":"https:\/\/wp.ufpel.edu.br\/arteirosdocotidiano\/wp-json\/wp\/v2\/pages"}],"about":[{"href":"https:\/\/wp.ufpel.edu.br\/arteirosdocotidiano\/wp-json\/wp\/v2\/types\/page"}],"author":[{"embeddable":true,"href":"https:\/\/wp.ufpel.edu.br\/arteirosdocotidiano\/wp-json\/wp\/v2\/users\/1015"}],"replies":[{"embeddable":true,"href":"https:\/\/wp.ufpel.edu.br\/arteirosdocotidiano\/wp-json\/wp\/v2\/comments?post=42"}],"version-history":[{"count":8,"href":"https:\/\/wp.ufpel.edu.br\/arteirosdocotidiano\/wp-json\/wp\/v2\/pages\/42\/revisions"}],"predecessor-version":[{"id":382,"href":"https:\/\/wp.ufpel.edu.br\/arteirosdocotidiano\/wp-json\/wp\/v2\/pages\/42\/revisions\/382"}],"wp:attachment":[{"href":"https:\/\/wp.ufpel.edu.br\/arteirosdocotidiano\/wp-json\/wp\/v2\/media?parent=42"}],"curies":[{"name":"wp","href":"https:\/\/api.w.org\/{rel}","templated":true}]}}

<p style="text-align: justify;">O <strong>Arteiros do Cotidiano</strong> é um projeto de extensão vinculado às disciplinas de Artes Visuais na Educação II e III, do curso de Artes Visuais – Modalidade Licenciatura, do Centro de Artes, que contemplam conteúdos voltados para as possibilidades metodológicas do ensino de Artes Visuais na Educação Básica.</p>
<p style="text-align: justify;"> Nesse sentido, é de fundamental importância o desenvolvimento de uma aprendizagem acadêmica no contexto da participação socialmente ativa, experimentando o mundo de forma significativa, e interpretando os fatos cotidianos articulados aos conteúdos disciplinares. Sendo assim, o referido projeto é uma complementação às atividades presenciais das duas disciplinas, elaborado com o intuito de estimular a relação dos acadêmicos com a realidade escolar do município de Pelotas, privilegiando processos (auto)formadores. Ele contempla a realização de atividades teóricas e práticas com estudantes da educação básica, explorando diferentes linguagens artísticas, assim como: o desenho, a colagem, a pintura, a gravura, a fotografia e o vídeo, dentre outras, oportunizando à comunidade escolar pelotense discussões poéticas acerca das relações do homem contemporâneo com o meio, e aos acadêmicos, práticas docentes em sintonia com a realidade escolar.</p>
<p> Tem como objetivo geral criar um espaço de formação teórico/prática aos acadêmicos, com vistas ao desenvolvimento de práticas pedagógicas fundamentadas no contato direto com a realidade, também motivando estudantes do ensino fundamental a expressarem e representarem ideias, conceitos, emoções e sensações por meio de poéticas individuais e coletivas. Tais ações desenvolvidas buscam ampliar as possibilidades de reflexão e prática do ensino das Artes Visuais. O projeto atua no sentido de atender demandas sociais. Enquanto os acadêmicos conhecem as comunidades e as escolas, eles interferem e entendem melhor os meandros do funcionamento das instituições escolares, o que possibilita a construção de um diálogo afinado com as necessidades comunitárias.</p>
<article><strong>EDIÇÕES DO PROJETO</strong></article>
<article>
<article class="single_post_inside">BOLSISTAS:</article>
<article><a href="https://wp.ufpel.edu.br/arteirosdocotidiano/2010-2/">2010</a> &#8211; Silvia Escobar</article>
<article></article>
<article></article>
<article><a href="https://wp.ufpel.edu.br/arteirosdocotidiano/2011-2/">2011</a> &#8211; Amanda Ribeiro Corrêa</article>
<article></article>
<article></article>
<article><a href="https://wp.ufpel.edu.br/arteirosdocotidiano/2012-2/">2012</a> &#8211; Juliano Petitot</article>
<article></article>
<article></article>
<article><a href="https://wp.ufpel.edu.br/arteirosdocotidiano/2013-2/">2013/</a><a href="https://wp.ufpel.edu.br/arteirosdocotidiano/2014-2/">2014</a>/<a href="https://wp.ufpel.edu.br/arteirosdocotidiano/2015-2/">2015</a>&#8211; Suélen Silva da Silveira.</article>
<article></article>
<article></article>
<article><a href="https://wp.ufpel.edu.br/arteirosdocotidiano/2016-2/">2016</a> &#8211; Lucas Machado</article>
<article></article>
<article></article>
<article><a href="https://wp.ufpel.edu.br/arteirosdocotidiano/2017-2/">2017/</a><a href="https://wp.ufpel.edu.br/arteirosdocotidiano/2018-2/">2018</a>&#8211; Dhara Fernanda Nunes Carrara</article>
<article></article>
<article></article>
<article>2019/2020 &#8211; Ítalo Franco Costa</article>
<article></article>
<article></article>
<article>2021/2022 -Ana Beatriz Reinoso Rosse</article>
</article>

<p>O Arteiros do Cotidiano é um projeto de extensão vinculado às disciplinas de Artes Visuais na Educação II e III, do curso de Artes Visuais – Modalidade Licenciatura, do Centro de Artes, que contemplam conteúdos voltados para as possibilidades metodológicas do ensino de Artes Visuais na Educação Básica.  Nesse sentido, é de fundamental importância o desenvolvimento [&hellip;]</p>
