{"id":38,"date":"2020-06-16T14:31:11","date_gmt":"2020-06-16T17:31:11","guid":{"rendered":"https:\/\/wp.ufpel.edu.br\/arteirosdocotidiano\/?page_id=38"},"modified":"2022-05-10T13:52:43","modified_gmt":"2022-05-10T16:52:43","slug":"publicacoes","status":"publish","type":"page","link":"https:\/\/wp.ufpel.edu.br\/arteirosdocotidiano\/publicacoes\/","title":{"rendered":"Publica\u00e7\u00f5es"},"content":{"rendered":"<h2><a href=\"https:\/\/wp.ufpel.edu.br\/arteirosdocotidiano\/artigos\/\">Artigos<\/a><\/h2>\n<h2><a href=\"https:\/\/wp.ufpel.edu.br\/arteirosdocotidiano\/resumo-expandido\/\">Resumos Expandidos<\/a><\/h2>\n<h2><a href=\"https:\/\/wp.ufpel.edu.br\/arteirosdocotidiano\/colecao-arteiros\/\">COLE\u00c7\u00c3O ARTEIROS<\/a><\/h2>\n<h2><a href=\"https:\/\/wp.ufpel.edu.br\/arteirosdocotidiano\/entrevistas\/\">Entrevistas<\/a><\/h2>\n<h2><a href=\"https:\/\/wp.ufpel.edu.br\/arteirosdocotidiano\/planos-de-aula\/\">Planos de Aula<\/a><\/h2>\n<h2><a href=\"https:\/\/wp.ufpel.edu.br\/arteirosdocotidiano\/material-didatico\/\">Material Did\u00e1tico<\/a><\/h2>\n<h2><\/h2>\n<h2><\/h2>\n","protected":false},"excerpt":{"rendered":"<p>Artigos Resumos Expandidos COLE\u00c7\u00c3O ARTEIROS Entrevistas Planos de Aula Material Did\u00e1tico<\/p>\n","protected":false},"author":1015,"featured_media":0,"parent":0,"menu_order":0,"comment_status":"closed","ping_status":"closed","template":"","meta":{"footnotes":""},"class_list":["post-38","page","type-page","status-publish","hentry"],"_links":{"self":[{"href":"https:\/\/wp.ufpel.edu.br\/arteirosdocotidiano\/wp-json\/wp\/v2\/pages\/38","targetHints":{"allow":["GET"]}}],"collection":[{"href":"https:\/\/wp.ufpel.edu.br\/arteirosdocotidiano\/wp-json\/wp\/v2\/pages"}],"about":[{"href":"https:\/\/wp.ufpel.edu.br\/arteirosdocotidiano\/wp-json\/wp\/v2\/types\/page"}],"author":[{"embeddable":true,"href":"https:\/\/wp.ufpel.edu.br\/arteirosdocotidiano\/wp-json\/wp\/v2\/users\/1015"}],"replies":[{"embeddable":true,"href":"https:\/\/wp.ufpel.edu.br\/arteirosdocotidiano\/wp-json\/wp\/v2\/comments?post=38"}],"version-history":[{"count":9,"href":"https:\/\/wp.ufpel.edu.br\/arteirosdocotidiano\/wp-json\/wp\/v2\/pages\/38\/revisions"}],"predecessor-version":[{"id":390,"href":"https:\/\/wp.ufpel.edu.br\/arteirosdocotidiano\/wp-json\/wp\/v2\/pages\/38\/revisions\/390"}],"wp:attachment":[{"href":"https:\/\/wp.ufpel.edu.br\/arteirosdocotidiano\/wp-json\/wp\/v2\/media?parent=38"}],"curies":[{"name":"wp","href":"https:\/\/api.w.org\/{rel}","templated":true}]}}